{"id":6875,"date":"2026-04-28T12:11:25","date_gmt":"2026-04-28T10:11:25","guid":{"rendered":"https:\/\/www.crec.cat\/esdeveniment\/viaje-de-benchmark-a-francia-2\/"},"modified":"2026-04-28T12:11:25","modified_gmt":"2026-04-28T10:11:25","slug":"viaje-de-benchmark-a-francia-2","status":"publish","type":"tribe_events","link":"https:\/\/www.crec.cat\/es\/esdeveniment\/viaje-de-benchmark-a-francia-2\/","title":{"rendered":"Viaje de Benchmark a Francia"},"content":{"rendered":"<p data-start=\"0\" data-end=\"233\">El CREC, conjuntamente con ACCI\u00d3, organiza un viaje de Benchmark a Francia del 28 al 30 de septiembre de 2026 exclusivo para socios, con el objetivo de conocer iniciativas e innovaciones del pa\u00eds y establecer conexiones estrat\u00e9gicas.<\/p>\n<p data-start=\"235\" data-end=\"285\"><strong data-start=\"235\" data-end=\"257\">AGENDA PROVISIONAL<\/strong><br data-start=\"257\" data-end=\"260\" \/><em data-start=\"260\" data-end=\"285\">Sujeta a modificaciones<\/em><\/p>\n<p data-start=\"287\" data-end=\"313\"><strong data-start=\"287\" data-end=\"313\">LUNES 28 DE SEPTIEMBRE<\/strong><\/p>\n<p data-start=\"315\" data-end=\"565\">Encuentro institucional en las oficinas de ACCI\u00d3, donde profundizaremos en el sistema RAP junto con Ecomaison, Federec, CITEO, Valobat y Refashion.<br data-start=\"462\" data-end=\"465\" \/>Choose Paris Region<br data-start=\"484\" data-end=\"487\" \/>ORDIF<br data-start=\"492\" data-end=\"495\" \/>Soci\u00e9t\u00e9 du Gd Paris<br data-start=\"514\" data-end=\"517\" \/>Regi\u00f3n de \u00cele-de-France<br data-start=\"540\" data-end=\"543\" \/>Sesi\u00f3n de networking<\/p>\n<p data-start=\"567\" data-end=\"594\"><strong data-start=\"567\" data-end=\"594\">MARTES 29 DE SEPTIEMBRE<\/strong><\/p>\n<p data-start=\"596\" data-end=\"642\">Reuni\u00f3n con Team 2<br data-start=\"614\" data-end=\"617\" \/>Visita a Galloo Halluin<\/p>\n<p data-start=\"644\" data-end=\"674\"><strong data-start=\"644\" data-end=\"674\">MI\u00c9RCOLES 30 DE SEPTIEMBRE<\/strong><\/p>\n<p data-start=\"676\" data-end=\"731\">Visita a France Plastiques Recyclage (PAPREC) &#8211; Limay<\/p>\n<h3 data-start=\"733\" data-end=\"855\">Reserva tu plaza y no te quedes sin la oportunidad de compartir esta experiencia con nosotros.<\/h3>\n<p data-start=\"733\" data-end=\"855\" data-is-last-node=\"\" data-is-only-node=\"\"><br data-start=\"827\" data-end=\"830\" \/>Las plazas son limitadas.<\/p>\n","protected":false},"excerpt":{"rendered":"<p>Viaje de benchmark a Francia del Cl\u00faster de Residuos para conocer iniciativas e innovaciones del pa\u00eds y establecer conexiones estrat\u00e9gicas.<\/p>\n","protected":false},"author":2,"featured_media":6689,"template":"","meta":{"_acf_changed":false,"neve_meta_sidebar":"","neve_meta_container":"","neve_meta_enable_content_width":"","neve_meta_content_width":0,"neve_meta_title_alignment":"","neve_meta_author_avatar":"","neve_post_elements_order":"","neve_meta_disable_header":"","neve_meta_disable_footer":"","neve_meta_disable_title":"","_tribe_events_status":"","_tribe_events_status_reason":"","footnotes":""},"tags":[],"tribe_events_cat":[],"class_list":["post-6875","tribe_events","type-tribe_events","status-publish","has-post-thumbnail","hentry"],"acf":[],"yoast_head":"<!-- This site is optimized with the Yoast SEO plugin v27.2 - https:\/\/yoast.com\/product\/yoast-seo-wordpress\/ -->\n<title>Viaje de Benchmark a Francia | CREC<\/title>\n<meta name=\"robots\" content=\"index, follow, max-snippet:-1, max-image-preview:large, max-video-preview:-1\" \/>\n<link rel=\"canonical\" href=\"https:\/\/www.crec.cat\/esdeveniment\/viaje-de-benchmark-a-francia-2\/\" \/>\n<meta property=\"og:locale\" content=\"es_ES\" \/>\n<meta property=\"og:type\" content=\"article\" \/>\n<meta property=\"og:title\" content=\"Viaje de Benchmark a Francia | CREC\" \/>\n<meta property=\"og:description\" content=\"Viaje de benchmark a Francia del Cl\u00faster de Residuos para conocer iniciativas e innovaciones del pa\u00eds y establecer conexiones estrat\u00e9gicas.\" \/>\n<meta property=\"og:url\" content=\"https:\/\/www.crec.cat\/esdeveniment\/viaje-de-benchmark-a-francia-2\/\" \/>\n<meta property=\"og:site_name\" content=\"CREC\" \/>\n<meta property=\"og:image\" content=\"https:\/\/www.crec.cat\/wp-content\/uploads\/2024\/11\/CREC.jpg\" \/>\n\t<meta property=\"og:image:width\" content=\"1280\" \/>\n\t<meta property=\"og:image:height\" content=\"720\" \/>\n\t<meta property=\"og:image:type\" content=\"image\/jpeg\" \/>\n<meta name=\"twitter:card\" content=\"summary_large_image\" \/>\n<meta name=\"twitter:site\" content=\"@clusterresidus\" \/>\n<meta name=\"twitter:label1\" content=\"Tiempo de lectura\" \/>\n\t<meta name=\"twitter:data1\" content=\"1 minuto\" \/>\n<script type=\"application\/ld+json\" class=\"yoast-schema-graph\">{\"@context\":\"https:\/\/schema.org\",\"@graph\":[{\"@type\":\"WebPage\",\"@id\":\"https:\/\/www.crec.cat\/esdeveniment\/viaje-de-benchmark-a-francia-2\/\",\"url\":\"https:\/\/www.crec.cat\/esdeveniment\/viaje-de-benchmark-a-francia-2\/\",\"name\":\"Viaje de Benchmark a Francia | CREC\",\"isPartOf\":{\"@id\":\"https:\/\/www.crec.cat\/#website\"},\"primaryImageOfPage\":{\"@id\":\"https:\/\/www.crec.cat\/esdeveniment\/viaje-de-benchmark-a-francia-2\/#primaryimage\"},\"image\":{\"@id\":\"https:\/\/www.crec.cat\/esdeveniment\/viaje-de-benchmark-a-francia-2\/#primaryimage\"},\"thumbnailUrl\":\"https:\/\/www.crec.cat\/wp-content\/uploads\/2026\/03\/Imagen-destacada-Entrada-de-Wordpress-27.png\",\"datePublished\":\"2026-04-28T10:11:25+00:00\",\"breadcrumb\":{\"@id\":\"https:\/\/www.crec.cat\/esdeveniment\/viaje-de-benchmark-a-francia-2\/#breadcrumb\"},\"inLanguage\":\"es\",\"potentialAction\":[{\"@type\":\"ReadAction\",\"target\":[\"https:\/\/www.crec.cat\/esdeveniment\/viaje-de-benchmark-a-francia-2\/\"]}]},{\"@type\":\"ImageObject\",\"inLanguage\":\"es\",\"@id\":\"https:\/\/www.crec.cat\/esdeveniment\/viaje-de-benchmark-a-francia-2\/#primaryimage\",\"url\":\"https:\/\/www.crec.cat\/wp-content\/uploads\/2026\/03\/Imagen-destacada-Entrada-de-Wordpress-27.png\",\"contentUrl\":\"https:\/\/www.crec.cat\/wp-content\/uploads\/2026\/03\/Imagen-destacada-Entrada-de-Wordpress-27.png\",\"width\":1200,\"height\":1200},{\"@type\":\"BreadcrumbList\",\"@id\":\"https:\/\/www.crec.cat\/esdeveniment\/viaje-de-benchmark-a-francia-2\/#breadcrumb\",\"itemListElement\":[{\"@type\":\"ListItem\",\"position\":1,\"name\":\"Inici\",\"item\":\"https:\/\/www.crec.cat\/es\/\"},{\"@type\":\"ListItem\",\"position\":2,\"name\":\"Events\",\"item\":\"https:\/\/www.crec.cat\/en\/esdeveniments\/\"},{\"@type\":\"ListItem\",\"position\":3,\"name\":\"Viaje de Benchmark a Francia\"}]},{\"@type\":\"WebSite\",\"@id\":\"https:\/\/www.crec.cat\/#website\",\"url\":\"https:\/\/www.crec.cat\/\",\"name\":\"CREC\",\"description\":\"Impulsem la competitivitat del sector de residus i l&#039;economia circular de Catalunya\",\"publisher\":{\"@id\":\"https:\/\/www.crec.cat\/#organization\"},\"alternateName\":\"Cl\u00faster de Residus de Catalunya\",\"potentialAction\":[{\"@type\":\"SearchAction\",\"target\":{\"@type\":\"EntryPoint\",\"urlTemplate\":\"https:\/\/www.crec.cat\/?s={search_term_string}\"},\"query-input\":{\"@type\":\"PropertyValueSpecification\",\"valueRequired\":true,\"valueName\":\"search_term_string\"}}],\"inLanguage\":\"es\"},{\"@type\":\"Organization\",\"@id\":\"https:\/\/www.crec.cat\/#organization\",\"name\":\"CREC\",\"alternateName\":\"CREC\",\"url\":\"https:\/\/www.crec.cat\/\",\"logo\":{\"@type\":\"ImageObject\",\"inLanguage\":\"es\",\"@id\":\"https:\/\/www.crec.cat\/#\/schema\/logo\/image\/\",\"url\":\"https:\/\/www.crec.cat\/wp-content\/uploads\/2021\/04\/Favicon-CREC.png\",\"contentUrl\":\"https:\/\/www.crec.cat\/wp-content\/uploads\/2021\/04\/Favicon-CREC.png\",\"width\":2134,\"height\":2134,\"caption\":\"CREC\"},\"image\":{\"@id\":\"https:\/\/www.crec.cat\/#\/schema\/logo\/image\/\"},\"sameAs\":[\"https:\/\/x.com\/clusterresidus\",\"https:\/\/www.linkedin.com\/company\/cluster-de-residus-de-catalunya\/\"]}]}<\/script>\n<!-- \/ Yoast SEO plugin. -->","yoast_head_json":{"title":"Viaje de Benchmark a Francia | CREC","robots":{"index":"index","follow":"follow","max-snippet":"max-snippet:-1","max-image-preview":"max-image-preview:large","max-video-preview":"max-video-preview:-1"},"canonical":"https:\/\/www.crec.cat\/esdeveniment\/viaje-de-benchmark-a-francia-2\/","og_locale":"es_ES","og_type":"article","og_title":"Viaje de Benchmark a Francia | CREC","og_description":"Viaje de benchmark a Francia del Cl\u00faster de Residuos para conocer iniciativas e innovaciones del pa\u00eds y establecer conexiones estrat\u00e9gicas.","og_url":"https:\/\/www.crec.cat\/esdeveniment\/viaje-de-benchmark-a-francia-2\/","og_site_name":"CREC","og_image":[{"width":1280,"height":720,"url":"https:\/\/www.crec.cat\/wp-content\/uploads\/2024\/11\/CREC.jpg","type":"image\/jpeg"}],"twitter_card":"summary_large_image","twitter_site":"@clusterresidus","twitter_misc":{"Tiempo de lectura":"1 minuto"},"schema":{"@context":"https:\/\/schema.org","@graph":[{"@type":"WebPage","@id":"https:\/\/www.crec.cat\/esdeveniment\/viaje-de-benchmark-a-francia-2\/","url":"https:\/\/www.crec.cat\/esdeveniment\/viaje-de-benchmark-a-francia-2\/","name":"Viaje de Benchmark a Francia | CREC","isPartOf":{"@id":"https:\/\/www.crec.cat\/#website"},"primaryImageOfPage":{"@id":"https:\/\/www.crec.cat\/esdeveniment\/viaje-de-benchmark-a-francia-2\/#primaryimage"},"image":{"@id":"https:\/\/www.crec.cat\/esdeveniment\/viaje-de-benchmark-a-francia-2\/#primaryimage"},"thumbnailUrl":"https:\/\/www.crec.cat\/wp-content\/uploads\/2026\/03\/Imagen-destacada-Entrada-de-Wordpress-27.png","datePublished":"2026-04-28T10:11:25+00:00","breadcrumb":{"@id":"https:\/\/www.crec.cat\/esdeveniment\/viaje-de-benchmark-a-francia-2\/#breadcrumb"},"inLanguage":"es","potentialAction":[{"@type":"ReadAction","target":["https:\/\/www.crec.cat\/esdeveniment\/viaje-de-benchmark-a-francia-2\/"]}]},{"@type":"ImageObject","inLanguage":"es","@id":"https:\/\/www.crec.cat\/esdeveniment\/viaje-de-benchmark-a-francia-2\/#primaryimage","url":"https:\/\/www.crec.cat\/wp-content\/uploads\/2026\/03\/Imagen-destacada-Entrada-de-Wordpress-27.png","contentUrl":"https:\/\/www.crec.cat\/wp-content\/uploads\/2026\/03\/Imagen-destacada-Entrada-de-Wordpress-27.png","width":1200,"height":1200},{"@type":"BreadcrumbList","@id":"https:\/\/www.crec.cat\/esdeveniment\/viaje-de-benchmark-a-francia-2\/#breadcrumb","itemListElement":[{"@type":"ListItem","position":1,"name":"Inici","item":"https:\/\/www.crec.cat\/es\/"},{"@type":"ListItem","position":2,"name":"Events","item":"https:\/\/www.crec.cat\/en\/esdeveniments\/"},{"@type":"ListItem","position":3,"name":"Viaje de Benchmark a Francia"}]},{"@type":"WebSite","@id":"https:\/\/www.crec.cat\/#website","url":"https:\/\/www.crec.cat\/","name":"CREC","description":"Impulsem la competitivitat del sector de residus i l&#039;economia circular de Catalunya","publisher":{"@id":"https:\/\/www.crec.cat\/#organization"},"alternateName":"Cl\u00faster de Residus de Catalunya","potentialAction":[{"@type":"SearchAction","target":{"@type":"EntryPoint","urlTemplate":"https:\/\/www.crec.cat\/?s={search_term_string}"},"query-input":{"@type":"PropertyValueSpecification","valueRequired":true,"valueName":"search_term_string"}}],"inLanguage":"es"},{"@type":"Organization","@id":"https:\/\/www.crec.cat\/#organization","name":"CREC","alternateName":"CREC","url":"https:\/\/www.crec.cat\/","logo":{"@type":"ImageObject","inLanguage":"es","@id":"https:\/\/www.crec.cat\/#\/schema\/logo\/image\/","url":"https:\/\/www.crec.cat\/wp-content\/uploads\/2021\/04\/Favicon-CREC.png","contentUrl":"https:\/\/www.crec.cat\/wp-content\/uploads\/2021\/04\/Favicon-CREC.png","width":2134,"height":2134,"caption":"CREC"},"image":{"@id":"https:\/\/www.crec.cat\/#\/schema\/logo\/image\/"},"sameAs":["https:\/\/x.com\/clusterresidus","https:\/\/www.linkedin.com\/company\/cluster-de-residus-de-catalunya\/"]}]}},"_links":{"self":[{"href":"https:\/\/www.crec.cat\/es\/wp-json\/wp\/v2\/tribe_events\/6875","targetHints":{"allow":["GET"]}}],"collection":[{"href":"https:\/\/www.crec.cat\/es\/wp-json\/wp\/v2\/tribe_events"}],"about":[{"href":"https:\/\/www.crec.cat\/es\/wp-json\/wp\/v2\/types\/tribe_events"}],"author":[{"embeddable":true,"href":"https:\/\/www.crec.cat\/es\/wp-json\/wp\/v2\/users\/2"}],"version-history":[{"count":0,"href":"https:\/\/www.crec.cat\/es\/wp-json\/wp\/v2\/tribe_events\/6875\/revisions"}],"wp:featuredmedia":[{"embeddable":true,"href":"https:\/\/www.crec.cat\/es\/wp-json\/wp\/v2\/media\/6689"}],"wp:attachment":[{"href":"https:\/\/www.crec.cat\/es\/wp-json\/wp\/v2\/media?parent=6875"}],"wp:term":[{"taxonomy":"post_tag","embeddable":true,"href":"https:\/\/www.crec.cat\/es\/wp-json\/wp\/v2\/tags?post=6875"},{"taxonomy":"tribe_events_cat","embeddable":true,"href":"https:\/\/www.crec.cat\/es\/wp-json\/wp\/v2\/tribe_events_cat?post=6875"}],"curies":[{"name":"wp","href":"https:\/\/api.w.org\/{rel}","templated":true}]}}

<p data-start="0" data-end="233">El CREC, conjuntamente con ACCIÓ, organiza un viaje de Benchmark a Francia del 28 al 30 de septiembre de 2026 exclusivo para socios, con el objetivo de conocer iniciativas e innovaciones del país y establecer conexiones estratégicas.</p>
<p data-start="235" data-end="285"><strong data-start="235" data-end="257">AGENDA PROVISIONAL</strong><br data-start="257" data-end="260" /><em data-start="260" data-end="285">Sujeta a modificaciones</em></p>
<p data-start="287" data-end="313"><strong data-start="287" data-end="313">LUNES 28 DE SEPTIEMBRE</strong></p>
<p data-start="315" data-end="565">Encuentro institucional en las oficinas de ACCIÓ, donde profundizaremos en el sistema RAP junto con Ecomaison, Federec, CITEO, Valobat y Refashion.<br data-start="462" data-end="465" />Choose Paris Region<br data-start="484" data-end="487" />ORDIF<br data-start="492" data-end="495" />Société du Gd Paris<br data-start="514" data-end="517" />Región de Île-de-France<br data-start="540" data-end="543" />Sesión de networking</p>
<p data-start="567" data-end="594"><strong data-start="567" data-end="594">MARTES 29 DE SEPTIEMBRE</strong></p>
<p data-start="596" data-end="642">Reunión con Team 2<br data-start="614" data-end="617" />Visita a Galloo Halluin</p>
<p data-start="644" data-end="674"><strong data-start="644" data-end="674">MIÉRCOLES 30 DE SEPTIEMBRE</strong></p>
<p data-start="676" data-end="731">Visita a France Plastiques Recyclage (PAPREC) &#8211; Limay</p>
<h3 data-start="733" data-end="855">Reserva tu plaza y no te quedes sin la oportunidad de compartir esta experiencia con nosotros.</h3>
<p data-start="733" data-end="855" data-is-last-node="" data-is-only-node=""><br data-start="827" data-end="830" />Las plazas son limitadas.</p>

<p>Viaje de benchmark a Francia del Clúster de Residuos para conocer iniciativas e innovaciones del país y establecer conexiones estratégicas.</p>

<!-- This site is optimized with the Yoast SEO plugin v27.2 - https://yoast.com/product/yoast-seo-wordpress/ -->
<title>Viaje de Benchmark a Francia | CREC</title>
<meta name="robots" content="index, follow, max-snippet:-1, max-image-preview:large, max-video-preview:-1" />
<link rel="canonical" href="https://www.crec.cat/esdeveniment/viaje-de-benchmark-a-francia-2/" />
<meta property="og:locale" content="es_ES" />
<meta property="og:type" content="article" />
<meta property="og:title" content="Viaje de Benchmark a Francia | CREC" />
<meta property="og:description" content="Viaje de benchmark a Francia del Clúster de Residuos para conocer iniciativas e innovaciones del país y establecer conexiones estratégicas." />
<meta property="og:url" content="https://www.crec.cat/esdeveniment/viaje-de-benchmark-a-francia-2/" />
<meta property="og:site_name" content="CREC" />
<meta property="og:image" content="https://www.crec.cat/wp-content/uploads/2024/11/CREC.jpg" />
	<meta property="og:image:width" content="1280" />
	<meta property="og:image:height" content="720" />
	<meta property="og:image:type" content="image/jpeg" />
<meta name="twitter:card" content="summary_large_image" />
<meta name="twitter:site" content="@clusterresidus" />
<meta name="twitter:label1" content="Tiempo de lectura" />
	<meta name="twitter:data1" content="1 minuto" />
<script type="application/ld+json" class="yoast-schema-graph">{"@context":"https://schema.org","@graph":[{"@type":"WebPage","@id":"https://www.crec.cat/esdeveniment/viaje-de-benchmark-a-francia-2/","url":"https://www.crec.cat/esdeveniment/viaje-de-benchmark-a-francia-2/","name":"Viaje de Benchmark a Francia | CREC","isPartOf":{"@id":"https://www.crec.cat/#website"},"primaryImageOfPage":{"@id":"https://www.crec.cat/esdeveniment/viaje-de-benchmark-a-francia-2/#primaryimage"},"image":{"@id":"https://www.crec.cat/esdeveniment/viaje-de-benchmark-a-francia-2/#primaryimage"},"thumbnailUrl":"https://www.crec.cat/wp-content/uploads/2026/03/Imagen-destacada-Entrada-de-Wordpress-27.png","datePublished":"2026-04-28T10:11:25+00:00","breadcrumb":{"@id":"https://www.crec.cat/esdeveniment/viaje-de-benchmark-a-francia-2/#breadcrumb"},"inLanguage":"es","potentialAction":[{"@type":"ReadAction","target":["https://www.crec.cat/esdeveniment/viaje-de-benchmark-a-francia-2/"]}]},{"@type":"ImageObject","inLanguage":"es","@id":"https://www.crec.cat/esdeveniment/viaje-de-benchmark-a-francia-2/#primaryimage","url":"https://www.crec.cat/wp-content/uploads/2026/03/Imagen-destacada-Entrada-de-Wordpress-27.png","contentUrl":"https://www.crec.cat/wp-content/uploads/2026/03/Imagen-destacada-Entrada-de-Wordpress-27.png","width":1200,"height":1200},{"@type":"BreadcrumbList","@id":"https://www.crec.cat/esdeveniment/viaje-de-benchmark-a-francia-2/#breadcrumb","itemListElement":[{"@type":"ListItem","position":1,"name":"Inici","item":"https://www.crec.cat/es/"},{"@type":"ListItem","position":2,"name":"Events","item":"https://www.crec.cat/en/esdeveniments/"},{"@type":"ListItem","position":3,"name":"Viaje de Benchmark a Francia"}]},{"@type":"WebSite","@id":"https://www.crec.cat/#website","url":"https://www.crec.cat/","name":"CREC","description":"Impulsem la competitivitat del sector de residus i l&#039;economia circular de Catalunya","publisher":{"@id":"https://www.crec.cat/#organization"},"alternateName":"Clúster de Residus de Catalunya","potentialAction":[{"@type":"SearchAction","target":{"@type":"EntryPoint","urlTemplate":"https://www.crec.cat/?s={search_term_string}"},"query-input":{"@type":"PropertyValueSpecification","valueRequired":true,"valueName":"search_term_string"}}],"inLanguage":"es"},{"@type":"Organization","@id":"https://www.crec.cat/#organization","name":"CREC","alternateName":"CREC","url":"https://www.crec.cat/","logo":{"@type":"ImageObject","inLanguage":"es","@id":"https://www.crec.cat/#/schema/logo/image/","url":"https://www.crec.cat/wp-content/uploads/2021/04/Favicon-CREC.png","contentUrl":"https://www.crec.cat/wp-content/uploads/2021/04/Favicon-CREC.png","width":2134,"height":2134,"caption":"CREC"},"image":{"@id":"https://www.crec.cat/#/schema/logo/image/"},"sameAs":["https://x.com/clusterresidus","https://www.linkedin.com/company/cluster-de-residus-de-catalunya/"]}]}</script>
<!-- / Yoast SEO plugin. -->

Viaje de benchmark a Francia del Clúster de Residuos para conocer iniciativas e innovaciones del país y establecer conexiones estratégicas.

Clúster de Residus de Catalunya
