{"id":6831,"date":"2026-04-14T13:22:24","date_gmt":"2026-04-14T11:22:24","guid":{"rendered":"https:\/\/www.crec.cat\/esdeveniment\/grupo-de-trabajo-construccion-circular-2\/"},"modified":"2026-04-14T13:22:24","modified_gmt":"2026-04-14T11:22:24","slug":"grupo-de-trabajo-construccion-circular-2","status":"publish","type":"tribe_events","link":"https:\/\/www.crec.cat\/es\/esdeveniment\/grupo-de-trabajo-construccion-circular-2\/","title":{"rendered":"Grupo de Trabajo: Construcci\u00f3n Circular"},"content":{"rendered":"<p>Nos volvemos a reunir para seguir trabajando los ejes que planteamos durante la primera sesi\u00f3n y as\u00ed abordar los diversos retos de la Construcci\u00f3n Circular. Compartiremos los resultados y la recopilaci\u00f3n de ideas que surgieron de la din\u00e1mica realizada.<\/p>\n<p><strong>Temas a tratar durante la sesi\u00f3n:<\/strong><\/p>\n<ul>\n<li>Jornada sobre Reutilizaci\u00f3n en la construcci\u00f3n organizada por la ARC<\/li>\n<li>Presentaci\u00f3n de resultados de la din\u00e1mica de la sesi\u00f3n 1 del grupo de trabajo<\/li>\n<li>Presentaci\u00f3n de l\u00edneas de ayudas<\/li>\n<li>Priorizaci\u00f3n de oportunidades<\/li>\n<li>Otras propuestas<\/li>\n<\/ul>\n<p>\ud83d\udcc6 13\/05 de 12h a 14h<br \/>\n\ud83d\udccd Online<\/p>\n<p><em>Actividad exclusiva para socios del CREC.<\/em><\/p>\n<p>\u00bfTe interesa formar parte del Grupo de Trabajo de Construcci\u00f3n Circular del CREC y participar en estos encuentros? \u00a1Es un buen momento! Escr\u00edbenos a <a href=\"mailto:info@crec.cat\">info@crec.cat<\/a> y nos pondremos en contacto contigo.<\/p>\n","protected":false},"excerpt":{"rendered":"<p>\u00bfTe interesa formar parte del Grupo de Trabajo de Construcci\u00f3n Circular del CREC? \u00a1Es un buen momento!<\/p>\n","protected":false},"author":2,"featured_media":6498,"template":"","meta":{"_acf_changed":false,"neve_meta_sidebar":"","neve_meta_container":"","neve_meta_enable_content_width":"","neve_meta_content_width":0,"neve_meta_title_alignment":"","neve_meta_author_avatar":"","neve_post_elements_order":"","neve_meta_disable_header":"","neve_meta_disable_footer":"","neve_meta_disable_title":"","_tribe_events_status":"","_tribe_events_status_reason":"","footnotes":""},"tags":[],"tribe_events_cat":[],"class_list":["post-6831","tribe_events","type-tribe_events","status-publish","has-post-thumbnail","hentry"],"acf":[],"yoast_head":"<!-- This site is optimized with the Yoast SEO plugin v27.2 - https:\/\/yoast.com\/product\/yoast-seo-wordpress\/ -->\n<title>Grupo de Trabajo: Construcci\u00f3n Circular | CREC<\/title>\n<meta name=\"robots\" content=\"index, follow, max-snippet:-1, max-image-preview:large, max-video-preview:-1\" \/>\n<link rel=\"canonical\" href=\"https:\/\/www.crec.cat\/esdeveniment\/grupo-de-trabajo-construccion-circular-2\/\" \/>\n<meta property=\"og:locale\" content=\"es_ES\" \/>\n<meta property=\"og:type\" content=\"article\" \/>\n<meta property=\"og:title\" content=\"Grupo de Trabajo: Construcci\u00f3n Circular | CREC\" \/>\n<meta property=\"og:description\" content=\"\u00bfTe interesa formar parte del Grupo de Trabajo de Construcci\u00f3n Circular del CREC? \u00a1Es un buen momento!\" \/>\n<meta property=\"og:url\" content=\"https:\/\/www.crec.cat\/esdeveniment\/grupo-de-trabajo-construccion-circular-2\/\" \/>\n<meta property=\"og:site_name\" content=\"CREC\" \/>\n<meta property=\"og:image\" content=\"https:\/\/www.crec.cat\/wp-content\/uploads\/2024\/11\/CREC.jpg\" \/>\n\t<meta property=\"og:image:width\" content=\"1280\" \/>\n\t<meta property=\"og:image:height\" content=\"720\" \/>\n\t<meta property=\"og:image:type\" content=\"image\/jpeg\" \/>\n<meta name=\"twitter:card\" content=\"summary_large_image\" \/>\n<meta name=\"twitter:site\" content=\"@clusterresidus\" \/>\n<meta name=\"twitter:label1\" content=\"Tiempo de lectura\" \/>\n\t<meta name=\"twitter:data1\" content=\"1 minuto\" \/>\n<script type=\"application\/ld+json\" class=\"yoast-schema-graph\">{\"@context\":\"https:\/\/schema.org\",\"@graph\":[{\"@type\":\"WebPage\",\"@id\":\"https:\/\/www.crec.cat\/esdeveniment\/grupo-de-trabajo-construccion-circular-2\/\",\"url\":\"https:\/\/www.crec.cat\/esdeveniment\/grupo-de-trabajo-construccion-circular-2\/\",\"name\":\"Grupo de Trabajo: Construcci\u00f3n Circular | CREC\",\"isPartOf\":{\"@id\":\"https:\/\/www.crec.cat\/#website\"},\"primaryImageOfPage\":{\"@id\":\"https:\/\/www.crec.cat\/esdeveniment\/grupo-de-trabajo-construccion-circular-2\/#primaryimage\"},\"image\":{\"@id\":\"https:\/\/www.crec.cat\/esdeveniment\/grupo-de-trabajo-construccion-circular-2\/#primaryimage\"},\"thumbnailUrl\":\"https:\/\/www.crec.cat\/wp-content\/uploads\/2026\/02\/GT-construccio-circular-1.png\",\"datePublished\":\"2026-04-14T11:22:24+00:00\",\"breadcrumb\":{\"@id\":\"https:\/\/www.crec.cat\/esdeveniment\/grupo-de-trabajo-construccion-circular-2\/#breadcrumb\"},\"inLanguage\":\"es\",\"potentialAction\":[{\"@type\":\"ReadAction\",\"target\":[\"https:\/\/www.crec.cat\/esdeveniment\/grupo-de-trabajo-construccion-circular-2\/\"]}]},{\"@type\":\"ImageObject\",\"inLanguage\":\"es\",\"@id\":\"https:\/\/www.crec.cat\/esdeveniment\/grupo-de-trabajo-construccion-circular-2\/#primaryimage\",\"url\":\"https:\/\/www.crec.cat\/wp-content\/uploads\/2026\/02\/GT-construccio-circular-1.png\",\"contentUrl\":\"https:\/\/www.crec.cat\/wp-content\/uploads\/2026\/02\/GT-construccio-circular-1.png\",\"width\":1200,\"height\":1200},{\"@type\":\"BreadcrumbList\",\"@id\":\"https:\/\/www.crec.cat\/esdeveniment\/grupo-de-trabajo-construccion-circular-2\/#breadcrumb\",\"itemListElement\":[{\"@type\":\"ListItem\",\"position\":1,\"name\":\"Inici\",\"item\":\"https:\/\/www.crec.cat\/es\/\"},{\"@type\":\"ListItem\",\"position\":2,\"name\":\"Events\",\"item\":\"https:\/\/www.crec.cat\/en\/esdeveniments\/\"},{\"@type\":\"ListItem\",\"position\":3,\"name\":\"Grupo de Trabajo: Construcci\u00f3n Circular\"}]},{\"@type\":\"WebSite\",\"@id\":\"https:\/\/www.crec.cat\/#website\",\"url\":\"https:\/\/www.crec.cat\/\",\"name\":\"CREC\",\"description\":\"Impulsem la competitivitat del sector de residus i l&#039;economia circular de Catalunya\",\"publisher\":{\"@id\":\"https:\/\/www.crec.cat\/#organization\"},\"alternateName\":\"Cl\u00faster de Residus de Catalunya\",\"potentialAction\":[{\"@type\":\"SearchAction\",\"target\":{\"@type\":\"EntryPoint\",\"urlTemplate\":\"https:\/\/www.crec.cat\/?s={search_term_string}\"},\"query-input\":{\"@type\":\"PropertyValueSpecification\",\"valueRequired\":true,\"valueName\":\"search_term_string\"}}],\"inLanguage\":\"es\"},{\"@type\":\"Organization\",\"@id\":\"https:\/\/www.crec.cat\/#organization\",\"name\":\"CREC\",\"alternateName\":\"CREC\",\"url\":\"https:\/\/www.crec.cat\/\",\"logo\":{\"@type\":\"ImageObject\",\"inLanguage\":\"es\",\"@id\":\"https:\/\/www.crec.cat\/#\/schema\/logo\/image\/\",\"url\":\"https:\/\/www.crec.cat\/wp-content\/uploads\/2021\/04\/Favicon-CREC.png\",\"contentUrl\":\"https:\/\/www.crec.cat\/wp-content\/uploads\/2021\/04\/Favicon-CREC.png\",\"width\":2134,\"height\":2134,\"caption\":\"CREC\"},\"image\":{\"@id\":\"https:\/\/www.crec.cat\/#\/schema\/logo\/image\/\"},\"sameAs\":[\"https:\/\/x.com\/clusterresidus\",\"https:\/\/www.linkedin.com\/company\/cluster-de-residus-de-catalunya\/\"]}]}<\/script>\n<!-- \/ Yoast SEO plugin. -->","yoast_head_json":{"title":"Grupo de Trabajo: Construcci\u00f3n Circular | CREC","robots":{"index":"index","follow":"follow","max-snippet":"max-snippet:-1","max-image-preview":"max-image-preview:large","max-video-preview":"max-video-preview:-1"},"canonical":"https:\/\/www.crec.cat\/esdeveniment\/grupo-de-trabajo-construccion-circular-2\/","og_locale":"es_ES","og_type":"article","og_title":"Grupo de Trabajo: Construcci\u00f3n Circular | CREC","og_description":"\u00bfTe interesa formar parte del Grupo de Trabajo de Construcci\u00f3n Circular del CREC? \u00a1Es un buen momento!","og_url":"https:\/\/www.crec.cat\/esdeveniment\/grupo-de-trabajo-construccion-circular-2\/","og_site_name":"CREC","og_image":[{"width":1280,"height":720,"url":"https:\/\/www.crec.cat\/wp-content\/uploads\/2024\/11\/CREC.jpg","type":"image\/jpeg"}],"twitter_card":"summary_large_image","twitter_site":"@clusterresidus","twitter_misc":{"Tiempo de lectura":"1 minuto"},"schema":{"@context":"https:\/\/schema.org","@graph":[{"@type":"WebPage","@id":"https:\/\/www.crec.cat\/esdeveniment\/grupo-de-trabajo-construccion-circular-2\/","url":"https:\/\/www.crec.cat\/esdeveniment\/grupo-de-trabajo-construccion-circular-2\/","name":"Grupo de Trabajo: Construcci\u00f3n Circular | CREC","isPartOf":{"@id":"https:\/\/www.crec.cat\/#website"},"primaryImageOfPage":{"@id":"https:\/\/www.crec.cat\/esdeveniment\/grupo-de-trabajo-construccion-circular-2\/#primaryimage"},"image":{"@id":"https:\/\/www.crec.cat\/esdeveniment\/grupo-de-trabajo-construccion-circular-2\/#primaryimage"},"thumbnailUrl":"https:\/\/www.crec.cat\/wp-content\/uploads\/2026\/02\/GT-construccio-circular-1.png","datePublished":"2026-04-14T11:22:24+00:00","breadcrumb":{"@id":"https:\/\/www.crec.cat\/esdeveniment\/grupo-de-trabajo-construccion-circular-2\/#breadcrumb"},"inLanguage":"es","potentialAction":[{"@type":"ReadAction","target":["https:\/\/www.crec.cat\/esdeveniment\/grupo-de-trabajo-construccion-circular-2\/"]}]},{"@type":"ImageObject","inLanguage":"es","@id":"https:\/\/www.crec.cat\/esdeveniment\/grupo-de-trabajo-construccion-circular-2\/#primaryimage","url":"https:\/\/www.crec.cat\/wp-content\/uploads\/2026\/02\/GT-construccio-circular-1.png","contentUrl":"https:\/\/www.crec.cat\/wp-content\/uploads\/2026\/02\/GT-construccio-circular-1.png","width":1200,"height":1200},{"@type":"BreadcrumbList","@id":"https:\/\/www.crec.cat\/esdeveniment\/grupo-de-trabajo-construccion-circular-2\/#breadcrumb","itemListElement":[{"@type":"ListItem","position":1,"name":"Inici","item":"https:\/\/www.crec.cat\/es\/"},{"@type":"ListItem","position":2,"name":"Events","item":"https:\/\/www.crec.cat\/en\/esdeveniments\/"},{"@type":"ListItem","position":3,"name":"Grupo de Trabajo: Construcci\u00f3n Circular"}]},{"@type":"WebSite","@id":"https:\/\/www.crec.cat\/#website","url":"https:\/\/www.crec.cat\/","name":"CREC","description":"Impulsem la competitivitat del sector de residus i l&#039;economia circular de Catalunya","publisher":{"@id":"https:\/\/www.crec.cat\/#organization"},"alternateName":"Cl\u00faster de Residus de Catalunya","potentialAction":[{"@type":"SearchAction","target":{"@type":"EntryPoint","urlTemplate":"https:\/\/www.crec.cat\/?s={search_term_string}"},"query-input":{"@type":"PropertyValueSpecification","valueRequired":true,"valueName":"search_term_string"}}],"inLanguage":"es"},{"@type":"Organization","@id":"https:\/\/www.crec.cat\/#organization","name":"CREC","alternateName":"CREC","url":"https:\/\/www.crec.cat\/","logo":{"@type":"ImageObject","inLanguage":"es","@id":"https:\/\/www.crec.cat\/#\/schema\/logo\/image\/","url":"https:\/\/www.crec.cat\/wp-content\/uploads\/2021\/04\/Favicon-CREC.png","contentUrl":"https:\/\/www.crec.cat\/wp-content\/uploads\/2021\/04\/Favicon-CREC.png","width":2134,"height":2134,"caption":"CREC"},"image":{"@id":"https:\/\/www.crec.cat\/#\/schema\/logo\/image\/"},"sameAs":["https:\/\/x.com\/clusterresidus","https:\/\/www.linkedin.com\/company\/cluster-de-residus-de-catalunya\/"]}]}},"_links":{"self":[{"href":"https:\/\/www.crec.cat\/es\/wp-json\/wp\/v2\/tribe_events\/6831","targetHints":{"allow":["GET"]}}],"collection":[{"href":"https:\/\/www.crec.cat\/es\/wp-json\/wp\/v2\/tribe_events"}],"about":[{"href":"https:\/\/www.crec.cat\/es\/wp-json\/wp\/v2\/types\/tribe_events"}],"author":[{"embeddable":true,"href":"https:\/\/www.crec.cat\/es\/wp-json\/wp\/v2\/users\/2"}],"version-history":[{"count":0,"href":"https:\/\/www.crec.cat\/es\/wp-json\/wp\/v2\/tribe_events\/6831\/revisions"}],"wp:featuredmedia":[{"embeddable":true,"href":"https:\/\/www.crec.cat\/es\/wp-json\/wp\/v2\/media\/6498"}],"wp:attachment":[{"href":"https:\/\/www.crec.cat\/es\/wp-json\/wp\/v2\/media?parent=6831"}],"wp:term":[{"taxonomy":"post_tag","embeddable":true,"href":"https:\/\/www.crec.cat\/es\/wp-json\/wp\/v2\/tags?post=6831"},{"taxonomy":"tribe_events_cat","embeddable":true,"href":"https:\/\/www.crec.cat\/es\/wp-json\/wp\/v2\/tribe_events_cat?post=6831"}],"curies":[{"name":"wp","href":"https:\/\/api.w.org\/{rel}","templated":true}]}}

Grupo de Trabajo: Construcción Circular

<p>Nos volvemos a reunir para seguir trabajando los ejes que planteamos durante la primera sesión y así abordar los diversos retos de la Construcción Circular. Compartiremos los resultados y la recopilación de ideas que surgieron de la dinámica realizada.</p>
<p><strong>Temas a tratar durante la sesión:</strong></p>
<ul>
<li>Jornada sobre Reutilización en la construcción organizada por la ARC</li>
<li>Presentación de resultados de la dinámica de la sesión 1 del grupo de trabajo</li>
<li>Presentación de líneas de ayudas</li>
<li>Priorización de oportunidades</li>
<li>Otras propuestas</li>
</ul>
<p>📆 13/05 de 12h a 14h<br />
📍 Online</p>
<p><em>Actividad exclusiva para socios del CREC.</em></p>
<p>¿Te interesa formar parte del Grupo de Trabajo de Construcción Circular del CREC y participar en estos encuentros? ¡Es un buen momento! Escríbenos a <a href="mailto:info@crec.cat">info@crec.cat</a> y nos pondremos en contacto contigo.</p>

<p>¿Te interesa formar parte del Grupo de Trabajo de Construcción Circular del CREC? ¡Es un buen momento!</p>

<!-- This site is optimized with the Yoast SEO plugin v27.2 - https://yoast.com/product/yoast-seo-wordpress/ -->
<title>Grupo de Trabajo: Construcción Circular | CREC</title>
<meta name="robots" content="index, follow, max-snippet:-1, max-image-preview:large, max-video-preview:-1" />
<link rel="canonical" href="https://www.crec.cat/esdeveniment/grupo-de-trabajo-construccion-circular-2/" />
<meta property="og:locale" content="es_ES" />
<meta property="og:type" content="article" />
<meta property="og:title" content="Grupo de Trabajo: Construcción Circular | CREC" />
<meta property="og:description" content="¿Te interesa formar parte del Grupo de Trabajo de Construcción Circular del CREC? ¡Es un buen momento!" />
<meta property="og:url" content="https://www.crec.cat/esdeveniment/grupo-de-trabajo-construccion-circular-2/" />
<meta property="og:site_name" content="CREC" />
<meta property="og:image" content="https://www.crec.cat/wp-content/uploads/2024/11/CREC.jpg" />
	<meta property="og:image:width" content="1280" />
	<meta property="og:image:height" content="720" />
	<meta property="og:image:type" content="image/jpeg" />
<meta name="twitter:card" content="summary_large_image" />
<meta name="twitter:site" content="@clusterresidus" />
<meta name="twitter:label1" content="Tiempo de lectura" />
	<meta name="twitter:data1" content="1 minuto" />
<script type="application/ld+json" class="yoast-schema-graph">{"@context":"https://schema.org","@graph":[{"@type":"WebPage","@id":"https://www.crec.cat/esdeveniment/grupo-de-trabajo-construccion-circular-2/","url":"https://www.crec.cat/esdeveniment/grupo-de-trabajo-construccion-circular-2/","name":"Grupo de Trabajo: Construcción Circular | CREC","isPartOf":{"@id":"https://www.crec.cat/#website"},"primaryImageOfPage":{"@id":"https://www.crec.cat/esdeveniment/grupo-de-trabajo-construccion-circular-2/#primaryimage"},"image":{"@id":"https://www.crec.cat/esdeveniment/grupo-de-trabajo-construccion-circular-2/#primaryimage"},"thumbnailUrl":"https://www.crec.cat/wp-content/uploads/2026/02/GT-construccio-circular-1.png","datePublished":"2026-04-14T11:22:24+00:00","breadcrumb":{"@id":"https://www.crec.cat/esdeveniment/grupo-de-trabajo-construccion-circular-2/#breadcrumb"},"inLanguage":"es","potentialAction":[{"@type":"ReadAction","target":["https://www.crec.cat/esdeveniment/grupo-de-trabajo-construccion-circular-2/"]}]},{"@type":"ImageObject","inLanguage":"es","@id":"https://www.crec.cat/esdeveniment/grupo-de-trabajo-construccion-circular-2/#primaryimage","url":"https://www.crec.cat/wp-content/uploads/2026/02/GT-construccio-circular-1.png","contentUrl":"https://www.crec.cat/wp-content/uploads/2026/02/GT-construccio-circular-1.png","width":1200,"height":1200},{"@type":"BreadcrumbList","@id":"https://www.crec.cat/esdeveniment/grupo-de-trabajo-construccion-circular-2/#breadcrumb","itemListElement":[{"@type":"ListItem","position":1,"name":"Inici","item":"https://www.crec.cat/es/"},{"@type":"ListItem","position":2,"name":"Events","item":"https://www.crec.cat/en/esdeveniments/"},{"@type":"ListItem","position":3,"name":"Grupo de Trabajo: Construcción Circular"}]},{"@type":"WebSite","@id":"https://www.crec.cat/#website","url":"https://www.crec.cat/","name":"CREC","description":"Impulsem la competitivitat del sector de residus i l&#039;economia circular de Catalunya","publisher":{"@id":"https://www.crec.cat/#organization"},"alternateName":"Clúster de Residus de Catalunya","potentialAction":[{"@type":"SearchAction","target":{"@type":"EntryPoint","urlTemplate":"https://www.crec.cat/?s={search_term_string}"},"query-input":{"@type":"PropertyValueSpecification","valueRequired":true,"valueName":"search_term_string"}}],"inLanguage":"es"},{"@type":"Organization","@id":"https://www.crec.cat/#organization","name":"CREC","alternateName":"CREC","url":"https://www.crec.cat/","logo":{"@type":"ImageObject","inLanguage":"es","@id":"https://www.crec.cat/#/schema/logo/image/","url":"https://www.crec.cat/wp-content/uploads/2021/04/Favicon-CREC.png","contentUrl":"https://www.crec.cat/wp-content/uploads/2021/04/Favicon-CREC.png","width":2134,"height":2134,"caption":"CREC"},"image":{"@id":"https://www.crec.cat/#/schema/logo/image/"},"sameAs":["https://x.com/clusterresidus","https://www.linkedin.com/company/cluster-de-residus-de-catalunya/"]}]}</script>
<!-- / Yoast SEO plugin. -->

Grupo de Trabajo: Construcción Circular | CREC

¿Te interesa formar parte del Grupo de Trabajo de Construcción Circular del CREC? ¡Es un buen momento!

Clúster de Residus de Catalunya
