{"id":6584,"date":"2025-11-25T11:49:10","date_gmt":"2025-11-25T10:49:10","guid":{"rendered":"https:\/\/www.crec.cat\/esdeveniment\/grupo-de-trabajo-biorresiduos\/"},"modified":"2025-11-25T11:49:10","modified_gmt":"2025-11-25T10:49:10","slug":"grupo-de-trabajo-biorresiduos","status":"publish","type":"tribe_events","link":"https:\/\/www.crec.cat\/es\/esdeveniment\/grupo-de-trabajo-biorresiduos\/","title":{"rendered":"Grupo de Trabajo: Biorresiduos"},"content":{"rendered":"<p>\u00a1Empieza el a\u00f1o y ap\u00fantate a la pr\u00f3xima sesi\u00f3n del Grupo de Trabajo de Biorresiduos! Ser\u00e1 el 15\/01\/2026.<\/p>\n<p>Enmarcado dentro del Grupo de Trabajo de Nuevas V\u00edas de Valorizaci\u00f3n del CREC, es un espacio de cooperaci\u00f3n conjunta entre un grupo reducido de socios, enfocado en mejorar la valorizaci\u00f3n de este flujo de residuos e impulsar la econom\u00eda circular.<\/p>\n<p>\u00bfTe interesa? Si quieres inscribirte, \u00a1contacta con el equipo del CREC!<\/p>\n","protected":false},"excerpt":{"rendered":"<p>\u00a1Empieza el a\u00f1o y ap\u00fantate a la pr\u00f3xima sesi\u00f3n del Grupo de Trabajo de Biorresiduos! Ser\u00e1 el 15\/01\/2026.<\/p>\n","protected":false},"author":2,"featured_media":6113,"template":"","meta":{"_acf_changed":false,"neve_meta_sidebar":"","neve_meta_container":"","neve_meta_enable_content_width":"","neve_meta_content_width":0,"neve_meta_title_alignment":"","neve_meta_author_avatar":"","neve_post_elements_order":"","neve_meta_disable_header":"","neve_meta_disable_footer":"","neve_meta_disable_title":"","_tribe_events_status":"","_tribe_events_status_reason":"","footnotes":""},"tags":[],"tribe_events_cat":[56,28],"class_list":["post-6584","tribe_events","type-tribe_events","status-publish","has-post-thumbnail","hentry","tribe_events_cat-ended","tribe_events_cat-finalitzat","cat_ended","cat_finalitzat"],"acf":[],"yoast_head":"<!-- This site is optimized with the Yoast SEO plugin v27.2 - https:\/\/yoast.com\/product\/yoast-seo-wordpress\/ -->\n<title>Grupo de Trabajo: Biorresiduos | CREC<\/title>\n<meta name=\"robots\" content=\"index, follow, max-snippet:-1, max-image-preview:large, max-video-preview:-1\" \/>\n<link rel=\"canonical\" href=\"https:\/\/www.crec.cat\/esdeveniment\/grupo-de-trabajo-biorresiduos\/\" \/>\n<meta property=\"og:locale\" content=\"es_ES\" \/>\n<meta property=\"og:type\" content=\"article\" \/>\n<meta property=\"og:title\" content=\"Grupo de Trabajo: Biorresiduos | CREC\" \/>\n<meta property=\"og:description\" content=\"\u00a1Empieza el a\u00f1o y ap\u00fantate a la pr\u00f3xima sesi\u00f3n del Grupo de Trabajo de Biorresiduos! Ser\u00e1 el 15\/01\/2026.\" \/>\n<meta property=\"og:url\" content=\"https:\/\/www.crec.cat\/esdeveniment\/grupo-de-trabajo-biorresiduos\/\" \/>\n<meta property=\"og:site_name\" content=\"CREC\" \/>\n<meta property=\"og:image\" content=\"https:\/\/www.crec.cat\/wp-content\/uploads\/2024\/11\/CREC.jpg\" \/>\n\t<meta property=\"og:image:width\" content=\"1280\" \/>\n\t<meta property=\"og:image:height\" content=\"720\" \/>\n\t<meta property=\"og:image:type\" content=\"image\/jpeg\" \/>\n<meta name=\"twitter:card\" content=\"summary_large_image\" \/>\n<meta name=\"twitter:site\" content=\"@clusterresidus\" \/>\n<script type=\"application\/ld+json\" class=\"yoast-schema-graph\">{\"@context\":\"https:\/\/schema.org\",\"@graph\":[{\"@type\":\"WebPage\",\"@id\":\"https:\/\/www.crec.cat\/esdeveniment\/grupo-de-trabajo-biorresiduos\/\",\"url\":\"https:\/\/www.crec.cat\/esdeveniment\/grupo-de-trabajo-biorresiduos\/\",\"name\":\"Grupo de Trabajo: Biorresiduos | CREC\",\"isPartOf\":{\"@id\":\"https:\/\/www.crec.cat\/#website\"},\"primaryImageOfPage\":{\"@id\":\"https:\/\/www.crec.cat\/esdeveniment\/grupo-de-trabajo-biorresiduos\/#primaryimage\"},\"image\":{\"@id\":\"https:\/\/www.crec.cat\/esdeveniment\/grupo-de-trabajo-biorresiduos\/#primaryimage\"},\"thumbnailUrl\":\"https:\/\/www.crec.cat\/wp-content\/uploads\/2025\/11\/Imagen-destacada-Entrada-de-Wordpress-12.png\",\"datePublished\":\"2025-11-25T10:49:10+00:00\",\"breadcrumb\":{\"@id\":\"https:\/\/www.crec.cat\/esdeveniment\/grupo-de-trabajo-biorresiduos\/#breadcrumb\"},\"inLanguage\":\"es\",\"potentialAction\":[{\"@type\":\"ReadAction\",\"target\":[\"https:\/\/www.crec.cat\/esdeveniment\/grupo-de-trabajo-biorresiduos\/\"]}]},{\"@type\":\"ImageObject\",\"inLanguage\":\"es\",\"@id\":\"https:\/\/www.crec.cat\/esdeveniment\/grupo-de-trabajo-biorresiduos\/#primaryimage\",\"url\":\"https:\/\/www.crec.cat\/wp-content\/uploads\/2025\/11\/Imagen-destacada-Entrada-de-Wordpress-12.png\",\"contentUrl\":\"https:\/\/www.crec.cat\/wp-content\/uploads\/2025\/11\/Imagen-destacada-Entrada-de-Wordpress-12.png\",\"width\":1200,\"height\":675},{\"@type\":\"BreadcrumbList\",\"@id\":\"https:\/\/www.crec.cat\/esdeveniment\/grupo-de-trabajo-biorresiduos\/#breadcrumb\",\"itemListElement\":[{\"@type\":\"ListItem\",\"position\":1,\"name\":\"Inici\",\"item\":\"https:\/\/www.crec.cat\/es\/\"},{\"@type\":\"ListItem\",\"position\":2,\"name\":\"Events\",\"item\":\"https:\/\/www.crec.cat\/en\/esdeveniments\/\"},{\"@type\":\"ListItem\",\"position\":3,\"name\":\"Grupo de Trabajo: Biorresiduos\"}]},{\"@type\":\"WebSite\",\"@id\":\"https:\/\/www.crec.cat\/#website\",\"url\":\"https:\/\/www.crec.cat\/\",\"name\":\"CREC\",\"description\":\"Impulsem la competitivitat del sector de residus i l&#039;economia circular de Catalunya\",\"publisher\":{\"@id\":\"https:\/\/www.crec.cat\/#organization\"},\"alternateName\":\"Cl\u00faster de Residus de Catalunya\",\"potentialAction\":[{\"@type\":\"SearchAction\",\"target\":{\"@type\":\"EntryPoint\",\"urlTemplate\":\"https:\/\/www.crec.cat\/?s={search_term_string}\"},\"query-input\":{\"@type\":\"PropertyValueSpecification\",\"valueRequired\":true,\"valueName\":\"search_term_string\"}}],\"inLanguage\":\"es\"},{\"@type\":\"Organization\",\"@id\":\"https:\/\/www.crec.cat\/#organization\",\"name\":\"CREC\",\"alternateName\":\"CREC\",\"url\":\"https:\/\/www.crec.cat\/\",\"logo\":{\"@type\":\"ImageObject\",\"inLanguage\":\"es\",\"@id\":\"https:\/\/www.crec.cat\/#\/schema\/logo\/image\/\",\"url\":\"https:\/\/www.crec.cat\/wp-content\/uploads\/2021\/04\/Favicon-CREC.png\",\"contentUrl\":\"https:\/\/www.crec.cat\/wp-content\/uploads\/2021\/04\/Favicon-CREC.png\",\"width\":2134,\"height\":2134,\"caption\":\"CREC\"},\"image\":{\"@id\":\"https:\/\/www.crec.cat\/#\/schema\/logo\/image\/\"},\"sameAs\":[\"https:\/\/x.com\/clusterresidus\",\"https:\/\/www.linkedin.com\/company\/cluster-de-residus-de-catalunya\/\"]}]}<\/script>\n<!-- \/ Yoast SEO plugin. -->","yoast_head_json":{"title":"Grupo de Trabajo: Biorresiduos | CREC","robots":{"index":"index","follow":"follow","max-snippet":"max-snippet:-1","max-image-preview":"max-image-preview:large","max-video-preview":"max-video-preview:-1"},"canonical":"https:\/\/www.crec.cat\/esdeveniment\/grupo-de-trabajo-biorresiduos\/","og_locale":"es_ES","og_type":"article","og_title":"Grupo de Trabajo: Biorresiduos | CREC","og_description":"\u00a1Empieza el a\u00f1o y ap\u00fantate a la pr\u00f3xima sesi\u00f3n del Grupo de Trabajo de Biorresiduos! Ser\u00e1 el 15\/01\/2026.","og_url":"https:\/\/www.crec.cat\/esdeveniment\/grupo-de-trabajo-biorresiduos\/","og_site_name":"CREC","og_image":[{"width":1280,"height":720,"url":"https:\/\/www.crec.cat\/wp-content\/uploads\/2024\/11\/CREC.jpg","type":"image\/jpeg"}],"twitter_card":"summary_large_image","twitter_site":"@clusterresidus","schema":{"@context":"https:\/\/schema.org","@graph":[{"@type":"WebPage","@id":"https:\/\/www.crec.cat\/esdeveniment\/grupo-de-trabajo-biorresiduos\/","url":"https:\/\/www.crec.cat\/esdeveniment\/grupo-de-trabajo-biorresiduos\/","name":"Grupo de Trabajo: Biorresiduos | CREC","isPartOf":{"@id":"https:\/\/www.crec.cat\/#website"},"primaryImageOfPage":{"@id":"https:\/\/www.crec.cat\/esdeveniment\/grupo-de-trabajo-biorresiduos\/#primaryimage"},"image":{"@id":"https:\/\/www.crec.cat\/esdeveniment\/grupo-de-trabajo-biorresiduos\/#primaryimage"},"thumbnailUrl":"https:\/\/www.crec.cat\/wp-content\/uploads\/2025\/11\/Imagen-destacada-Entrada-de-Wordpress-12.png","datePublished":"2025-11-25T10:49:10+00:00","breadcrumb":{"@id":"https:\/\/www.crec.cat\/esdeveniment\/grupo-de-trabajo-biorresiduos\/#breadcrumb"},"inLanguage":"es","potentialAction":[{"@type":"ReadAction","target":["https:\/\/www.crec.cat\/esdeveniment\/grupo-de-trabajo-biorresiduos\/"]}]},{"@type":"ImageObject","inLanguage":"es","@id":"https:\/\/www.crec.cat\/esdeveniment\/grupo-de-trabajo-biorresiduos\/#primaryimage","url":"https:\/\/www.crec.cat\/wp-content\/uploads\/2025\/11\/Imagen-destacada-Entrada-de-Wordpress-12.png","contentUrl":"https:\/\/www.crec.cat\/wp-content\/uploads\/2025\/11\/Imagen-destacada-Entrada-de-Wordpress-12.png","width":1200,"height":675},{"@type":"BreadcrumbList","@id":"https:\/\/www.crec.cat\/esdeveniment\/grupo-de-trabajo-biorresiduos\/#breadcrumb","itemListElement":[{"@type":"ListItem","position":1,"name":"Inici","item":"https:\/\/www.crec.cat\/es\/"},{"@type":"ListItem","position":2,"name":"Events","item":"https:\/\/www.crec.cat\/en\/esdeveniments\/"},{"@type":"ListItem","position":3,"name":"Grupo de Trabajo: Biorresiduos"}]},{"@type":"WebSite","@id":"https:\/\/www.crec.cat\/#website","url":"https:\/\/www.crec.cat\/","name":"CREC","description":"Impulsem la competitivitat del sector de residus i l&#039;economia circular de Catalunya","publisher":{"@id":"https:\/\/www.crec.cat\/#organization"},"alternateName":"Cl\u00faster de Residus de Catalunya","potentialAction":[{"@type":"SearchAction","target":{"@type":"EntryPoint","urlTemplate":"https:\/\/www.crec.cat\/?s={search_term_string}"},"query-input":{"@type":"PropertyValueSpecification","valueRequired":true,"valueName":"search_term_string"}}],"inLanguage":"es"},{"@type":"Organization","@id":"https:\/\/www.crec.cat\/#organization","name":"CREC","alternateName":"CREC","url":"https:\/\/www.crec.cat\/","logo":{"@type":"ImageObject","inLanguage":"es","@id":"https:\/\/www.crec.cat\/#\/schema\/logo\/image\/","url":"https:\/\/www.crec.cat\/wp-content\/uploads\/2021\/04\/Favicon-CREC.png","contentUrl":"https:\/\/www.crec.cat\/wp-content\/uploads\/2021\/04\/Favicon-CREC.png","width":2134,"height":2134,"caption":"CREC"},"image":{"@id":"https:\/\/www.crec.cat\/#\/schema\/logo\/image\/"},"sameAs":["https:\/\/x.com\/clusterresidus","https:\/\/www.linkedin.com\/company\/cluster-de-residus-de-catalunya\/"]}]}},"_links":{"self":[{"href":"https:\/\/www.crec.cat\/es\/wp-json\/wp\/v2\/tribe_events\/6584","targetHints":{"allow":["GET"]}}],"collection":[{"href":"https:\/\/www.crec.cat\/es\/wp-json\/wp\/v2\/tribe_events"}],"about":[{"href":"https:\/\/www.crec.cat\/es\/wp-json\/wp\/v2\/types\/tribe_events"}],"author":[{"embeddable":true,"href":"https:\/\/www.crec.cat\/es\/wp-json\/wp\/v2\/users\/2"}],"version-history":[{"count":0,"href":"https:\/\/www.crec.cat\/es\/wp-json\/wp\/v2\/tribe_events\/6584\/revisions"}],"wp:featuredmedia":[{"embeddable":true,"href":"https:\/\/www.crec.cat\/es\/wp-json\/wp\/v2\/media\/6113"}],"wp:attachment":[{"href":"https:\/\/www.crec.cat\/es\/wp-json\/wp\/v2\/media?parent=6584"}],"wp:term":[{"taxonomy":"post_tag","embeddable":true,"href":"https:\/\/www.crec.cat\/es\/wp-json\/wp\/v2\/tags?post=6584"},{"taxonomy":"tribe_events_cat","embeddable":true,"href":"https:\/\/www.crec.cat\/es\/wp-json\/wp\/v2\/tribe_events_cat?post=6584"}],"curies":[{"name":"wp","href":"https:\/\/api.w.org\/{rel}","templated":true}]}}

<p>¡Empieza el año y apúntate a la próxima sesión del Grupo de Trabajo de Biorresiduos! Será el 15/01/2026.</p>
<p>Enmarcado dentro del Grupo de Trabajo de Nuevas Vías de Valorización del CREC, es un espacio de cooperación conjunta entre un grupo reducido de socios, enfocado en mejorar la valorización de este flujo de residuos e impulsar la economía circular.</p>
<p>¿Te interesa? Si quieres inscribirte, ¡contacta con el equipo del CREC!</p>

<p>¡Empieza el año y apúntate a la próxima sesión del Grupo de Trabajo de Biorresiduos! Será el 15/01/2026.</p>

<!-- This site is optimized with the Yoast SEO plugin v27.2 - https://yoast.com/product/yoast-seo-wordpress/ -->
<title>Grupo de Trabajo: Biorresiduos | CREC</title>
<meta name="robots" content="index, follow, max-snippet:-1, max-image-preview:large, max-video-preview:-1" />
<link rel="canonical" href="https://www.crec.cat/esdeveniment/grupo-de-trabajo-biorresiduos/" />
<meta property="og:locale" content="es_ES" />
<meta property="og:type" content="article" />
<meta property="og:title" content="Grupo de Trabajo: Biorresiduos | CREC" />
<meta property="og:description" content="¡Empieza el año y apúntate a la próxima sesión del Grupo de Trabajo de Biorresiduos! Será el 15/01/2026." />
<meta property="og:url" content="https://www.crec.cat/esdeveniment/grupo-de-trabajo-biorresiduos/" />
<meta property="og:site_name" content="CREC" />
<meta property="og:image" content="https://www.crec.cat/wp-content/uploads/2024/11/CREC.jpg" />
	<meta property="og:image:width" content="1280" />
	<meta property="og:image:height" content="720" />
	<meta property="og:image:type" content="image/jpeg" />
<meta name="twitter:card" content="summary_large_image" />
<meta name="twitter:site" content="@clusterresidus" />
<script type="application/ld+json" class="yoast-schema-graph">{"@context":"https://schema.org","@graph":[{"@type":"WebPage","@id":"https://www.crec.cat/esdeveniment/grupo-de-trabajo-biorresiduos/","url":"https://www.crec.cat/esdeveniment/grupo-de-trabajo-biorresiduos/","name":"Grupo de Trabajo: Biorresiduos | CREC","isPartOf":{"@id":"https://www.crec.cat/#website"},"primaryImageOfPage":{"@id":"https://www.crec.cat/esdeveniment/grupo-de-trabajo-biorresiduos/#primaryimage"},"image":{"@id":"https://www.crec.cat/esdeveniment/grupo-de-trabajo-biorresiduos/#primaryimage"},"thumbnailUrl":"https://www.crec.cat/wp-content/uploads/2025/11/Imagen-destacada-Entrada-de-Wordpress-12.png","datePublished":"2025-11-25T10:49:10+00:00","breadcrumb":{"@id":"https://www.crec.cat/esdeveniment/grupo-de-trabajo-biorresiduos/#breadcrumb"},"inLanguage":"es","potentialAction":[{"@type":"ReadAction","target":["https://www.crec.cat/esdeveniment/grupo-de-trabajo-biorresiduos/"]}]},{"@type":"ImageObject","inLanguage":"es","@id":"https://www.crec.cat/esdeveniment/grupo-de-trabajo-biorresiduos/#primaryimage","url":"https://www.crec.cat/wp-content/uploads/2025/11/Imagen-destacada-Entrada-de-Wordpress-12.png","contentUrl":"https://www.crec.cat/wp-content/uploads/2025/11/Imagen-destacada-Entrada-de-Wordpress-12.png","width":1200,"height":675},{"@type":"BreadcrumbList","@id":"https://www.crec.cat/esdeveniment/grupo-de-trabajo-biorresiduos/#breadcrumb","itemListElement":[{"@type":"ListItem","position":1,"name":"Inici","item":"https://www.crec.cat/es/"},{"@type":"ListItem","position":2,"name":"Events","item":"https://www.crec.cat/en/esdeveniments/"},{"@type":"ListItem","position":3,"name":"Grupo de Trabajo: Biorresiduos"}]},{"@type":"WebSite","@id":"https://www.crec.cat/#website","url":"https://www.crec.cat/","name":"CREC","description":"Impulsem la competitivitat del sector de residus i l&#039;economia circular de Catalunya","publisher":{"@id":"https://www.crec.cat/#organization"},"alternateName":"Clúster de Residus de Catalunya","potentialAction":[{"@type":"SearchAction","target":{"@type":"EntryPoint","urlTemplate":"https://www.crec.cat/?s={search_term_string}"},"query-input":{"@type":"PropertyValueSpecification","valueRequired":true,"valueName":"search_term_string"}}],"inLanguage":"es"},{"@type":"Organization","@id":"https://www.crec.cat/#organization","name":"CREC","alternateName":"CREC","url":"https://www.crec.cat/","logo":{"@type":"ImageObject","inLanguage":"es","@id":"https://www.crec.cat/#/schema/logo/image/","url":"https://www.crec.cat/wp-content/uploads/2021/04/Favicon-CREC.png","contentUrl":"https://www.crec.cat/wp-content/uploads/2021/04/Favicon-CREC.png","width":2134,"height":2134,"caption":"CREC"},"image":{"@id":"https://www.crec.cat/#/schema/logo/image/"},"sameAs":["https://x.com/clusterresidus","https://www.linkedin.com/company/cluster-de-residus-de-catalunya/"]}]}</script>
<!-- / Yoast SEO plugin. -->

¡Empieza el año y apúntate a la próxima sesión del Grupo de Trabajo de Biorresiduos! Será el 15/01/2026.

Clúster de Residus de Catalunya
