{"id":6582,"date":"2025-12-16T09:08:23","date_gmt":"2025-12-16T08:08:23","guid":{"rendered":"https:\/\/www.crec.cat\/esdeveniment\/plazas-agotadas-3o-aniversario-del-crec-celebremoslo-juntos\/"},"modified":"2025-12-16T09:08:23","modified_gmt":"2025-12-16T08:08:23","slug":"plazas-agotadas-3o-aniversario-del-crec-celebremoslo-juntos","status":"publish","type":"tribe_events","link":"https:\/\/www.crec.cat\/es\/esdeveniment\/plazas-agotadas-3o-aniversario-del-crec-celebremoslo-juntos\/","title":{"rendered":"PLAZAS AGOTADAS &#8211; 3\u00ba aniversario del CREC. \u00a1Celebr\u00e9moslo juntos!"},"content":{"rendered":"<p><strong>PLAZAS AGOTADAS<\/strong><\/p>\n<p>Este a\u00f1o el CREC celebra su tercer aniversario, un hito muy especial para nuestro Cl\u00faster. Seguimos siendo un cl\u00faster joven, pero en solo tres a\u00f1os hemos crecido de manera notable, hemos fortalecido el ecosistema cl\u00faster y hemos estado presentes en m\u00faltiples iniciativas que impulsan la competitividad de las empresas del sector de la econom\u00eda circular y los residuos en Catalu\u00f1a. Todo ello ha sido posible gracias a la implicaci\u00f3n y la confianza de nuestras empresas socias.<\/p>\n<p>Por este motivo, queremos invitaros a este encuentro especial pensado para celebrar juntos este camino compartido y reforzar las sinergias de futuro. Te esperan actividades, m\u00fasica y m\u00e1s sorpresas para seguir creciendo, porque el CREC crece contigo.<\/p>\n<p><strong>Programa del acto:<\/strong><\/p>\n<ul>\n<li>Caf\u00e9 de bienvenida<\/li>\n<li>Actividad para generar conexiones y seguir avanzando todos a una<\/li>\n<li>Networking y brindis final para conmemorar este tercer aniversario<\/li>\n<\/ul>\n<p><strong>Fecha:<\/strong> Jueves, 29 de enero de 2026<br \/>\n<strong>Horario:<\/strong> de 15:30 h a 19:00 h<br \/>\n<strong>Lugar:<\/strong> Sala de la Fundaci\u00f3 Enric Miralles<\/p>\n<p><em>Actividad exclusiva para socios<\/em><\/p>\n","protected":false},"excerpt":{"rendered":"<p>\ud83c\udf89 \u00a1Estamos de aniversario! Llega el tercer a\u00f1o de vida del CREC y queremos celebrarlo con todos\/as vosotros\/as.<\/p>\n","protected":false},"author":2,"featured_media":6195,"template":"","meta":{"_acf_changed":false,"neve_meta_sidebar":"","neve_meta_container":"","neve_meta_enable_content_width":"","neve_meta_content_width":0,"neve_meta_title_alignment":"","neve_meta_author_avatar":"","neve_post_elements_order":"","neve_meta_disable_header":"","neve_meta_disable_footer":"","neve_meta_disable_title":"","_tribe_events_status":"","_tribe_events_status_reason":"","footnotes":""},"tags":[],"tribe_events_cat":[56,28],"class_list":["post-6582","tribe_events","type-tribe_events","status-publish","has-post-thumbnail","hentry","tribe_events_cat-ended","tribe_events_cat-finalitzat","cat_ended","cat_finalitzat"],"acf":[],"yoast_head":"<!-- This site is optimized with the Yoast SEO plugin v27.2 - https:\/\/yoast.com\/product\/yoast-seo-wordpress\/ -->\n<title>PLAZAS AGOTADAS - 3\u00ba aniversario del CREC. \u00a1Celebr\u00e9moslo juntos! | CREC<\/title>\n<meta name=\"robots\" content=\"index, follow, max-snippet:-1, max-image-preview:large, max-video-preview:-1\" \/>\n<link rel=\"canonical\" href=\"https:\/\/www.crec.cat\/esdeveniment\/plazas-agotadas-3o-aniversario-del-crec-celebremoslo-juntos\/\" \/>\n<meta property=\"og:locale\" content=\"es_ES\" \/>\n<meta property=\"og:type\" content=\"article\" \/>\n<meta property=\"og:title\" content=\"PLAZAS AGOTADAS - 3\u00ba aniversario del CREC. \u00a1Celebr\u00e9moslo juntos! | CREC\" \/>\n<meta property=\"og:description\" content=\"\ud83c\udf89 \u00a1Estamos de aniversario! Llega el tercer a\u00f1o de vida del CREC y queremos celebrarlo con todos\/as vosotros\/as.\" \/>\n<meta property=\"og:url\" content=\"https:\/\/www.crec.cat\/esdeveniment\/plazas-agotadas-3o-aniversario-del-crec-celebremoslo-juntos\/\" \/>\n<meta property=\"og:site_name\" content=\"CREC\" \/>\n<meta property=\"og:image\" content=\"https:\/\/www.crec.cat\/wp-content\/uploads\/2024\/11\/CREC.jpg\" \/>\n\t<meta property=\"og:image:width\" content=\"1280\" \/>\n\t<meta property=\"og:image:height\" content=\"720\" \/>\n\t<meta property=\"og:image:type\" content=\"image\/jpeg\" \/>\n<meta name=\"twitter:card\" content=\"summary_large_image\" \/>\n<meta name=\"twitter:site\" content=\"@clusterresidus\" \/>\n<meta name=\"twitter:label1\" content=\"Tiempo de lectura\" \/>\n\t<meta name=\"twitter:data1\" content=\"1 minuto\" \/>\n<script type=\"application\/ld+json\" class=\"yoast-schema-graph\">{\"@context\":\"https:\/\/schema.org\",\"@graph\":[{\"@type\":\"WebPage\",\"@id\":\"https:\/\/www.crec.cat\/esdeveniment\/plazas-agotadas-3o-aniversario-del-crec-celebremoslo-juntos\/\",\"url\":\"https:\/\/www.crec.cat\/esdeveniment\/plazas-agotadas-3o-aniversario-del-crec-celebremoslo-juntos\/\",\"name\":\"PLAZAS AGOTADAS - 3\u00ba aniversario del CREC. \u00a1Celebr\u00e9moslo juntos! | CREC\",\"isPartOf\":{\"@id\":\"https:\/\/www.crec.cat\/#website\"},\"primaryImageOfPage\":{\"@id\":\"https:\/\/www.crec.cat\/esdeveniment\/plazas-agotadas-3o-aniversario-del-crec-celebremoslo-juntos\/#primaryimage\"},\"image\":{\"@id\":\"https:\/\/www.crec.cat\/esdeveniment\/plazas-agotadas-3o-aniversario-del-crec-celebremoslo-juntos\/#primaryimage\"},\"thumbnailUrl\":\"https:\/\/www.crec.cat\/wp-content\/uploads\/2025\/12\/Imagen-destacada-Entrada-de-Wordpress-17.png\",\"datePublished\":\"2025-12-16T08:08:23+00:00\",\"breadcrumb\":{\"@id\":\"https:\/\/www.crec.cat\/esdeveniment\/plazas-agotadas-3o-aniversario-del-crec-celebremoslo-juntos\/#breadcrumb\"},\"inLanguage\":\"es\",\"potentialAction\":[{\"@type\":\"ReadAction\",\"target\":[\"https:\/\/www.crec.cat\/esdeveniment\/plazas-agotadas-3o-aniversario-del-crec-celebremoslo-juntos\/\"]}]},{\"@type\":\"ImageObject\",\"inLanguage\":\"es\",\"@id\":\"https:\/\/www.crec.cat\/esdeveniment\/plazas-agotadas-3o-aniversario-del-crec-celebremoslo-juntos\/#primaryimage\",\"url\":\"https:\/\/www.crec.cat\/wp-content\/uploads\/2025\/12\/Imagen-destacada-Entrada-de-Wordpress-17.png\",\"contentUrl\":\"https:\/\/www.crec.cat\/wp-content\/uploads\/2025\/12\/Imagen-destacada-Entrada-de-Wordpress-17.png\",\"width\":1200,\"height\":1200},{\"@type\":\"BreadcrumbList\",\"@id\":\"https:\/\/www.crec.cat\/esdeveniment\/plazas-agotadas-3o-aniversario-del-crec-celebremoslo-juntos\/#breadcrumb\",\"itemListElement\":[{\"@type\":\"ListItem\",\"position\":1,\"name\":\"Inici\",\"item\":\"https:\/\/www.crec.cat\/es\/\"},{\"@type\":\"ListItem\",\"position\":2,\"name\":\"Events\",\"item\":\"https:\/\/www.crec.cat\/en\/esdeveniments\/\"},{\"@type\":\"ListItem\",\"position\":3,\"name\":\"PLAZAS AGOTADAS &#8211; 3\u00ba aniversario del CREC. \u00a1Celebr\u00e9moslo juntos!\"}]},{\"@type\":\"WebSite\",\"@id\":\"https:\/\/www.crec.cat\/#website\",\"url\":\"https:\/\/www.crec.cat\/\",\"name\":\"CREC\",\"description\":\"Impulsem la competitivitat del sector de residus i l&#039;economia circular de Catalunya\",\"publisher\":{\"@id\":\"https:\/\/www.crec.cat\/#organization\"},\"alternateName\":\"Cl\u00faster de Residus de Catalunya\",\"potentialAction\":[{\"@type\":\"SearchAction\",\"target\":{\"@type\":\"EntryPoint\",\"urlTemplate\":\"https:\/\/www.crec.cat\/?s={search_term_string}\"},\"query-input\":{\"@type\":\"PropertyValueSpecification\",\"valueRequired\":true,\"valueName\":\"search_term_string\"}}],\"inLanguage\":\"es\"},{\"@type\":\"Organization\",\"@id\":\"https:\/\/www.crec.cat\/#organization\",\"name\":\"CREC\",\"alternateName\":\"CREC\",\"url\":\"https:\/\/www.crec.cat\/\",\"logo\":{\"@type\":\"ImageObject\",\"inLanguage\":\"es\",\"@id\":\"https:\/\/www.crec.cat\/#\/schema\/logo\/image\/\",\"url\":\"https:\/\/www.crec.cat\/wp-content\/uploads\/2021\/04\/Favicon-CREC.png\",\"contentUrl\":\"https:\/\/www.crec.cat\/wp-content\/uploads\/2021\/04\/Favicon-CREC.png\",\"width\":2134,\"height\":2134,\"caption\":\"CREC\"},\"image\":{\"@id\":\"https:\/\/www.crec.cat\/#\/schema\/logo\/image\/\"},\"sameAs\":[\"https:\/\/x.com\/clusterresidus\",\"https:\/\/www.linkedin.com\/company\/cluster-de-residus-de-catalunya\/\"]}]}<\/script>\n<!-- \/ Yoast SEO plugin. -->","yoast_head_json":{"title":"PLAZAS AGOTADAS - 3\u00ba aniversario del CREC. \u00a1Celebr\u00e9moslo juntos! | CREC","robots":{"index":"index","follow":"follow","max-snippet":"max-snippet:-1","max-image-preview":"max-image-preview:large","max-video-preview":"max-video-preview:-1"},"canonical":"https:\/\/www.crec.cat\/esdeveniment\/plazas-agotadas-3o-aniversario-del-crec-celebremoslo-juntos\/","og_locale":"es_ES","og_type":"article","og_title":"PLAZAS AGOTADAS - 3\u00ba aniversario del CREC. \u00a1Celebr\u00e9moslo juntos! | CREC","og_description":"\ud83c\udf89 \u00a1Estamos de aniversario! Llega el tercer a\u00f1o de vida del CREC y queremos celebrarlo con todos\/as vosotros\/as.","og_url":"https:\/\/www.crec.cat\/esdeveniment\/plazas-agotadas-3o-aniversario-del-crec-celebremoslo-juntos\/","og_site_name":"CREC","og_image":[{"width":1280,"height":720,"url":"https:\/\/www.crec.cat\/wp-content\/uploads\/2024\/11\/CREC.jpg","type":"image\/jpeg"}],"twitter_card":"summary_large_image","twitter_site":"@clusterresidus","twitter_misc":{"Tiempo de lectura":"1 minuto"},"schema":{"@context":"https:\/\/schema.org","@graph":[{"@type":"WebPage","@id":"https:\/\/www.crec.cat\/esdeveniment\/plazas-agotadas-3o-aniversario-del-crec-celebremoslo-juntos\/","url":"https:\/\/www.crec.cat\/esdeveniment\/plazas-agotadas-3o-aniversario-del-crec-celebremoslo-juntos\/","name":"PLAZAS AGOTADAS - 3\u00ba aniversario del CREC. \u00a1Celebr\u00e9moslo juntos! | CREC","isPartOf":{"@id":"https:\/\/www.crec.cat\/#website"},"primaryImageOfPage":{"@id":"https:\/\/www.crec.cat\/esdeveniment\/plazas-agotadas-3o-aniversario-del-crec-celebremoslo-juntos\/#primaryimage"},"image":{"@id":"https:\/\/www.crec.cat\/esdeveniment\/plazas-agotadas-3o-aniversario-del-crec-celebremoslo-juntos\/#primaryimage"},"thumbnailUrl":"https:\/\/www.crec.cat\/wp-content\/uploads\/2025\/12\/Imagen-destacada-Entrada-de-Wordpress-17.png","datePublished":"2025-12-16T08:08:23+00:00","breadcrumb":{"@id":"https:\/\/www.crec.cat\/esdeveniment\/plazas-agotadas-3o-aniversario-del-crec-celebremoslo-juntos\/#breadcrumb"},"inLanguage":"es","potentialAction":[{"@type":"ReadAction","target":["https:\/\/www.crec.cat\/esdeveniment\/plazas-agotadas-3o-aniversario-del-crec-celebremoslo-juntos\/"]}]},{"@type":"ImageObject","inLanguage":"es","@id":"https:\/\/www.crec.cat\/esdeveniment\/plazas-agotadas-3o-aniversario-del-crec-celebremoslo-juntos\/#primaryimage","url":"https:\/\/www.crec.cat\/wp-content\/uploads\/2025\/12\/Imagen-destacada-Entrada-de-Wordpress-17.png","contentUrl":"https:\/\/www.crec.cat\/wp-content\/uploads\/2025\/12\/Imagen-destacada-Entrada-de-Wordpress-17.png","width":1200,"height":1200},{"@type":"BreadcrumbList","@id":"https:\/\/www.crec.cat\/esdeveniment\/plazas-agotadas-3o-aniversario-del-crec-celebremoslo-juntos\/#breadcrumb","itemListElement":[{"@type":"ListItem","position":1,"name":"Inici","item":"https:\/\/www.crec.cat\/es\/"},{"@type":"ListItem","position":2,"name":"Events","item":"https:\/\/www.crec.cat\/en\/esdeveniments\/"},{"@type":"ListItem","position":3,"name":"PLAZAS AGOTADAS &#8211; 3\u00ba aniversario del CREC. \u00a1Celebr\u00e9moslo juntos!"}]},{"@type":"WebSite","@id":"https:\/\/www.crec.cat\/#website","url":"https:\/\/www.crec.cat\/","name":"CREC","description":"Impulsem la competitivitat del sector de residus i l&#039;economia circular de Catalunya","publisher":{"@id":"https:\/\/www.crec.cat\/#organization"},"alternateName":"Cl\u00faster de Residus de Catalunya","potentialAction":[{"@type":"SearchAction","target":{"@type":"EntryPoint","urlTemplate":"https:\/\/www.crec.cat\/?s={search_term_string}"},"query-input":{"@type":"PropertyValueSpecification","valueRequired":true,"valueName":"search_term_string"}}],"inLanguage":"es"},{"@type":"Organization","@id":"https:\/\/www.crec.cat\/#organization","name":"CREC","alternateName":"CREC","url":"https:\/\/www.crec.cat\/","logo":{"@type":"ImageObject","inLanguage":"es","@id":"https:\/\/www.crec.cat\/#\/schema\/logo\/image\/","url":"https:\/\/www.crec.cat\/wp-content\/uploads\/2021\/04\/Favicon-CREC.png","contentUrl":"https:\/\/www.crec.cat\/wp-content\/uploads\/2021\/04\/Favicon-CREC.png","width":2134,"height":2134,"caption":"CREC"},"image":{"@id":"https:\/\/www.crec.cat\/#\/schema\/logo\/image\/"},"sameAs":["https:\/\/x.com\/clusterresidus","https:\/\/www.linkedin.com\/company\/cluster-de-residus-de-catalunya\/"]}]}},"_links":{"self":[{"href":"https:\/\/www.crec.cat\/es\/wp-json\/wp\/v2\/tribe_events\/6582","targetHints":{"allow":["GET"]}}],"collection":[{"href":"https:\/\/www.crec.cat\/es\/wp-json\/wp\/v2\/tribe_events"}],"about":[{"href":"https:\/\/www.crec.cat\/es\/wp-json\/wp\/v2\/types\/tribe_events"}],"author":[{"embeddable":true,"href":"https:\/\/www.crec.cat\/es\/wp-json\/wp\/v2\/users\/2"}],"version-history":[{"count":0,"href":"https:\/\/www.crec.cat\/es\/wp-json\/wp\/v2\/tribe_events\/6582\/revisions"}],"wp:featuredmedia":[{"embeddable":true,"href":"https:\/\/www.crec.cat\/es\/wp-json\/wp\/v2\/media\/6195"}],"wp:attachment":[{"href":"https:\/\/www.crec.cat\/es\/wp-json\/wp\/v2\/media?parent=6582"}],"wp:term":[{"taxonomy":"post_tag","embeddable":true,"href":"https:\/\/www.crec.cat\/es\/wp-json\/wp\/v2\/tags?post=6582"},{"taxonomy":"tribe_events_cat","embeddable":true,"href":"https:\/\/www.crec.cat\/es\/wp-json\/wp\/v2\/tribe_events_cat?post=6582"}],"curies":[{"name":"wp","href":"https:\/\/api.w.org\/{rel}","templated":true}]}}

PLAZAS AGOTADAS &#8211; 3º aniversario del CREC. ¡Celebrémoslo juntos!

<p><strong>PLAZAS AGOTADAS</strong></p>
<p>Este año el CREC celebra su tercer aniversario, un hito muy especial para nuestro Clúster. Seguimos siendo un clúster joven, pero en solo tres años hemos crecido de manera notable, hemos fortalecido el ecosistema clúster y hemos estado presentes en múltiples iniciativas que impulsan la competitividad de las empresas del sector de la economía circular y los residuos en Cataluña. Todo ello ha sido posible gracias a la implicación y la confianza de nuestras empresas socias.</p>
<p>Por este motivo, queremos invitaros a este encuentro especial pensado para celebrar juntos este camino compartido y reforzar las sinergias de futuro. Te esperan actividades, música y más sorpresas para seguir creciendo, porque el CREC crece contigo.</p>
<p><strong>Programa del acto:</strong></p>
<ul>
<li>Café de bienvenida</li>
<li>Actividad para generar conexiones y seguir avanzando todos a una</li>
<li>Networking y brindis final para conmemorar este tercer aniversario</li>
</ul>
<p><strong>Fecha:</strong> Jueves, 29 de enero de 2026<br />
<strong>Horario:</strong> de 15:30 h a 19:00 h<br />
<strong>Lugar:</strong> Sala de la Fundació Enric Miralles</p>
<p><em>Actividad exclusiva para socios</em></p>

<p>🎉 ¡Estamos de aniversario! Llega el tercer año de vida del CREC y queremos celebrarlo con todos/as vosotros/as.</p>

<!-- This site is optimized with the Yoast SEO plugin v27.2 - https://yoast.com/product/yoast-seo-wordpress/ -->
<title>PLAZAS AGOTADAS - 3º aniversario del CREC. ¡Celebrémoslo juntos! | CREC</title>
<meta name="robots" content="index, follow, max-snippet:-1, max-image-preview:large, max-video-preview:-1" />
<link rel="canonical" href="https://www.crec.cat/esdeveniment/plazas-agotadas-3o-aniversario-del-crec-celebremoslo-juntos/" />
<meta property="og:locale" content="es_ES" />
<meta property="og:type" content="article" />
<meta property="og:title" content="PLAZAS AGOTADAS - 3º aniversario del CREC. ¡Celebrémoslo juntos! | CREC" />
<meta property="og:description" content="🎉 ¡Estamos de aniversario! Llega el tercer año de vida del CREC y queremos celebrarlo con todos/as vosotros/as." />
<meta property="og:url" content="https://www.crec.cat/esdeveniment/plazas-agotadas-3o-aniversario-del-crec-celebremoslo-juntos/" />
<meta property="og:site_name" content="CREC" />
<meta property="og:image" content="https://www.crec.cat/wp-content/uploads/2024/11/CREC.jpg" />
	<meta property="og:image:width" content="1280" />
	<meta property="og:image:height" content="720" />
	<meta property="og:image:type" content="image/jpeg" />
<meta name="twitter:card" content="summary_large_image" />
<meta name="twitter:site" content="@clusterresidus" />
<meta name="twitter:label1" content="Tiempo de lectura" />
	<meta name="twitter:data1" content="1 minuto" />
<script type="application/ld+json" class="yoast-schema-graph">{"@context":"https://schema.org","@graph":[{"@type":"WebPage","@id":"https://www.crec.cat/esdeveniment/plazas-agotadas-3o-aniversario-del-crec-celebremoslo-juntos/","url":"https://www.crec.cat/esdeveniment/plazas-agotadas-3o-aniversario-del-crec-celebremoslo-juntos/","name":"PLAZAS AGOTADAS - 3º aniversario del CREC. ¡Celebrémoslo juntos! | CREC","isPartOf":{"@id":"https://www.crec.cat/#website"},"primaryImageOfPage":{"@id":"https://www.crec.cat/esdeveniment/plazas-agotadas-3o-aniversario-del-crec-celebremoslo-juntos/#primaryimage"},"image":{"@id":"https://www.crec.cat/esdeveniment/plazas-agotadas-3o-aniversario-del-crec-celebremoslo-juntos/#primaryimage"},"thumbnailUrl":"https://www.crec.cat/wp-content/uploads/2025/12/Imagen-destacada-Entrada-de-Wordpress-17.png","datePublished":"2025-12-16T08:08:23+00:00","breadcrumb":{"@id":"https://www.crec.cat/esdeveniment/plazas-agotadas-3o-aniversario-del-crec-celebremoslo-juntos/#breadcrumb"},"inLanguage":"es","potentialAction":[{"@type":"ReadAction","target":["https://www.crec.cat/esdeveniment/plazas-agotadas-3o-aniversario-del-crec-celebremoslo-juntos/"]}]},{"@type":"ImageObject","inLanguage":"es","@id":"https://www.crec.cat/esdeveniment/plazas-agotadas-3o-aniversario-del-crec-celebremoslo-juntos/#primaryimage","url":"https://www.crec.cat/wp-content/uploads/2025/12/Imagen-destacada-Entrada-de-Wordpress-17.png","contentUrl":"https://www.crec.cat/wp-content/uploads/2025/12/Imagen-destacada-Entrada-de-Wordpress-17.png","width":1200,"height":1200},{"@type":"BreadcrumbList","@id":"https://www.crec.cat/esdeveniment/plazas-agotadas-3o-aniversario-del-crec-celebremoslo-juntos/#breadcrumb","itemListElement":[{"@type":"ListItem","position":1,"name":"Inici","item":"https://www.crec.cat/es/"},{"@type":"ListItem","position":2,"name":"Events","item":"https://www.crec.cat/en/esdeveniments/"},{"@type":"ListItem","position":3,"name":"PLAZAS AGOTADAS &#8211; 3º aniversario del CREC. ¡Celebrémoslo juntos!"}]},{"@type":"WebSite","@id":"https://www.crec.cat/#website","url":"https://www.crec.cat/","name":"CREC","description":"Impulsem la competitivitat del sector de residus i l&#039;economia circular de Catalunya","publisher":{"@id":"https://www.crec.cat/#organization"},"alternateName":"Clúster de Residus de Catalunya","potentialAction":[{"@type":"SearchAction","target":{"@type":"EntryPoint","urlTemplate":"https://www.crec.cat/?s={search_term_string}"},"query-input":{"@type":"PropertyValueSpecification","valueRequired":true,"valueName":"search_term_string"}}],"inLanguage":"es"},{"@type":"Organization","@id":"https://www.crec.cat/#organization","name":"CREC","alternateName":"CREC","url":"https://www.crec.cat/","logo":{"@type":"ImageObject","inLanguage":"es","@id":"https://www.crec.cat/#/schema/logo/image/","url":"https://www.crec.cat/wp-content/uploads/2021/04/Favicon-CREC.png","contentUrl":"https://www.crec.cat/wp-content/uploads/2021/04/Favicon-CREC.png","width":2134,"height":2134,"caption":"CREC"},"image":{"@id":"https://www.crec.cat/#/schema/logo/image/"},"sameAs":["https://x.com/clusterresidus","https://www.linkedin.com/company/cluster-de-residus-de-catalunya/"]}]}</script>
<!-- / Yoast SEO plugin. -->

PLAZAS AGOTADAS - 3º aniversario del CREC. ¡Celebrémoslo juntos! | CREC

🎉 ¡Estamos de aniversario! Llega el tercer año de vida del CREC y queremos celebrarlo con todos/as vosotros/as.

Clúster de Residus de Catalunya
