{"id":6580,"date":"2025-12-22T11:40:18","date_gmt":"2025-12-22T10:40:18","guid":{"rendered":"https:\/\/www.crec.cat\/esdeveniment\/lubricantes-sostenibles-innovacion-circularidad-y-futuro\/"},"modified":"2025-12-22T11:40:18","modified_gmt":"2025-12-22T10:40:18","slug":"lubricantes-sostenibles-innovacion-circularidad-y-futuro","status":"publish","type":"tribe_events","link":"https:\/\/www.crec.cat\/es\/esdeveniment\/lubricantes-sostenibles-innovacion-circularidad-y-futuro\/","title":{"rendered":"Lubricantes Sostenibles: Innovaci\u00f3n, circularidad y futuro"},"content":{"rendered":"<p>\u00bfQuieres conocer herramientas para mejorar la sostenibilidad en el sector de los aceites lubricantes?<br \/>\n\u00a1Te interesa!<\/p>\n<p>El CREC \u2013 Cl\u00faster de Residuos de Catalu\u00f1a, junto con CATOR y LEITAT, organiza una jornada presencial sectorial dirigida a empresas fabricantes de lubricantes, aceites industriales y aditivos, con el objetivo de poner el foco en:<\/p>\n<ul>\n<li>Conocer la nueva legislaci\u00f3n de aceites industriales y sus impactos legales y ambientales<\/li>\n<li>Analizar el papel clave de las bases regeneradas en la formulaci\u00f3n de aceites m\u00e1s sostenibles<\/li>\n<li>Debatir sobre aditivos sostenibles, biodegradabilidad y E.U. Ecolabel<\/li>\n<li>Entender el proceso, la calidad y la huella de carbono de los aceites regenerados<\/li>\n<li>Ampliar tu red de contactos en un entorno sectorial y especializado<\/li>\n<\/ul>\n<p><strong>Programa:<\/strong><\/p>\n<p>9:30 &#8211; 10:00 Recepci\u00f3n de asistentes<\/p>\n<p>10:00 &#8211; 10:10 Bienvenida e inicio de la jornada (Representante de CREC, Leitat y Cator)<\/p>\n<p>10:10 &#8211; 10:30 Marco normativo y retos legales del sector. Broseta Abogados, S.L.P. (Sof\u00eda Cabedo)<\/p>\n<p>10:30 &#8211; 10:50 Bases regeneradas: una apuesta segura hacia la circularidad. Cator (Llu\u00eds Gimeno &amp; Toni Valls)<\/p>\n<p>10:50 &#8211; 11:05 Coffee break<\/p>\n<p>11:05 &#8211; 11:30 EU ECOLABEL: una herramienta estrat\u00e9gica para lubricantes sostenibles. Leitat (Marta Escamilla &amp; Laura Batlle)<\/p>\n<p>11:30 &#8211; 12:15 Casos de \u00e9xito que inspiran: regeneraci\u00f3n, sostenibilidad e investigaci\u00f3n aplicada. Leitat (Marta Escamilla &amp; Laura Batlle)<\/p>\n<p>12:15 &#8211; 12:30 Networking<\/p>\n<p>12:30 Visita opcional a la planta de Cator<\/p>\n<p>Reserva la fecha.<\/p>\n<p>\ud83d\udcc5 <strong>Fecha:<\/strong> 4 de febrero de 2026<br \/>\n\ud83d\udd59 <strong>Horario:<\/strong> de 10:00 h a 13:00 h<br \/>\n\ud83d\udccd <strong>Lugar:<\/strong> Cator<br \/>\n\ud83d\udc65 <strong>Aforo limitado:<\/strong> 25\u201330 personas<\/p>\n","protected":false},"excerpt":{"rendered":"<p>\u00bfQuieres conocer herramientas para mejorar la sostenibilidad en el sector de los aceites lubricantes?<\/p>\n","protected":false},"author":2,"featured_media":6579,"template":"","meta":{"_acf_changed":false,"neve_meta_sidebar":"","neve_meta_container":"","neve_meta_enable_content_width":"","neve_meta_content_width":0,"neve_meta_title_alignment":"","neve_meta_author_avatar":"","neve_post_elements_order":"","neve_meta_disable_header":"","neve_meta_disable_footer":"","neve_meta_disable_title":"","_tribe_events_status":"","_tribe_events_status_reason":"","footnotes":""},"tags":[],"tribe_events_cat":[56,28],"class_list":["post-6580","tribe_events","type-tribe_events","status-publish","has-post-thumbnail","hentry","tribe_events_cat-ended","tribe_events_cat-finalitzat","cat_ended","cat_finalitzat"],"acf":[],"yoast_head":"<!-- This site is optimized with the Yoast SEO plugin v27.2 - https:\/\/yoast.com\/product\/yoast-seo-wordpress\/ -->\n<title>Lubricantes Sostenibles: Innovaci\u00f3n, circularidad y futuro | CREC<\/title>\n<meta name=\"robots\" content=\"index, follow, max-snippet:-1, max-image-preview:large, max-video-preview:-1\" \/>\n<link rel=\"canonical\" href=\"https:\/\/www.crec.cat\/esdeveniment\/lubricantes-sostenibles-innovacion-circularidad-y-futuro\/\" \/>\n<meta property=\"og:locale\" content=\"es_ES\" \/>\n<meta property=\"og:type\" content=\"article\" \/>\n<meta property=\"og:title\" content=\"Lubricantes Sostenibles: Innovaci\u00f3n, circularidad y futuro | CREC\" \/>\n<meta property=\"og:description\" content=\"\u00bfQuieres conocer herramientas para mejorar la sostenibilidad en el sector de los aceites lubricantes?\" \/>\n<meta property=\"og:url\" content=\"https:\/\/www.crec.cat\/esdeveniment\/lubricantes-sostenibles-innovacion-circularidad-y-futuro\/\" \/>\n<meta property=\"og:site_name\" content=\"CREC\" \/>\n<meta property=\"og:image\" content=\"https:\/\/www.crec.cat\/wp-content\/uploads\/2024\/11\/CREC.jpg\" \/>\n\t<meta property=\"og:image:width\" content=\"1280\" \/>\n\t<meta property=\"og:image:height\" content=\"720\" \/>\n\t<meta property=\"og:image:type\" content=\"image\/jpeg\" \/>\n<meta name=\"twitter:card\" content=\"summary_large_image\" \/>\n<meta name=\"twitter:site\" content=\"@clusterresidus\" \/>\n<meta name=\"twitter:label1\" content=\"Tiempo de lectura\" \/>\n\t<meta name=\"twitter:data1\" content=\"1 minuto\" \/>\n<script type=\"application\/ld+json\" class=\"yoast-schema-graph\">{\"@context\":\"https:\/\/schema.org\",\"@graph\":[{\"@type\":\"WebPage\",\"@id\":\"https:\/\/www.crec.cat\/esdeveniment\/lubricantes-sostenibles-innovacion-circularidad-y-futuro\/\",\"url\":\"https:\/\/www.crec.cat\/esdeveniment\/lubricantes-sostenibles-innovacion-circularidad-y-futuro\/\",\"name\":\"Lubricantes Sostenibles: Innovaci\u00f3n, circularidad y futuro | CREC\",\"isPartOf\":{\"@id\":\"https:\/\/www.crec.cat\/#website\"},\"primaryImageOfPage\":{\"@id\":\"https:\/\/www.crec.cat\/esdeveniment\/lubricantes-sostenibles-innovacion-circularidad-y-futuro\/#primaryimage\"},\"image\":{\"@id\":\"https:\/\/www.crec.cat\/esdeveniment\/lubricantes-sostenibles-innovacion-circularidad-y-futuro\/#primaryimage\"},\"thumbnailUrl\":\"https:\/\/www.crec.cat\/wp-content\/uploads\/2025\/12\/Imagen-destacada-Entrada-de-Wordpress-22.png\",\"datePublished\":\"2025-12-22T10:40:18+00:00\",\"breadcrumb\":{\"@id\":\"https:\/\/www.crec.cat\/esdeveniment\/lubricantes-sostenibles-innovacion-circularidad-y-futuro\/#breadcrumb\"},\"inLanguage\":\"es\",\"potentialAction\":[{\"@type\":\"ReadAction\",\"target\":[\"https:\/\/www.crec.cat\/esdeveniment\/lubricantes-sostenibles-innovacion-circularidad-y-futuro\/\"]}]},{\"@type\":\"ImageObject\",\"inLanguage\":\"es\",\"@id\":\"https:\/\/www.crec.cat\/esdeveniment\/lubricantes-sostenibles-innovacion-circularidad-y-futuro\/#primaryimage\",\"url\":\"https:\/\/www.crec.cat\/wp-content\/uploads\/2025\/12\/Imagen-destacada-Entrada-de-Wordpress-22.png\",\"contentUrl\":\"https:\/\/www.crec.cat\/wp-content\/uploads\/2025\/12\/Imagen-destacada-Entrada-de-Wordpress-22.png\",\"width\":1200,\"height\":1200},{\"@type\":\"BreadcrumbList\",\"@id\":\"https:\/\/www.crec.cat\/esdeveniment\/lubricantes-sostenibles-innovacion-circularidad-y-futuro\/#breadcrumb\",\"itemListElement\":[{\"@type\":\"ListItem\",\"position\":1,\"name\":\"Inici\",\"item\":\"https:\/\/www.crec.cat\/es\/\"},{\"@type\":\"ListItem\",\"position\":2,\"name\":\"Events\",\"item\":\"https:\/\/www.crec.cat\/en\/esdeveniments\/\"},{\"@type\":\"ListItem\",\"position\":3,\"name\":\"Lubricantes Sostenibles: Innovaci\u00f3n, circularidad y futuro\"}]},{\"@type\":\"WebSite\",\"@id\":\"https:\/\/www.crec.cat\/#website\",\"url\":\"https:\/\/www.crec.cat\/\",\"name\":\"CREC\",\"description\":\"Impulsem la competitivitat del sector de residus i l&#039;economia circular de Catalunya\",\"publisher\":{\"@id\":\"https:\/\/www.crec.cat\/#organization\"},\"alternateName\":\"Cl\u00faster de Residus de Catalunya\",\"potentialAction\":[{\"@type\":\"SearchAction\",\"target\":{\"@type\":\"EntryPoint\",\"urlTemplate\":\"https:\/\/www.crec.cat\/?s={search_term_string}\"},\"query-input\":{\"@type\":\"PropertyValueSpecification\",\"valueRequired\":true,\"valueName\":\"search_term_string\"}}],\"inLanguage\":\"es\"},{\"@type\":\"Organization\",\"@id\":\"https:\/\/www.crec.cat\/#organization\",\"name\":\"CREC\",\"alternateName\":\"CREC\",\"url\":\"https:\/\/www.crec.cat\/\",\"logo\":{\"@type\":\"ImageObject\",\"inLanguage\":\"es\",\"@id\":\"https:\/\/www.crec.cat\/#\/schema\/logo\/image\/\",\"url\":\"https:\/\/www.crec.cat\/wp-content\/uploads\/2021\/04\/Favicon-CREC.png\",\"contentUrl\":\"https:\/\/www.crec.cat\/wp-content\/uploads\/2021\/04\/Favicon-CREC.png\",\"width\":2134,\"height\":2134,\"caption\":\"CREC\"},\"image\":{\"@id\":\"https:\/\/www.crec.cat\/#\/schema\/logo\/image\/\"},\"sameAs\":[\"https:\/\/x.com\/clusterresidus\",\"https:\/\/www.linkedin.com\/company\/cluster-de-residus-de-catalunya\/\"]}]}<\/script>\n<!-- \/ Yoast SEO plugin. -->","yoast_head_json":{"title":"Lubricantes Sostenibles: Innovaci\u00f3n, circularidad y futuro | CREC","robots":{"index":"index","follow":"follow","max-snippet":"max-snippet:-1","max-image-preview":"max-image-preview:large","max-video-preview":"max-video-preview:-1"},"canonical":"https:\/\/www.crec.cat\/esdeveniment\/lubricantes-sostenibles-innovacion-circularidad-y-futuro\/","og_locale":"es_ES","og_type":"article","og_title":"Lubricantes Sostenibles: Innovaci\u00f3n, circularidad y futuro | CREC","og_description":"\u00bfQuieres conocer herramientas para mejorar la sostenibilidad en el sector de los aceites lubricantes?","og_url":"https:\/\/www.crec.cat\/esdeveniment\/lubricantes-sostenibles-innovacion-circularidad-y-futuro\/","og_site_name":"CREC","og_image":[{"width":1280,"height":720,"url":"https:\/\/www.crec.cat\/wp-content\/uploads\/2024\/11\/CREC.jpg","type":"image\/jpeg"}],"twitter_card":"summary_large_image","twitter_site":"@clusterresidus","twitter_misc":{"Tiempo de lectura":"1 minuto"},"schema":{"@context":"https:\/\/schema.org","@graph":[{"@type":"WebPage","@id":"https:\/\/www.crec.cat\/esdeveniment\/lubricantes-sostenibles-innovacion-circularidad-y-futuro\/","url":"https:\/\/www.crec.cat\/esdeveniment\/lubricantes-sostenibles-innovacion-circularidad-y-futuro\/","name":"Lubricantes Sostenibles: Innovaci\u00f3n, circularidad y futuro | CREC","isPartOf":{"@id":"https:\/\/www.crec.cat\/#website"},"primaryImageOfPage":{"@id":"https:\/\/www.crec.cat\/esdeveniment\/lubricantes-sostenibles-innovacion-circularidad-y-futuro\/#primaryimage"},"image":{"@id":"https:\/\/www.crec.cat\/esdeveniment\/lubricantes-sostenibles-innovacion-circularidad-y-futuro\/#primaryimage"},"thumbnailUrl":"https:\/\/www.crec.cat\/wp-content\/uploads\/2025\/12\/Imagen-destacada-Entrada-de-Wordpress-22.png","datePublished":"2025-12-22T10:40:18+00:00","breadcrumb":{"@id":"https:\/\/www.crec.cat\/esdeveniment\/lubricantes-sostenibles-innovacion-circularidad-y-futuro\/#breadcrumb"},"inLanguage":"es","potentialAction":[{"@type":"ReadAction","target":["https:\/\/www.crec.cat\/esdeveniment\/lubricantes-sostenibles-innovacion-circularidad-y-futuro\/"]}]},{"@type":"ImageObject","inLanguage":"es","@id":"https:\/\/www.crec.cat\/esdeveniment\/lubricantes-sostenibles-innovacion-circularidad-y-futuro\/#primaryimage","url":"https:\/\/www.crec.cat\/wp-content\/uploads\/2025\/12\/Imagen-destacada-Entrada-de-Wordpress-22.png","contentUrl":"https:\/\/www.crec.cat\/wp-content\/uploads\/2025\/12\/Imagen-destacada-Entrada-de-Wordpress-22.png","width":1200,"height":1200},{"@type":"BreadcrumbList","@id":"https:\/\/www.crec.cat\/esdeveniment\/lubricantes-sostenibles-innovacion-circularidad-y-futuro\/#breadcrumb","itemListElement":[{"@type":"ListItem","position":1,"name":"Inici","item":"https:\/\/www.crec.cat\/es\/"},{"@type":"ListItem","position":2,"name":"Events","item":"https:\/\/www.crec.cat\/en\/esdeveniments\/"},{"@type":"ListItem","position":3,"name":"Lubricantes Sostenibles: Innovaci\u00f3n, circularidad y futuro"}]},{"@type":"WebSite","@id":"https:\/\/www.crec.cat\/#website","url":"https:\/\/www.crec.cat\/","name":"CREC","description":"Impulsem la competitivitat del sector de residus i l&#039;economia circular de Catalunya","publisher":{"@id":"https:\/\/www.crec.cat\/#organization"},"alternateName":"Cl\u00faster de Residus de Catalunya","potentialAction":[{"@type":"SearchAction","target":{"@type":"EntryPoint","urlTemplate":"https:\/\/www.crec.cat\/?s={search_term_string}"},"query-input":{"@type":"PropertyValueSpecification","valueRequired":true,"valueName":"search_term_string"}}],"inLanguage":"es"},{"@type":"Organization","@id":"https:\/\/www.crec.cat\/#organization","name":"CREC","alternateName":"CREC","url":"https:\/\/www.crec.cat\/","logo":{"@type":"ImageObject","inLanguage":"es","@id":"https:\/\/www.crec.cat\/#\/schema\/logo\/image\/","url":"https:\/\/www.crec.cat\/wp-content\/uploads\/2021\/04\/Favicon-CREC.png","contentUrl":"https:\/\/www.crec.cat\/wp-content\/uploads\/2021\/04\/Favicon-CREC.png","width":2134,"height":2134,"caption":"CREC"},"image":{"@id":"https:\/\/www.crec.cat\/#\/schema\/logo\/image\/"},"sameAs":["https:\/\/x.com\/clusterresidus","https:\/\/www.linkedin.com\/company\/cluster-de-residus-de-catalunya\/"]}]}},"_links":{"self":[{"href":"https:\/\/www.crec.cat\/es\/wp-json\/wp\/v2\/tribe_events\/6580","targetHints":{"allow":["GET"]}}],"collection":[{"href":"https:\/\/www.crec.cat\/es\/wp-json\/wp\/v2\/tribe_events"}],"about":[{"href":"https:\/\/www.crec.cat\/es\/wp-json\/wp\/v2\/types\/tribe_events"}],"author":[{"embeddable":true,"href":"https:\/\/www.crec.cat\/es\/wp-json\/wp\/v2\/users\/2"}],"version-history":[{"count":0,"href":"https:\/\/www.crec.cat\/es\/wp-json\/wp\/v2\/tribe_events\/6580\/revisions"}],"wp:featuredmedia":[{"embeddable":true,"href":"https:\/\/www.crec.cat\/es\/wp-json\/wp\/v2\/media\/6579"}],"wp:attachment":[{"href":"https:\/\/www.crec.cat\/es\/wp-json\/wp\/v2\/media?parent=6580"}],"wp:term":[{"taxonomy":"post_tag","embeddable":true,"href":"https:\/\/www.crec.cat\/es\/wp-json\/wp\/v2\/tags?post=6580"},{"taxonomy":"tribe_events_cat","embeddable":true,"href":"https:\/\/www.crec.cat\/es\/wp-json\/wp\/v2\/tribe_events_cat?post=6580"}],"curies":[{"name":"wp","href":"https:\/\/api.w.org\/{rel}","templated":true}]}}

Lubricantes Sostenibles: Innovación, circularidad y futuro

<p>¿Quieres conocer herramientas para mejorar la sostenibilidad en el sector de los aceites lubricantes?<br />
¡Te interesa!</p>
<p>El CREC – Clúster de Residuos de Cataluña, junto con CATOR y LEITAT, organiza una jornada presencial sectorial dirigida a empresas fabricantes de lubricantes, aceites industriales y aditivos, con el objetivo de poner el foco en:</p>
<ul>
<li>Conocer la nueva legislación de aceites industriales y sus impactos legales y ambientales</li>
<li>Analizar el papel clave de las bases regeneradas en la formulación de aceites más sostenibles</li>
<li>Debatir sobre aditivos sostenibles, biodegradabilidad y E.U. Ecolabel</li>
<li>Entender el proceso, la calidad y la huella de carbono de los aceites regenerados</li>
<li>Ampliar tu red de contactos en un entorno sectorial y especializado</li>
</ul>
<p><strong>Programa:</strong></p>
<p>9:30 &#8211; 10:00 Recepción de asistentes</p>
<p>10:00 &#8211; 10:10 Bienvenida e inicio de la jornada (Representante de CREC, Leitat y Cator)</p>
<p>10:10 &#8211; 10:30 Marco normativo y retos legales del sector. Broseta Abogados, S.L.P. (Sofía Cabedo)</p>
<p>10:30 &#8211; 10:50 Bases regeneradas: una apuesta segura hacia la circularidad. Cator (Lluís Gimeno &amp; Toni Valls)</p>
<p>10:50 &#8211; 11:05 Coffee break</p>
<p>11:05 &#8211; 11:30 EU ECOLABEL: una herramienta estratégica para lubricantes sostenibles. Leitat (Marta Escamilla &amp; Laura Batlle)</p>
<p>11:30 &#8211; 12:15 Casos de éxito que inspiran: regeneración, sostenibilidad e investigación aplicada. Leitat (Marta Escamilla &amp; Laura Batlle)</p>
<p>12:15 &#8211; 12:30 Networking</p>
<p>12:30 Visita opcional a la planta de Cator</p>
<p>Reserva la fecha.</p>
<p>📅 <strong>Fecha:</strong> 4 de febrero de 2026<br />
🕙 <strong>Horario:</strong> de 10:00 h a 13:00 h<br />
📍 <strong>Lugar:</strong> Cator<br />
👥 <strong>Aforo limitado:</strong> 25–30 personas</p>

<!-- This site is optimized with the Yoast SEO plugin v27.2 - https://yoast.com/product/yoast-seo-wordpress/ -->
<title>Lubricantes Sostenibles: Innovación, circularidad y futuro | CREC</title>
<meta name="robots" content="index, follow, max-snippet:-1, max-image-preview:large, max-video-preview:-1" />
<link rel="canonical" href="https://www.crec.cat/esdeveniment/lubricantes-sostenibles-innovacion-circularidad-y-futuro/" />
<meta property="og:locale" content="es_ES" />
<meta property="og:type" content="article" />
<meta property="og:title" content="Lubricantes Sostenibles: Innovación, circularidad y futuro | CREC" />
<meta property="og:description" content="¿Quieres conocer herramientas para mejorar la sostenibilidad en el sector de los aceites lubricantes?" />
<meta property="og:url" content="https://www.crec.cat/esdeveniment/lubricantes-sostenibles-innovacion-circularidad-y-futuro/" />
<meta property="og:site_name" content="CREC" />
<meta property="og:image" content="https://www.crec.cat/wp-content/uploads/2024/11/CREC.jpg" />
	<meta property="og:image:width" content="1280" />
	<meta property="og:image:height" content="720" />
	<meta property="og:image:type" content="image/jpeg" />
<meta name="twitter:card" content="summary_large_image" />
<meta name="twitter:site" content="@clusterresidus" />
<meta name="twitter:label1" content="Tiempo de lectura" />
	<meta name="twitter:data1" content="1 minuto" />
<script type="application/ld+json" class="yoast-schema-graph">{"@context":"https://schema.org","@graph":[{"@type":"WebPage","@id":"https://www.crec.cat/esdeveniment/lubricantes-sostenibles-innovacion-circularidad-y-futuro/","url":"https://www.crec.cat/esdeveniment/lubricantes-sostenibles-innovacion-circularidad-y-futuro/","name":"Lubricantes Sostenibles: Innovación, circularidad y futuro | CREC","isPartOf":{"@id":"https://www.crec.cat/#website"},"primaryImageOfPage":{"@id":"https://www.crec.cat/esdeveniment/lubricantes-sostenibles-innovacion-circularidad-y-futuro/#primaryimage"},"image":{"@id":"https://www.crec.cat/esdeveniment/lubricantes-sostenibles-innovacion-circularidad-y-futuro/#primaryimage"},"thumbnailUrl":"https://www.crec.cat/wp-content/uploads/2025/12/Imagen-destacada-Entrada-de-Wordpress-22.png","datePublished":"2025-12-22T10:40:18+00:00","breadcrumb":{"@id":"https://www.crec.cat/esdeveniment/lubricantes-sostenibles-innovacion-circularidad-y-futuro/#breadcrumb"},"inLanguage":"es","potentialAction":[{"@type":"ReadAction","target":["https://www.crec.cat/esdeveniment/lubricantes-sostenibles-innovacion-circularidad-y-futuro/"]}]},{"@type":"ImageObject","inLanguage":"es","@id":"https://www.crec.cat/esdeveniment/lubricantes-sostenibles-innovacion-circularidad-y-futuro/#primaryimage","url":"https://www.crec.cat/wp-content/uploads/2025/12/Imagen-destacada-Entrada-de-Wordpress-22.png","contentUrl":"https://www.crec.cat/wp-content/uploads/2025/12/Imagen-destacada-Entrada-de-Wordpress-22.png","width":1200,"height":1200},{"@type":"BreadcrumbList","@id":"https://www.crec.cat/esdeveniment/lubricantes-sostenibles-innovacion-circularidad-y-futuro/#breadcrumb","itemListElement":[{"@type":"ListItem","position":1,"name":"Inici","item":"https://www.crec.cat/es/"},{"@type":"ListItem","position":2,"name":"Events","item":"https://www.crec.cat/en/esdeveniments/"},{"@type":"ListItem","position":3,"name":"Lubricantes Sostenibles: Innovación, circularidad y futuro"}]},{"@type":"WebSite","@id":"https://www.crec.cat/#website","url":"https://www.crec.cat/","name":"CREC","description":"Impulsem la competitivitat del sector de residus i l&#039;economia circular de Catalunya","publisher":{"@id":"https://www.crec.cat/#organization"},"alternateName":"Clúster de Residus de Catalunya","potentialAction":[{"@type":"SearchAction","target":{"@type":"EntryPoint","urlTemplate":"https://www.crec.cat/?s={search_term_string}"},"query-input":{"@type":"PropertyValueSpecification","valueRequired":true,"valueName":"search_term_string"}}],"inLanguage":"es"},{"@type":"Organization","@id":"https://www.crec.cat/#organization","name":"CREC","alternateName":"CREC","url":"https://www.crec.cat/","logo":{"@type":"ImageObject","inLanguage":"es","@id":"https://www.crec.cat/#/schema/logo/image/","url":"https://www.crec.cat/wp-content/uploads/2021/04/Favicon-CREC.png","contentUrl":"https://www.crec.cat/wp-content/uploads/2021/04/Favicon-CREC.png","width":2134,"height":2134,"caption":"CREC"},"image":{"@id":"https://www.crec.cat/#/schema/logo/image/"},"sameAs":["https://x.com/clusterresidus","https://www.linkedin.com/company/cluster-de-residus-de-catalunya/"]}]}</script>
<!-- / Yoast SEO plugin. -->

Lubricantes Sostenibles: Innovación, circularidad y futuro | CREC

Clúster de Residus de Catalunya
