{"id":6578,"date":"2025-12-23T16:03:32","date_gmt":"2025-12-23T15:03:32","guid":{"rendered":"https:\/\/www.crec.cat\/esdeveniment\/webinar-convocatorias-de-ayudas-europeas\/"},"modified":"2025-12-23T16:03:32","modified_gmt":"2025-12-23T15:03:32","slug":"webinar-convocatorias-de-ayudas-europeas","status":"publish","type":"tribe_events","link":"https:\/\/www.crec.cat\/es\/esdeveniment\/webinar-convocatorias-de-ayudas-europeas\/","title":{"rendered":"WEBINAR | Convocatorias de ayudas europeas"},"content":{"rendered":"<p>\u00bfEres socio del CREC y quieres conocer m\u00e1s sobre los Programas Europeos y las convocatorias en residuos y econom\u00eda circular? \u00a1Reserva la fecha y no te pierdas esta sesi\u00f3n informativa!<\/p>\n<p><strong>PROGRAMA<\/strong><\/p>\n<p>10:00 h a 10:10 h &#8211; Bienvenida<\/p>\n<p>10:10 h a 10:40 h &#8211; Oportunidades de financiaci\u00f3n de programas colaborativos de I+D+i 2026 (Horizon Europe, Life, Innovation Fund, Eureka, Cascade funding)<\/p>\n<p>10:40 h a 11:00 h &#8211; C\u00f3mo participar en proyectos europeos de I+D+i (Funding &amp; Tenders, c\u00f3mo leer un topic, b\u00fasqueda de socios, del topic a la propuesta)<\/p>\n<p>11:00 h a 11:30 h &#8211; Casos de \u00e9xito<\/p>\n<p>11:30 h &#8211; Clausura<\/p>\n","protected":false},"excerpt":{"rendered":"<p>\u00bfEres socio del CREC y quieres conocer m\u00e1s sobre los Programas Europeos y las convocatorias en residuos y econom\u00eda circular? \u00a1Reserva la fecha y no te pierdas esta sesi\u00f3n informativa!<\/p>\n","protected":false},"author":2,"featured_media":6273,"template":"","meta":{"_acf_changed":false,"neve_meta_sidebar":"","neve_meta_container":"","neve_meta_enable_content_width":"","neve_meta_content_width":0,"neve_meta_title_alignment":"","neve_meta_author_avatar":"","neve_post_elements_order":"","neve_meta_disable_header":"","neve_meta_disable_footer":"","neve_meta_disable_title":"","_tribe_events_status":"","_tribe_events_status_reason":"","footnotes":""},"tags":[],"tribe_events_cat":[56,28],"class_list":["post-6578","tribe_events","type-tribe_events","status-publish","has-post-thumbnail","hentry","tribe_events_cat-ended","tribe_events_cat-finalitzat","cat_ended","cat_finalitzat"],"acf":[],"yoast_head":"<!-- This site is optimized with the Yoast SEO plugin v27.2 - https:\/\/yoast.com\/product\/yoast-seo-wordpress\/ -->\n<title>WEBINAR | Convocatorias de ayudas europeas | CREC<\/title>\n<meta name=\"robots\" content=\"index, follow, max-snippet:-1, max-image-preview:large, max-video-preview:-1\" \/>\n<link rel=\"canonical\" href=\"https:\/\/www.crec.cat\/esdeveniment\/webinar-convocatorias-de-ayudas-europeas\/\" \/>\n<meta property=\"og:locale\" content=\"es_ES\" \/>\n<meta property=\"og:type\" content=\"article\" \/>\n<meta property=\"og:title\" content=\"WEBINAR | Convocatorias de ayudas europeas | CREC\" \/>\n<meta property=\"og:description\" content=\"\u00bfEres socio del CREC y quieres conocer m\u00e1s sobre los Programas Europeos y las convocatorias en residuos y econom\u00eda circular? \u00a1Reserva la fecha y no te pierdas esta sesi\u00f3n informativa!\" \/>\n<meta property=\"og:url\" content=\"https:\/\/www.crec.cat\/esdeveniment\/webinar-convocatorias-de-ayudas-europeas\/\" \/>\n<meta property=\"og:site_name\" content=\"CREC\" \/>\n<meta property=\"og:image\" content=\"https:\/\/www.crec.cat\/wp-content\/uploads\/2024\/11\/CREC.jpg\" \/>\n\t<meta property=\"og:image:width\" content=\"1280\" \/>\n\t<meta property=\"og:image:height\" content=\"720\" \/>\n\t<meta property=\"og:image:type\" content=\"image\/jpeg\" \/>\n<meta name=\"twitter:card\" content=\"summary_large_image\" \/>\n<meta name=\"twitter:site\" content=\"@clusterresidus\" \/>\n<meta name=\"twitter:label1\" content=\"Tiempo de lectura\" \/>\n\t<meta name=\"twitter:data1\" content=\"1 minuto\" \/>\n<script type=\"application\/ld+json\" class=\"yoast-schema-graph\">{\"@context\":\"https:\/\/schema.org\",\"@graph\":[{\"@type\":\"WebPage\",\"@id\":\"https:\/\/www.crec.cat\/esdeveniment\/webinar-convocatorias-de-ayudas-europeas\/\",\"url\":\"https:\/\/www.crec.cat\/esdeveniment\/webinar-convocatorias-de-ayudas-europeas\/\",\"name\":\"WEBINAR | Convocatorias de ayudas europeas | CREC\",\"isPartOf\":{\"@id\":\"https:\/\/www.crec.cat\/#website\"},\"primaryImageOfPage\":{\"@id\":\"https:\/\/www.crec.cat\/esdeveniment\/webinar-convocatorias-de-ayudas-europeas\/#primaryimage\"},\"image\":{\"@id\":\"https:\/\/www.crec.cat\/esdeveniment\/webinar-convocatorias-de-ayudas-europeas\/#primaryimage\"},\"thumbnailUrl\":\"https:\/\/www.crec.cat\/wp-content\/uploads\/2025\/12\/ACCIO-que-cal-fer-si.jpg_1947905271.jpg\",\"datePublished\":\"2025-12-23T15:03:32+00:00\",\"breadcrumb\":{\"@id\":\"https:\/\/www.crec.cat\/esdeveniment\/webinar-convocatorias-de-ayudas-europeas\/#breadcrumb\"},\"inLanguage\":\"es\",\"potentialAction\":[{\"@type\":\"ReadAction\",\"target\":[\"https:\/\/www.crec.cat\/esdeveniment\/webinar-convocatorias-de-ayudas-europeas\/\"]}]},{\"@type\":\"ImageObject\",\"inLanguage\":\"es\",\"@id\":\"https:\/\/www.crec.cat\/esdeveniment\/webinar-convocatorias-de-ayudas-europeas\/#primaryimage\",\"url\":\"https:\/\/www.crec.cat\/wp-content\/uploads\/2025\/12\/ACCIO-que-cal-fer-si.jpg_1947905271.jpg\",\"contentUrl\":\"https:\/\/www.crec.cat\/wp-content\/uploads\/2025\/12\/ACCIO-que-cal-fer-si.jpg_1947905271.jpg\",\"width\":374,\"height\":230},{\"@type\":\"BreadcrumbList\",\"@id\":\"https:\/\/www.crec.cat\/esdeveniment\/webinar-convocatorias-de-ayudas-europeas\/#breadcrumb\",\"itemListElement\":[{\"@type\":\"ListItem\",\"position\":1,\"name\":\"Inici\",\"item\":\"https:\/\/www.crec.cat\/es\/\"},{\"@type\":\"ListItem\",\"position\":2,\"name\":\"Events\",\"item\":\"https:\/\/www.crec.cat\/en\/esdeveniments\/\"},{\"@type\":\"ListItem\",\"position\":3,\"name\":\"WEBINAR | Convocatorias de ayudas europeas\"}]},{\"@type\":\"WebSite\",\"@id\":\"https:\/\/www.crec.cat\/#website\",\"url\":\"https:\/\/www.crec.cat\/\",\"name\":\"CREC\",\"description\":\"Impulsem la competitivitat del sector de residus i l&#039;economia circular de Catalunya\",\"publisher\":{\"@id\":\"https:\/\/www.crec.cat\/#organization\"},\"alternateName\":\"Cl\u00faster de Residus de Catalunya\",\"potentialAction\":[{\"@type\":\"SearchAction\",\"target\":{\"@type\":\"EntryPoint\",\"urlTemplate\":\"https:\/\/www.crec.cat\/?s={search_term_string}\"},\"query-input\":{\"@type\":\"PropertyValueSpecification\",\"valueRequired\":true,\"valueName\":\"search_term_string\"}}],\"inLanguage\":\"es\"},{\"@type\":\"Organization\",\"@id\":\"https:\/\/www.crec.cat\/#organization\",\"name\":\"CREC\",\"alternateName\":\"CREC\",\"url\":\"https:\/\/www.crec.cat\/\",\"logo\":{\"@type\":\"ImageObject\",\"inLanguage\":\"es\",\"@id\":\"https:\/\/www.crec.cat\/#\/schema\/logo\/image\/\",\"url\":\"https:\/\/www.crec.cat\/wp-content\/uploads\/2021\/04\/Favicon-CREC.png\",\"contentUrl\":\"https:\/\/www.crec.cat\/wp-content\/uploads\/2021\/04\/Favicon-CREC.png\",\"width\":2134,\"height\":2134,\"caption\":\"CREC\"},\"image\":{\"@id\":\"https:\/\/www.crec.cat\/#\/schema\/logo\/image\/\"},\"sameAs\":[\"https:\/\/x.com\/clusterresidus\",\"https:\/\/www.linkedin.com\/company\/cluster-de-residus-de-catalunya\/\"]}]}<\/script>\n<!-- \/ Yoast SEO plugin. -->","yoast_head_json":{"title":"WEBINAR | Convocatorias de ayudas europeas | CREC","robots":{"index":"index","follow":"follow","max-snippet":"max-snippet:-1","max-image-preview":"max-image-preview:large","max-video-preview":"max-video-preview:-1"},"canonical":"https:\/\/www.crec.cat\/esdeveniment\/webinar-convocatorias-de-ayudas-europeas\/","og_locale":"es_ES","og_type":"article","og_title":"WEBINAR | Convocatorias de ayudas europeas | CREC","og_description":"\u00bfEres socio del CREC y quieres conocer m\u00e1s sobre los Programas Europeos y las convocatorias en residuos y econom\u00eda circular? \u00a1Reserva la fecha y no te pierdas esta sesi\u00f3n informativa!","og_url":"https:\/\/www.crec.cat\/esdeveniment\/webinar-convocatorias-de-ayudas-europeas\/","og_site_name":"CREC","og_image":[{"width":1280,"height":720,"url":"https:\/\/www.crec.cat\/wp-content\/uploads\/2024\/11\/CREC.jpg","type":"image\/jpeg"}],"twitter_card":"summary_large_image","twitter_site":"@clusterresidus","twitter_misc":{"Tiempo de lectura":"1 minuto"},"schema":{"@context":"https:\/\/schema.org","@graph":[{"@type":"WebPage","@id":"https:\/\/www.crec.cat\/esdeveniment\/webinar-convocatorias-de-ayudas-europeas\/","url":"https:\/\/www.crec.cat\/esdeveniment\/webinar-convocatorias-de-ayudas-europeas\/","name":"WEBINAR | Convocatorias de ayudas europeas | CREC","isPartOf":{"@id":"https:\/\/www.crec.cat\/#website"},"primaryImageOfPage":{"@id":"https:\/\/www.crec.cat\/esdeveniment\/webinar-convocatorias-de-ayudas-europeas\/#primaryimage"},"image":{"@id":"https:\/\/www.crec.cat\/esdeveniment\/webinar-convocatorias-de-ayudas-europeas\/#primaryimage"},"thumbnailUrl":"https:\/\/www.crec.cat\/wp-content\/uploads\/2025\/12\/ACCIO-que-cal-fer-si.jpg_1947905271.jpg","datePublished":"2025-12-23T15:03:32+00:00","breadcrumb":{"@id":"https:\/\/www.crec.cat\/esdeveniment\/webinar-convocatorias-de-ayudas-europeas\/#breadcrumb"},"inLanguage":"es","potentialAction":[{"@type":"ReadAction","target":["https:\/\/www.crec.cat\/esdeveniment\/webinar-convocatorias-de-ayudas-europeas\/"]}]},{"@type":"ImageObject","inLanguage":"es","@id":"https:\/\/www.crec.cat\/esdeveniment\/webinar-convocatorias-de-ayudas-europeas\/#primaryimage","url":"https:\/\/www.crec.cat\/wp-content\/uploads\/2025\/12\/ACCIO-que-cal-fer-si.jpg_1947905271.jpg","contentUrl":"https:\/\/www.crec.cat\/wp-content\/uploads\/2025\/12\/ACCIO-que-cal-fer-si.jpg_1947905271.jpg","width":374,"height":230},{"@type":"BreadcrumbList","@id":"https:\/\/www.crec.cat\/esdeveniment\/webinar-convocatorias-de-ayudas-europeas\/#breadcrumb","itemListElement":[{"@type":"ListItem","position":1,"name":"Inici","item":"https:\/\/www.crec.cat\/es\/"},{"@type":"ListItem","position":2,"name":"Events","item":"https:\/\/www.crec.cat\/en\/esdeveniments\/"},{"@type":"ListItem","position":3,"name":"WEBINAR | Convocatorias de ayudas europeas"}]},{"@type":"WebSite","@id":"https:\/\/www.crec.cat\/#website","url":"https:\/\/www.crec.cat\/","name":"CREC","description":"Impulsem la competitivitat del sector de residus i l&#039;economia circular de Catalunya","publisher":{"@id":"https:\/\/www.crec.cat\/#organization"},"alternateName":"Cl\u00faster de Residus de Catalunya","potentialAction":[{"@type":"SearchAction","target":{"@type":"EntryPoint","urlTemplate":"https:\/\/www.crec.cat\/?s={search_term_string}"},"query-input":{"@type":"PropertyValueSpecification","valueRequired":true,"valueName":"search_term_string"}}],"inLanguage":"es"},{"@type":"Organization","@id":"https:\/\/www.crec.cat\/#organization","name":"CREC","alternateName":"CREC","url":"https:\/\/www.crec.cat\/","logo":{"@type":"ImageObject","inLanguage":"es","@id":"https:\/\/www.crec.cat\/#\/schema\/logo\/image\/","url":"https:\/\/www.crec.cat\/wp-content\/uploads\/2021\/04\/Favicon-CREC.png","contentUrl":"https:\/\/www.crec.cat\/wp-content\/uploads\/2021\/04\/Favicon-CREC.png","width":2134,"height":2134,"caption":"CREC"},"image":{"@id":"https:\/\/www.crec.cat\/#\/schema\/logo\/image\/"},"sameAs":["https:\/\/x.com\/clusterresidus","https:\/\/www.linkedin.com\/company\/cluster-de-residus-de-catalunya\/"]}]}},"_links":{"self":[{"href":"https:\/\/www.crec.cat\/es\/wp-json\/wp\/v2\/tribe_events\/6578","targetHints":{"allow":["GET"]}}],"collection":[{"href":"https:\/\/www.crec.cat\/es\/wp-json\/wp\/v2\/tribe_events"}],"about":[{"href":"https:\/\/www.crec.cat\/es\/wp-json\/wp\/v2\/types\/tribe_events"}],"author":[{"embeddable":true,"href":"https:\/\/www.crec.cat\/es\/wp-json\/wp\/v2\/users\/2"}],"version-history":[{"count":0,"href":"https:\/\/www.crec.cat\/es\/wp-json\/wp\/v2\/tribe_events\/6578\/revisions"}],"wp:featuredmedia":[{"embeddable":true,"href":"https:\/\/www.crec.cat\/es\/wp-json\/wp\/v2\/media\/6273"}],"wp:attachment":[{"href":"https:\/\/www.crec.cat\/es\/wp-json\/wp\/v2\/media?parent=6578"}],"wp:term":[{"taxonomy":"post_tag","embeddable":true,"href":"https:\/\/www.crec.cat\/es\/wp-json\/wp\/v2\/tags?post=6578"},{"taxonomy":"tribe_events_cat","embeddable":true,"href":"https:\/\/www.crec.cat\/es\/wp-json\/wp\/v2\/tribe_events_cat?post=6578"}],"curies":[{"name":"wp","href":"https:\/\/api.w.org\/{rel}","templated":true}]}}

<p>¿Eres socio del CREC y quieres conocer más sobre los Programas Europeos y las convocatorias en residuos y economía circular? ¡Reserva la fecha y no te pierdas esta sesión informativa!</p>
<p><strong>PROGRAMA</strong></p>
<p>10:00 h a 10:10 h &#8211; Bienvenida</p>
<p>10:10 h a 10:40 h &#8211; Oportunidades de financiación de programas colaborativos de I+D+i 2026 (Horizon Europe, Life, Innovation Fund, Eureka, Cascade funding)</p>
<p>10:40 h a 11:00 h &#8211; Cómo participar en proyectos europeos de I+D+i (Funding &amp; Tenders, cómo leer un topic, búsqueda de socios, del topic a la propuesta)</p>
<p>11:00 h a 11:30 h &#8211; Casos de éxito</p>
<p>11:30 h &#8211; Clausura</p>

<p>¿Eres socio del CREC y quieres conocer más sobre los Programas Europeos y las convocatorias en residuos y economía circular? ¡Reserva la fecha y no te pierdas esta sesión informativa!</p>

<!-- This site is optimized with the Yoast SEO plugin v27.2 - https://yoast.com/product/yoast-seo-wordpress/ -->
<title>WEBINAR | Convocatorias de ayudas europeas | CREC</title>
<meta name="robots" content="index, follow, max-snippet:-1, max-image-preview:large, max-video-preview:-1" />
<link rel="canonical" href="https://www.crec.cat/esdeveniment/webinar-convocatorias-de-ayudas-europeas/" />
<meta property="og:locale" content="es_ES" />
<meta property="og:type" content="article" />
<meta property="og:title" content="WEBINAR | Convocatorias de ayudas europeas | CREC" />
<meta property="og:description" content="¿Eres socio del CREC y quieres conocer más sobre los Programas Europeos y las convocatorias en residuos y economía circular? ¡Reserva la fecha y no te pierdas esta sesión informativa!" />
<meta property="og:url" content="https://www.crec.cat/esdeveniment/webinar-convocatorias-de-ayudas-europeas/" />
<meta property="og:site_name" content="CREC" />
<meta property="og:image" content="https://www.crec.cat/wp-content/uploads/2024/11/CREC.jpg" />
	<meta property="og:image:width" content="1280" />
	<meta property="og:image:height" content="720" />
	<meta property="og:image:type" content="image/jpeg" />
<meta name="twitter:card" content="summary_large_image" />
<meta name="twitter:site" content="@clusterresidus" />
<meta name="twitter:label1" content="Tiempo de lectura" />
	<meta name="twitter:data1" content="1 minuto" />
<script type="application/ld+json" class="yoast-schema-graph">{"@context":"https://schema.org","@graph":[{"@type":"WebPage","@id":"https://www.crec.cat/esdeveniment/webinar-convocatorias-de-ayudas-europeas/","url":"https://www.crec.cat/esdeveniment/webinar-convocatorias-de-ayudas-europeas/","name":"WEBINAR | Convocatorias de ayudas europeas | CREC","isPartOf":{"@id":"https://www.crec.cat/#website"},"primaryImageOfPage":{"@id":"https://www.crec.cat/esdeveniment/webinar-convocatorias-de-ayudas-europeas/#primaryimage"},"image":{"@id":"https://www.crec.cat/esdeveniment/webinar-convocatorias-de-ayudas-europeas/#primaryimage"},"thumbnailUrl":"https://www.crec.cat/wp-content/uploads/2025/12/ACCIO-que-cal-fer-si.jpg_1947905271.jpg","datePublished":"2025-12-23T15:03:32+00:00","breadcrumb":{"@id":"https://www.crec.cat/esdeveniment/webinar-convocatorias-de-ayudas-europeas/#breadcrumb"},"inLanguage":"es","potentialAction":[{"@type":"ReadAction","target":["https://www.crec.cat/esdeveniment/webinar-convocatorias-de-ayudas-europeas/"]}]},{"@type":"ImageObject","inLanguage":"es","@id":"https://www.crec.cat/esdeveniment/webinar-convocatorias-de-ayudas-europeas/#primaryimage","url":"https://www.crec.cat/wp-content/uploads/2025/12/ACCIO-que-cal-fer-si.jpg_1947905271.jpg","contentUrl":"https://www.crec.cat/wp-content/uploads/2025/12/ACCIO-que-cal-fer-si.jpg_1947905271.jpg","width":374,"height":230},{"@type":"BreadcrumbList","@id":"https://www.crec.cat/esdeveniment/webinar-convocatorias-de-ayudas-europeas/#breadcrumb","itemListElement":[{"@type":"ListItem","position":1,"name":"Inici","item":"https://www.crec.cat/es/"},{"@type":"ListItem","position":2,"name":"Events","item":"https://www.crec.cat/en/esdeveniments/"},{"@type":"ListItem","position":3,"name":"WEBINAR | Convocatorias de ayudas europeas"}]},{"@type":"WebSite","@id":"https://www.crec.cat/#website","url":"https://www.crec.cat/","name":"CREC","description":"Impulsem la competitivitat del sector de residus i l&#039;economia circular de Catalunya","publisher":{"@id":"https://www.crec.cat/#organization"},"alternateName":"Clúster de Residus de Catalunya","potentialAction":[{"@type":"SearchAction","target":{"@type":"EntryPoint","urlTemplate":"https://www.crec.cat/?s={search_term_string}"},"query-input":{"@type":"PropertyValueSpecification","valueRequired":true,"valueName":"search_term_string"}}],"inLanguage":"es"},{"@type":"Organization","@id":"https://www.crec.cat/#organization","name":"CREC","alternateName":"CREC","url":"https://www.crec.cat/","logo":{"@type":"ImageObject","inLanguage":"es","@id":"https://www.crec.cat/#/schema/logo/image/","url":"https://www.crec.cat/wp-content/uploads/2021/04/Favicon-CREC.png","contentUrl":"https://www.crec.cat/wp-content/uploads/2021/04/Favicon-CREC.png","width":2134,"height":2134,"caption":"CREC"},"image":{"@id":"https://www.crec.cat/#/schema/logo/image/"},"sameAs":["https://x.com/clusterresidus","https://www.linkedin.com/company/cluster-de-residus-de-catalunya/"]}]}</script>
<!-- / Yoast SEO plugin. -->

¿Eres socio del CREC y quieres conocer más sobre los Programas Europeos y las convocatorias en residuos y economía circular? ¡Reserva la fecha y no te pierdas esta sesión informativa!

Clúster de Residus de Catalunya
