{"id":5266,"date":"2025-05-12T11:41:39","date_gmt":"2025-05-12T09:41:39","guid":{"rendered":"https:\/\/www.crec.cat\/esdeveniment\/visitamos-al-socio-hercal-nueva-fecha\/"},"modified":"2025-05-12T11:41:39","modified_gmt":"2025-05-12T09:41:39","slug":"visitamos-al-socio-hercal-nueva-fecha","status":"publish","type":"tribe_events","link":"https:\/\/www.crec.cat\/es\/esdeveniment\/visitamos-al-socio-hercal-nueva-fecha\/","title":{"rendered":"Visitamos al socio: HERCAL (\u00a1Nueva fecha!)"},"content":{"rendered":"<p>\u00a1ACTIVIDAD EXCLUSIVA PARA SOCIOS!<\/p>\n<p>El pr\u00f3ximo <strong>20 de junio<\/strong> visitaremos a nuestro socio, la empresa <strong>Hercal<\/strong>, en sus instalaciones ubicadas en Terrassa.<\/p>\n<p>Hercal es una empresa joven que tiene como actividad principal los escombros, demoliciones y la ejecuci\u00f3n de proyectos de obra civil. Desde la excavaci\u00f3n y el movimiento de tierras hasta la entrega definitiva de la obra. Buscan liderar la construcci\u00f3n sostenible, valorizando la mayor parte del material que demolen y excavan, limitando el impacto en los recursos naturales.<\/p>\n<p>En concreto, visitaremos la <strong>planta de valorizaci\u00f3n de residuos de la construcci\u00f3n Hercal Zero<\/strong>, la primera del pa\u00eds dedicada a la valorizaci\u00f3n y lavado de residuos procedentes de la construcci\u00f3n, excavaci\u00f3n y demolici\u00f3n para obtener un \u00e1rido reciclado de excelente calidad. Un ejemplo de sostenibilidad y econom\u00eda circular en el sector de la construcci\u00f3n.<\/p>\n<p><strong>AGENDA<\/strong><\/p>\n<p>10:00 &#8211; 10:10h Recepci\u00f3n<\/p>\n<p>10:10 \u2013 10:45h Presentaci\u00f3n sobre qui\u00e9nes son y qu\u00e9 hacen<\/p>\n<p>10:45 &#8211; 11:15h Visita a la Planta H-Zero<\/p>\n<p>11:20 \u2013 11:30h Devoluci\u00f3n EPIs\/Despedida<\/p>\n<p>&nbsp;<\/p>\n<p><strong>MEDIDAS DE SEGURIDAD<\/strong><\/p>\n<p>Se enviar\u00e1 el detalle sobre las medidas de seguridad a los asistentes confirmados antes de la visita. Pero, en l\u00edneas generales, deber\u00e1 llevar calzado de seguridad (o cerrado) y pantal\u00f3n largo. La empresa proporcionar\u00e1 EPIS (casco y chaleco).<\/p>\n<p>Ubicaci\u00f3n: Ctra. De Moncada, 880 08227, Terrassa.<\/p>\n<p><strong>*Las plazas son limitadas. \u00a1Te animamos a hacer ya tu inscripci\u00f3n!<\/strong><\/p>\n","protected":false},"excerpt":{"rendered":"<p>El pr\u00f3ximo 20 de junio visitaremos a nuestro socio, la empresa Hercal, en sus instalaciones ubicadas en Terrassa. Acomp\u00e1\u00f1anos a visitar su planta de valorizaci\u00f3n de residuos de la construcci\u00f3n Hercal Zero, la primera del pa\u00eds dedicada a la valorizaci\u00f3n y lavado de residuos procedentes de la construcci\u00f3n, excavaci\u00f3n y demolici\u00f3n.<\/p>\n","protected":false},"author":2,"featured_media":5110,"template":"","meta":{"_acf_changed":false,"neve_meta_sidebar":"","neve_meta_container":"","neve_meta_enable_content_width":"","neve_meta_content_width":0,"neve_meta_title_alignment":"","neve_meta_author_avatar":"","neve_post_elements_order":"","neve_meta_disable_header":"","neve_meta_disable_footer":"","neve_meta_disable_title":"","_tribe_events_status":"","_tribe_events_status_reason":"","footnotes":""},"tags":[],"tribe_events_cat":[56,28],"class_list":["post-5266","tribe_events","type-tribe_events","status-publish","has-post-thumbnail","hentry","tribe_events_cat-ended","tribe_events_cat-finalitzat","cat_ended","cat_finalitzat"],"acf":[],"yoast_head":"<!-- This site is optimized with the Yoast SEO plugin v27.2 - https:\/\/yoast.com\/product\/yoast-seo-wordpress\/ -->\n<title>Visitamos al socio: HERCAL (\u00a1Nueva fecha!) | CREC<\/title>\n<meta name=\"robots\" content=\"index, follow, max-snippet:-1, max-image-preview:large, max-video-preview:-1\" \/>\n<link rel=\"canonical\" href=\"https:\/\/www.crec.cat\/esdeveniment\/visitamos-al-socio-hercal-nueva-fecha\/\" \/>\n<meta property=\"og:locale\" content=\"es_ES\" \/>\n<meta property=\"og:type\" content=\"article\" \/>\n<meta property=\"og:title\" content=\"Visitamos al socio: HERCAL (\u00a1Nueva fecha!) | CREC\" \/>\n<meta property=\"og:description\" content=\"El pr\u00f3ximo 20 de junio visitaremos a nuestro socio, la empresa Hercal, en sus instalaciones ubicadas en Terrassa. Acomp\u00e1\u00f1anos a visitar su planta de valorizaci\u00f3n de residuos de la construcci\u00f3n Hercal Zero, la primera del pa\u00eds dedicada a la valorizaci\u00f3n y lavado de residuos procedentes de la construcci\u00f3n, excavaci\u00f3n y demolici\u00f3n.\" \/>\n<meta property=\"og:url\" content=\"https:\/\/www.crec.cat\/esdeveniment\/visitamos-al-socio-hercal-nueva-fecha\/\" \/>\n<meta property=\"og:site_name\" content=\"CREC\" \/>\n<meta property=\"og:image\" content=\"https:\/\/www.crec.cat\/wp-content\/uploads\/2024\/11\/CREC.jpg\" \/>\n\t<meta property=\"og:image:width\" content=\"1280\" \/>\n\t<meta property=\"og:image:height\" content=\"720\" \/>\n\t<meta property=\"og:image:type\" content=\"image\/jpeg\" \/>\n<meta name=\"twitter:card\" content=\"summary_large_image\" \/>\n<meta name=\"twitter:site\" content=\"@clusterresidus\" \/>\n<meta name=\"twitter:label1\" content=\"Tiempo de lectura\" \/>\n\t<meta name=\"twitter:data1\" content=\"1 minuto\" \/>\n<script type=\"application\/ld+json\" class=\"yoast-schema-graph\">{\"@context\":\"https:\/\/schema.org\",\"@graph\":[{\"@type\":\"WebPage\",\"@id\":\"https:\/\/www.crec.cat\/esdeveniment\/visitamos-al-socio-hercal-nueva-fecha\/\",\"url\":\"https:\/\/www.crec.cat\/esdeveniment\/visitamos-al-socio-hercal-nueva-fecha\/\",\"name\":\"Visitamos al socio: HERCAL (\u00a1Nueva fecha!) | CREC\",\"isPartOf\":{\"@id\":\"https:\/\/www.crec.cat\/#website\"},\"primaryImageOfPage\":{\"@id\":\"https:\/\/www.crec.cat\/esdeveniment\/visitamos-al-socio-hercal-nueva-fecha\/#primaryimage\"},\"image\":{\"@id\":\"https:\/\/www.crec.cat\/esdeveniment\/visitamos-al-socio-hercal-nueva-fecha\/#primaryimage\"},\"thumbnailUrl\":\"https:\/\/www.crec.cat\/wp-content\/uploads\/2025\/05\/HERCAL-Presentacion-2.jpg\",\"datePublished\":\"2025-05-12T09:41:39+00:00\",\"breadcrumb\":{\"@id\":\"https:\/\/www.crec.cat\/esdeveniment\/visitamos-al-socio-hercal-nueva-fecha\/#breadcrumb\"},\"inLanguage\":\"es\",\"potentialAction\":[{\"@type\":\"ReadAction\",\"target\":[\"https:\/\/www.crec.cat\/esdeveniment\/visitamos-al-socio-hercal-nueva-fecha\/\"]}]},{\"@type\":\"ImageObject\",\"inLanguage\":\"es\",\"@id\":\"https:\/\/www.crec.cat\/esdeveniment\/visitamos-al-socio-hercal-nueva-fecha\/#primaryimage\",\"url\":\"https:\/\/www.crec.cat\/wp-content\/uploads\/2025\/05\/HERCAL-Presentacion-2.jpg\",\"contentUrl\":\"https:\/\/www.crec.cat\/wp-content\/uploads\/2025\/05\/HERCAL-Presentacion-2.jpg\",\"width\":1920,\"height\":1080},{\"@type\":\"BreadcrumbList\",\"@id\":\"https:\/\/www.crec.cat\/esdeveniment\/visitamos-al-socio-hercal-nueva-fecha\/#breadcrumb\",\"itemListElement\":[{\"@type\":\"ListItem\",\"position\":1,\"name\":\"Inici\",\"item\":\"https:\/\/www.crec.cat\/es\/\"},{\"@type\":\"ListItem\",\"position\":2,\"name\":\"Events\",\"item\":\"https:\/\/www.crec.cat\/en\/esdeveniments\/\"},{\"@type\":\"ListItem\",\"position\":3,\"name\":\"Visitamos al socio: HERCAL (\u00a1Nueva fecha!)\"}]},{\"@type\":\"WebSite\",\"@id\":\"https:\/\/www.crec.cat\/#website\",\"url\":\"https:\/\/www.crec.cat\/\",\"name\":\"CREC\",\"description\":\"Impulsem la competitivitat del sector de residus i l&#039;economia circular de Catalunya\",\"publisher\":{\"@id\":\"https:\/\/www.crec.cat\/#organization\"},\"alternateName\":\"Cl\u00faster de Residus de Catalunya\",\"potentialAction\":[{\"@type\":\"SearchAction\",\"target\":{\"@type\":\"EntryPoint\",\"urlTemplate\":\"https:\/\/www.crec.cat\/?s={search_term_string}\"},\"query-input\":{\"@type\":\"PropertyValueSpecification\",\"valueRequired\":true,\"valueName\":\"search_term_string\"}}],\"inLanguage\":\"es\"},{\"@type\":\"Organization\",\"@id\":\"https:\/\/www.crec.cat\/#organization\",\"name\":\"CREC\",\"alternateName\":\"CREC\",\"url\":\"https:\/\/www.crec.cat\/\",\"logo\":{\"@type\":\"ImageObject\",\"inLanguage\":\"es\",\"@id\":\"https:\/\/www.crec.cat\/#\/schema\/logo\/image\/\",\"url\":\"https:\/\/www.crec.cat\/wp-content\/uploads\/2021\/04\/Favicon-CREC.png\",\"contentUrl\":\"https:\/\/www.crec.cat\/wp-content\/uploads\/2021\/04\/Favicon-CREC.png\",\"width\":2134,\"height\":2134,\"caption\":\"CREC\"},\"image\":{\"@id\":\"https:\/\/www.crec.cat\/#\/schema\/logo\/image\/\"},\"sameAs\":[\"https:\/\/x.com\/clusterresidus\",\"https:\/\/www.linkedin.com\/company\/cluster-de-residus-de-catalunya\/\"]}]}<\/script>\n<!-- \/ Yoast SEO plugin. -->","yoast_head_json":{"title":"Visitamos al socio: HERCAL (\u00a1Nueva fecha!) | CREC","robots":{"index":"index","follow":"follow","max-snippet":"max-snippet:-1","max-image-preview":"max-image-preview:large","max-video-preview":"max-video-preview:-1"},"canonical":"https:\/\/www.crec.cat\/esdeveniment\/visitamos-al-socio-hercal-nueva-fecha\/","og_locale":"es_ES","og_type":"article","og_title":"Visitamos al socio: HERCAL (\u00a1Nueva fecha!) | CREC","og_description":"El pr\u00f3ximo 20 de junio visitaremos a nuestro socio, la empresa Hercal, en sus instalaciones ubicadas en Terrassa. Acomp\u00e1\u00f1anos a visitar su planta de valorizaci\u00f3n de residuos de la construcci\u00f3n Hercal Zero, la primera del pa\u00eds dedicada a la valorizaci\u00f3n y lavado de residuos procedentes de la construcci\u00f3n, excavaci\u00f3n y demolici\u00f3n.","og_url":"https:\/\/www.crec.cat\/esdeveniment\/visitamos-al-socio-hercal-nueva-fecha\/","og_site_name":"CREC","og_image":[{"width":1280,"height":720,"url":"https:\/\/www.crec.cat\/wp-content\/uploads\/2024\/11\/CREC.jpg","type":"image\/jpeg"}],"twitter_card":"summary_large_image","twitter_site":"@clusterresidus","twitter_misc":{"Tiempo de lectura":"1 minuto"},"schema":{"@context":"https:\/\/schema.org","@graph":[{"@type":"WebPage","@id":"https:\/\/www.crec.cat\/esdeveniment\/visitamos-al-socio-hercal-nueva-fecha\/","url":"https:\/\/www.crec.cat\/esdeveniment\/visitamos-al-socio-hercal-nueva-fecha\/","name":"Visitamos al socio: HERCAL (\u00a1Nueva fecha!) | CREC","isPartOf":{"@id":"https:\/\/www.crec.cat\/#website"},"primaryImageOfPage":{"@id":"https:\/\/www.crec.cat\/esdeveniment\/visitamos-al-socio-hercal-nueva-fecha\/#primaryimage"},"image":{"@id":"https:\/\/www.crec.cat\/esdeveniment\/visitamos-al-socio-hercal-nueva-fecha\/#primaryimage"},"thumbnailUrl":"https:\/\/www.crec.cat\/wp-content\/uploads\/2025\/05\/HERCAL-Presentacion-2.jpg","datePublished":"2025-05-12T09:41:39+00:00","breadcrumb":{"@id":"https:\/\/www.crec.cat\/esdeveniment\/visitamos-al-socio-hercal-nueva-fecha\/#breadcrumb"},"inLanguage":"es","potentialAction":[{"@type":"ReadAction","target":["https:\/\/www.crec.cat\/esdeveniment\/visitamos-al-socio-hercal-nueva-fecha\/"]}]},{"@type":"ImageObject","inLanguage":"es","@id":"https:\/\/www.crec.cat\/esdeveniment\/visitamos-al-socio-hercal-nueva-fecha\/#primaryimage","url":"https:\/\/www.crec.cat\/wp-content\/uploads\/2025\/05\/HERCAL-Presentacion-2.jpg","contentUrl":"https:\/\/www.crec.cat\/wp-content\/uploads\/2025\/05\/HERCAL-Presentacion-2.jpg","width":1920,"height":1080},{"@type":"BreadcrumbList","@id":"https:\/\/www.crec.cat\/esdeveniment\/visitamos-al-socio-hercal-nueva-fecha\/#breadcrumb","itemListElement":[{"@type":"ListItem","position":1,"name":"Inici","item":"https:\/\/www.crec.cat\/es\/"},{"@type":"ListItem","position":2,"name":"Events","item":"https:\/\/www.crec.cat\/en\/esdeveniments\/"},{"@type":"ListItem","position":3,"name":"Visitamos al socio: HERCAL (\u00a1Nueva fecha!)"}]},{"@type":"WebSite","@id":"https:\/\/www.crec.cat\/#website","url":"https:\/\/www.crec.cat\/","name":"CREC","description":"Impulsem la competitivitat del sector de residus i l&#039;economia circular de Catalunya","publisher":{"@id":"https:\/\/www.crec.cat\/#organization"},"alternateName":"Cl\u00faster de Residus de Catalunya","potentialAction":[{"@type":"SearchAction","target":{"@type":"EntryPoint","urlTemplate":"https:\/\/www.crec.cat\/?s={search_term_string}"},"query-input":{"@type":"PropertyValueSpecification","valueRequired":true,"valueName":"search_term_string"}}],"inLanguage":"es"},{"@type":"Organization","@id":"https:\/\/www.crec.cat\/#organization","name":"CREC","alternateName":"CREC","url":"https:\/\/www.crec.cat\/","logo":{"@type":"ImageObject","inLanguage":"es","@id":"https:\/\/www.crec.cat\/#\/schema\/logo\/image\/","url":"https:\/\/www.crec.cat\/wp-content\/uploads\/2021\/04\/Favicon-CREC.png","contentUrl":"https:\/\/www.crec.cat\/wp-content\/uploads\/2021\/04\/Favicon-CREC.png","width":2134,"height":2134,"caption":"CREC"},"image":{"@id":"https:\/\/www.crec.cat\/#\/schema\/logo\/image\/"},"sameAs":["https:\/\/x.com\/clusterresidus","https:\/\/www.linkedin.com\/company\/cluster-de-residus-de-catalunya\/"]}]}},"_links":{"self":[{"href":"https:\/\/www.crec.cat\/es\/wp-json\/wp\/v2\/tribe_events\/5266","targetHints":{"allow":["GET"]}}],"collection":[{"href":"https:\/\/www.crec.cat\/es\/wp-json\/wp\/v2\/tribe_events"}],"about":[{"href":"https:\/\/www.crec.cat\/es\/wp-json\/wp\/v2\/types\/tribe_events"}],"author":[{"embeddable":true,"href":"https:\/\/www.crec.cat\/es\/wp-json\/wp\/v2\/users\/2"}],"version-history":[{"count":0,"href":"https:\/\/www.crec.cat\/es\/wp-json\/wp\/v2\/tribe_events\/5266\/revisions"}],"wp:featuredmedia":[{"embeddable":true,"href":"https:\/\/www.crec.cat\/es\/wp-json\/wp\/v2\/media\/5110"}],"wp:attachment":[{"href":"https:\/\/www.crec.cat\/es\/wp-json\/wp\/v2\/media?parent=5266"}],"wp:term":[{"taxonomy":"post_tag","embeddable":true,"href":"https:\/\/www.crec.cat\/es\/wp-json\/wp\/v2\/tags?post=5266"},{"taxonomy":"tribe_events_cat","embeddable":true,"href":"https:\/\/www.crec.cat\/es\/wp-json\/wp\/v2\/tribe_events_cat?post=5266"}],"curies":[{"name":"wp","href":"https:\/\/api.w.org\/{rel}","templated":true}]}}

<p>¡ACTIVIDAD EXCLUSIVA PARA SOCIOS!</p>
<p>El próximo <strong>20 de junio</strong> visitaremos a nuestro socio, la empresa <strong>Hercal</strong>, en sus instalaciones ubicadas en Terrassa.</p>
<p>Hercal es una empresa joven que tiene como actividad principal los escombros, demoliciones y la ejecución de proyectos de obra civil. Desde la excavación y el movimiento de tierras hasta la entrega definitiva de la obra. Buscan liderar la construcción sostenible, valorizando la mayor parte del material que demolen y excavan, limitando el impacto en los recursos naturales.</p>
<p>En concreto, visitaremos la <strong>planta de valorización de residuos de la construcción Hercal Zero</strong>, la primera del país dedicada a la valorización y lavado de residuos procedentes de la construcción, excavación y demolición para obtener un árido reciclado de excelente calidad. Un ejemplo de sostenibilidad y economía circular en el sector de la construcción.</p>
<p><strong>AGENDA</strong></p>
<p>10:00 &#8211; 10:10h Recepción</p>
<p>10:10 – 10:45h Presentación sobre quiénes son y qué hacen</p>
<p>10:45 &#8211; 11:15h Visita a la Planta H-Zero</p>
<p>11:20 – 11:30h Devolución EPIs/Despedida</p>
<p>&nbsp;</p>
<p><strong>MEDIDAS DE SEGURIDAD</strong></p>
<p>Se enviará el detalle sobre las medidas de seguridad a los asistentes confirmados antes de la visita. Pero, en líneas generales, deberá llevar calzado de seguridad (o cerrado) y pantalón largo. La empresa proporcionará EPIS (casco y chaleco).</p>
<p>Ubicación: Ctra. De Moncada, 880 08227, Terrassa.</p>
<p><strong>*Las plazas son limitadas. ¡Te animamos a hacer ya tu inscripción!</strong></p>

<p>El próximo 20 de junio visitaremos a nuestro socio, la empresa Hercal, en sus instalaciones ubicadas en Terrassa. Acompáñanos a visitar su planta de valorización de residuos de la construcción Hercal Zero, la primera del país dedicada a la valorización y lavado de residuos procedentes de la construcción, excavación y demolición.</p>

<!-- This site is optimized with the Yoast SEO plugin v27.2 - https://yoast.com/product/yoast-seo-wordpress/ -->
<title>Visitamos al socio: HERCAL (¡Nueva fecha!) | CREC</title>
<meta name="robots" content="index, follow, max-snippet:-1, max-image-preview:large, max-video-preview:-1" />
<link rel="canonical" href="https://www.crec.cat/esdeveniment/visitamos-al-socio-hercal-nueva-fecha/" />
<meta property="og:locale" content="es_ES" />
<meta property="og:type" content="article" />
<meta property="og:title" content="Visitamos al socio: HERCAL (¡Nueva fecha!) | CREC" />
<meta property="og:description" content="El próximo 20 de junio visitaremos a nuestro socio, la empresa Hercal, en sus instalaciones ubicadas en Terrassa. Acompáñanos a visitar su planta de valorización de residuos de la construcción Hercal Zero, la primera del país dedicada a la valorización y lavado de residuos procedentes de la construcción, excavación y demolición." />
<meta property="og:url" content="https://www.crec.cat/esdeveniment/visitamos-al-socio-hercal-nueva-fecha/" />
<meta property="og:site_name" content="CREC" />
<meta property="og:image" content="https://www.crec.cat/wp-content/uploads/2024/11/CREC.jpg" />
	<meta property="og:image:width" content="1280" />
	<meta property="og:image:height" content="720" />
	<meta property="og:image:type" content="image/jpeg" />
<meta name="twitter:card" content="summary_large_image" />
<meta name="twitter:site" content="@clusterresidus" />
<meta name="twitter:label1" content="Tiempo de lectura" />
	<meta name="twitter:data1" content="1 minuto" />
<script type="application/ld+json" class="yoast-schema-graph">{"@context":"https://schema.org","@graph":[{"@type":"WebPage","@id":"https://www.crec.cat/esdeveniment/visitamos-al-socio-hercal-nueva-fecha/","url":"https://www.crec.cat/esdeveniment/visitamos-al-socio-hercal-nueva-fecha/","name":"Visitamos al socio: HERCAL (¡Nueva fecha!) | CREC","isPartOf":{"@id":"https://www.crec.cat/#website"},"primaryImageOfPage":{"@id":"https://www.crec.cat/esdeveniment/visitamos-al-socio-hercal-nueva-fecha/#primaryimage"},"image":{"@id":"https://www.crec.cat/esdeveniment/visitamos-al-socio-hercal-nueva-fecha/#primaryimage"},"thumbnailUrl":"https://www.crec.cat/wp-content/uploads/2025/05/HERCAL-Presentacion-2.jpg","datePublished":"2025-05-12T09:41:39+00:00","breadcrumb":{"@id":"https://www.crec.cat/esdeveniment/visitamos-al-socio-hercal-nueva-fecha/#breadcrumb"},"inLanguage":"es","potentialAction":[{"@type":"ReadAction","target":["https://www.crec.cat/esdeveniment/visitamos-al-socio-hercal-nueva-fecha/"]}]},{"@type":"ImageObject","inLanguage":"es","@id":"https://www.crec.cat/esdeveniment/visitamos-al-socio-hercal-nueva-fecha/#primaryimage","url":"https://www.crec.cat/wp-content/uploads/2025/05/HERCAL-Presentacion-2.jpg","contentUrl":"https://www.crec.cat/wp-content/uploads/2025/05/HERCAL-Presentacion-2.jpg","width":1920,"height":1080},{"@type":"BreadcrumbList","@id":"https://www.crec.cat/esdeveniment/visitamos-al-socio-hercal-nueva-fecha/#breadcrumb","itemListElement":[{"@type":"ListItem","position":1,"name":"Inici","item":"https://www.crec.cat/es/"},{"@type":"ListItem","position":2,"name":"Events","item":"https://www.crec.cat/en/esdeveniments/"},{"@type":"ListItem","position":3,"name":"Visitamos al socio: HERCAL (¡Nueva fecha!)"}]},{"@type":"WebSite","@id":"https://www.crec.cat/#website","url":"https://www.crec.cat/","name":"CREC","description":"Impulsem la competitivitat del sector de residus i l&#039;economia circular de Catalunya","publisher":{"@id":"https://www.crec.cat/#organization"},"alternateName":"Clúster de Residus de Catalunya","potentialAction":[{"@type":"SearchAction","target":{"@type":"EntryPoint","urlTemplate":"https://www.crec.cat/?s={search_term_string}"},"query-input":{"@type":"PropertyValueSpecification","valueRequired":true,"valueName":"search_term_string"}}],"inLanguage":"es"},{"@type":"Organization","@id":"https://www.crec.cat/#organization","name":"CREC","alternateName":"CREC","url":"https://www.crec.cat/","logo":{"@type":"ImageObject","inLanguage":"es","@id":"https://www.crec.cat/#/schema/logo/image/","url":"https://www.crec.cat/wp-content/uploads/2021/04/Favicon-CREC.png","contentUrl":"https://www.crec.cat/wp-content/uploads/2021/04/Favicon-CREC.png","width":2134,"height":2134,"caption":"CREC"},"image":{"@id":"https://www.crec.cat/#/schema/logo/image/"},"sameAs":["https://x.com/clusterresidus","https://www.linkedin.com/company/cluster-de-residus-de-catalunya/"]}]}</script>
<!-- / Yoast SEO plugin. -->

El próximo 20 de junio visitaremos a nuestro socio, la empresa Hercal, en sus instalaciones ubicadas en Terrassa. Acompáñanos a visitar su planta de valorización de residuos de la construcción Hercal Zero, la primera del país dedicada a la valorización y lavado de residuos procedentes de la construcción, excavación y demolición.

Clúster de Residus de Catalunya
