{"id":5261,"date":"2025-04-23T13:06:49","date_gmt":"2025-04-23T11:06:49","guid":{"rendered":"https:\/\/www.crec.cat\/esdeveniment\/grupo-de-trabajo-de-trazabilidad\/"},"modified":"2025-04-23T13:06:49","modified_gmt":"2025-04-23T11:06:49","slug":"grupo-de-trabajo-de-trazabilidad","status":"publish","type":"tribe_events","link":"https:\/\/www.crec.cat\/es\/esdeveniment\/grupo-de-trabajo-de-trazabilidad\/","title":{"rendered":"Grupo de Trabajo de Trazabilidad"},"content":{"rendered":"<p>El <strong>pr\u00f3ximo 6 de mayo<\/strong> impulsamos una nueva sesi\u00f3n del <strong>Grupo de Trabajo de Trazabilidad.<\/strong><\/p>\n<p>A continuaci\u00f3n, te dejamos la <strong>agenda detallada<\/strong> de la jornada.<\/p>\n<p><strong>AGENDA<\/strong><\/p>\n<p><strong>10:00 &#8211; 10:15 | Bienvenida e introducciones<\/strong><\/p>\n<p>Presentaci\u00f3n general y objetivos de la sesi\u00f3n.<br \/>\nBreve repaso del proceso de entrevistas individuales realizadas con sus miembros.<\/p>\n<p><strong>10:15 \u2013 10:45 | Insights clave de los miembros<\/strong><\/p>\n<p>Presentaci\u00f3n de las necesidades e ideas recogidas en los encuentros individuales.<br \/>\nTem\u00e1ticas recurrentes y retos compartidos.<\/p>\n<p><strong>10:45 \u2013 11:15 | Propuesta de estrategia 2025<\/strong><\/p>\n<p>Presentaci\u00f3n de ejes estrat\u00e9gicos y l\u00edneas de trabajo prioritarias.<br \/>\nMarco inicial para la colaboraci\u00f3n.<\/p>\n<p><strong>11:15 \u2013 11:45 | Discusi\u00f3n colectiva y aportaciones<\/strong><\/p>\n<p>Contraste de ideas.<br \/>\nAjustes y ampliaciones de la propuesta estrat\u00e9gica.<\/p>\n<p><strong>11:45 \u2013 12:15 | Pr\u00f3ximas convocatorias y oportunidades concretas<\/strong><\/p>\n<p>Repaso de convocatorias p\u00fablicas relevantes.<br \/>\nPropuestas de proyectos y formatos de colaboraci\u00f3n.<\/p>\n<p><strong>12:15 \u2013 12:30 | Coffee &amp; Talk informal<\/strong><\/p>\n<p>Espacio de conversaci\u00f3n distendida para reforzar v\u00ednculos e ideas de futuro.<\/p>\n<p>Se trata de una sesi\u00f3n presencial que tendr\u00e1 lugar en las <strong>oficinas del CREC<\/strong>, ubicadas en el <strong>Barcelona Circular (BAC)<\/strong>, en la C. Ciudad de Asunci\u00f3n, 16 (08030-Barcelona).<\/p>\n","protected":false},"excerpt":{"rendered":"<p>El pr\u00f3ximo 6 de mayo tendr\u00e1 lugar una nueva sesi\u00f3n del grupo de trabajo de trazabilidad. Aqu\u00ed puedes ver la agenda detallada de la jornada.<\/p>\n","protected":false},"author":2,"featured_media":4602,"template":"","meta":{"_acf_changed":false,"neve_meta_sidebar":"","neve_meta_container":"","neve_meta_enable_content_width":"","neve_meta_content_width":0,"neve_meta_title_alignment":"","neve_meta_author_avatar":"","neve_post_elements_order":"","neve_meta_disable_header":"","neve_meta_disable_footer":"","neve_meta_disable_title":"","_tribe_events_status":"","_tribe_events_status_reason":"","footnotes":""},"tags":[],"tribe_events_cat":[56,28],"class_list":["post-5261","tribe_events","type-tribe_events","status-publish","has-post-thumbnail","hentry","tribe_events_cat-ended","tribe_events_cat-finalitzat","cat_ended","cat_finalitzat"],"acf":[],"yoast_head":"<!-- This site is optimized with the Yoast SEO plugin v27.2 - https:\/\/yoast.com\/product\/yoast-seo-wordpress\/ -->\n<title>Grupo de Trabajo de Trazabilidad | CREC<\/title>\n<meta name=\"robots\" content=\"index, follow, max-snippet:-1, max-image-preview:large, max-video-preview:-1\" \/>\n<link rel=\"canonical\" href=\"https:\/\/www.crec.cat\/esdeveniment\/grupo-de-trabajo-de-trazabilidad\/\" \/>\n<meta property=\"og:locale\" content=\"es_ES\" \/>\n<meta property=\"og:type\" content=\"article\" \/>\n<meta property=\"og:title\" content=\"Grupo de Trabajo de Trazabilidad | CREC\" \/>\n<meta property=\"og:description\" content=\"El pr\u00f3ximo 6 de mayo tendr\u00e1 lugar una nueva sesi\u00f3n del grupo de trabajo de trazabilidad. Aqu\u00ed puedes ver la agenda detallada de la jornada.\" \/>\n<meta property=\"og:url\" content=\"https:\/\/www.crec.cat\/esdeveniment\/grupo-de-trabajo-de-trazabilidad\/\" \/>\n<meta property=\"og:site_name\" content=\"CREC\" \/>\n<meta property=\"og:image\" content=\"https:\/\/www.crec.cat\/wp-content\/uploads\/2024\/11\/CREC.jpg\" \/>\n\t<meta property=\"og:image:width\" content=\"1280\" \/>\n\t<meta property=\"og:image:height\" content=\"720\" \/>\n\t<meta property=\"og:image:type\" content=\"image\/jpeg\" \/>\n<meta name=\"twitter:card\" content=\"summary_large_image\" \/>\n<meta name=\"twitter:site\" content=\"@clusterresidus\" \/>\n<meta name=\"twitter:label1\" content=\"Tiempo de lectura\" \/>\n\t<meta name=\"twitter:data1\" content=\"1 minuto\" \/>\n<script type=\"application\/ld+json\" class=\"yoast-schema-graph\">{\"@context\":\"https:\/\/schema.org\",\"@graph\":[{\"@type\":\"WebPage\",\"@id\":\"https:\/\/www.crec.cat\/esdeveniment\/grupo-de-trabajo-de-trazabilidad\/\",\"url\":\"https:\/\/www.crec.cat\/esdeveniment\/grupo-de-trabajo-de-trazabilidad\/\",\"name\":\"Grupo de Trabajo de Trazabilidad | CREC\",\"isPartOf\":{\"@id\":\"https:\/\/www.crec.cat\/#website\"},\"primaryImageOfPage\":{\"@id\":\"https:\/\/www.crec.cat\/esdeveniment\/grupo-de-trabajo-de-trazabilidad\/#primaryimage\"},\"image\":{\"@id\":\"https:\/\/www.crec.cat\/esdeveniment\/grupo-de-trabajo-de-trazabilidad\/#primaryimage\"},\"thumbnailUrl\":\"https:\/\/www.crec.cat\/wp-content\/uploads\/2025\/04\/GT-TRACABILITAT-3.png\",\"datePublished\":\"2025-04-23T11:06:49+00:00\",\"breadcrumb\":{\"@id\":\"https:\/\/www.crec.cat\/esdeveniment\/grupo-de-trabajo-de-trazabilidad\/#breadcrumb\"},\"inLanguage\":\"es\",\"potentialAction\":[{\"@type\":\"ReadAction\",\"target\":[\"https:\/\/www.crec.cat\/esdeveniment\/grupo-de-trabajo-de-trazabilidad\/\"]}]},{\"@type\":\"ImageObject\",\"inLanguage\":\"es\",\"@id\":\"https:\/\/www.crec.cat\/esdeveniment\/grupo-de-trabajo-de-trazabilidad\/#primaryimage\",\"url\":\"https:\/\/www.crec.cat\/wp-content\/uploads\/2025\/04\/GT-TRACABILITAT-3.png\",\"contentUrl\":\"https:\/\/www.crec.cat\/wp-content\/uploads\/2025\/04\/GT-TRACABILITAT-3.png\",\"width\":736,\"height\":416},{\"@type\":\"BreadcrumbList\",\"@id\":\"https:\/\/www.crec.cat\/esdeveniment\/grupo-de-trabajo-de-trazabilidad\/#breadcrumb\",\"itemListElement\":[{\"@type\":\"ListItem\",\"position\":1,\"name\":\"Inici\",\"item\":\"https:\/\/www.crec.cat\/es\/\"},{\"@type\":\"ListItem\",\"position\":2,\"name\":\"Events\",\"item\":\"https:\/\/www.crec.cat\/en\/esdeveniments\/\"},{\"@type\":\"ListItem\",\"position\":3,\"name\":\"Grupo de Trabajo de Trazabilidad\"}]},{\"@type\":\"WebSite\",\"@id\":\"https:\/\/www.crec.cat\/#website\",\"url\":\"https:\/\/www.crec.cat\/\",\"name\":\"CREC\",\"description\":\"Impulsem la competitivitat del sector de residus i l&#039;economia circular de Catalunya\",\"publisher\":{\"@id\":\"https:\/\/www.crec.cat\/#organization\"},\"alternateName\":\"Cl\u00faster de Residus de Catalunya\",\"potentialAction\":[{\"@type\":\"SearchAction\",\"target\":{\"@type\":\"EntryPoint\",\"urlTemplate\":\"https:\/\/www.crec.cat\/?s={search_term_string}\"},\"query-input\":{\"@type\":\"PropertyValueSpecification\",\"valueRequired\":true,\"valueName\":\"search_term_string\"}}],\"inLanguage\":\"es\"},{\"@type\":\"Organization\",\"@id\":\"https:\/\/www.crec.cat\/#organization\",\"name\":\"CREC\",\"alternateName\":\"CREC\",\"url\":\"https:\/\/www.crec.cat\/\",\"logo\":{\"@type\":\"ImageObject\",\"inLanguage\":\"es\",\"@id\":\"https:\/\/www.crec.cat\/#\/schema\/logo\/image\/\",\"url\":\"https:\/\/www.crec.cat\/wp-content\/uploads\/2021\/04\/Favicon-CREC.png\",\"contentUrl\":\"https:\/\/www.crec.cat\/wp-content\/uploads\/2021\/04\/Favicon-CREC.png\",\"width\":2134,\"height\":2134,\"caption\":\"CREC\"},\"image\":{\"@id\":\"https:\/\/www.crec.cat\/#\/schema\/logo\/image\/\"},\"sameAs\":[\"https:\/\/x.com\/clusterresidus\",\"https:\/\/www.linkedin.com\/company\/cluster-de-residus-de-catalunya\/\"]}]}<\/script>\n<!-- \/ Yoast SEO plugin. -->","yoast_head_json":{"title":"Grupo de Trabajo de Trazabilidad | CREC","robots":{"index":"index","follow":"follow","max-snippet":"max-snippet:-1","max-image-preview":"max-image-preview:large","max-video-preview":"max-video-preview:-1"},"canonical":"https:\/\/www.crec.cat\/esdeveniment\/grupo-de-trabajo-de-trazabilidad\/","og_locale":"es_ES","og_type":"article","og_title":"Grupo de Trabajo de Trazabilidad | CREC","og_description":"El pr\u00f3ximo 6 de mayo tendr\u00e1 lugar una nueva sesi\u00f3n del grupo de trabajo de trazabilidad. Aqu\u00ed puedes ver la agenda detallada de la jornada.","og_url":"https:\/\/www.crec.cat\/esdeveniment\/grupo-de-trabajo-de-trazabilidad\/","og_site_name":"CREC","og_image":[{"width":1280,"height":720,"url":"https:\/\/www.crec.cat\/wp-content\/uploads\/2024\/11\/CREC.jpg","type":"image\/jpeg"}],"twitter_card":"summary_large_image","twitter_site":"@clusterresidus","twitter_misc":{"Tiempo de lectura":"1 minuto"},"schema":{"@context":"https:\/\/schema.org","@graph":[{"@type":"WebPage","@id":"https:\/\/www.crec.cat\/esdeveniment\/grupo-de-trabajo-de-trazabilidad\/","url":"https:\/\/www.crec.cat\/esdeveniment\/grupo-de-trabajo-de-trazabilidad\/","name":"Grupo de Trabajo de Trazabilidad | CREC","isPartOf":{"@id":"https:\/\/www.crec.cat\/#website"},"primaryImageOfPage":{"@id":"https:\/\/www.crec.cat\/esdeveniment\/grupo-de-trabajo-de-trazabilidad\/#primaryimage"},"image":{"@id":"https:\/\/www.crec.cat\/esdeveniment\/grupo-de-trabajo-de-trazabilidad\/#primaryimage"},"thumbnailUrl":"https:\/\/www.crec.cat\/wp-content\/uploads\/2025\/04\/GT-TRACABILITAT-3.png","datePublished":"2025-04-23T11:06:49+00:00","breadcrumb":{"@id":"https:\/\/www.crec.cat\/esdeveniment\/grupo-de-trabajo-de-trazabilidad\/#breadcrumb"},"inLanguage":"es","potentialAction":[{"@type":"ReadAction","target":["https:\/\/www.crec.cat\/esdeveniment\/grupo-de-trabajo-de-trazabilidad\/"]}]},{"@type":"ImageObject","inLanguage":"es","@id":"https:\/\/www.crec.cat\/esdeveniment\/grupo-de-trabajo-de-trazabilidad\/#primaryimage","url":"https:\/\/www.crec.cat\/wp-content\/uploads\/2025\/04\/GT-TRACABILITAT-3.png","contentUrl":"https:\/\/www.crec.cat\/wp-content\/uploads\/2025\/04\/GT-TRACABILITAT-3.png","width":736,"height":416},{"@type":"BreadcrumbList","@id":"https:\/\/www.crec.cat\/esdeveniment\/grupo-de-trabajo-de-trazabilidad\/#breadcrumb","itemListElement":[{"@type":"ListItem","position":1,"name":"Inici","item":"https:\/\/www.crec.cat\/es\/"},{"@type":"ListItem","position":2,"name":"Events","item":"https:\/\/www.crec.cat\/en\/esdeveniments\/"},{"@type":"ListItem","position":3,"name":"Grupo de Trabajo de Trazabilidad"}]},{"@type":"WebSite","@id":"https:\/\/www.crec.cat\/#website","url":"https:\/\/www.crec.cat\/","name":"CREC","description":"Impulsem la competitivitat del sector de residus i l&#039;economia circular de Catalunya","publisher":{"@id":"https:\/\/www.crec.cat\/#organization"},"alternateName":"Cl\u00faster de Residus de Catalunya","potentialAction":[{"@type":"SearchAction","target":{"@type":"EntryPoint","urlTemplate":"https:\/\/www.crec.cat\/?s={search_term_string}"},"query-input":{"@type":"PropertyValueSpecification","valueRequired":true,"valueName":"search_term_string"}}],"inLanguage":"es"},{"@type":"Organization","@id":"https:\/\/www.crec.cat\/#organization","name":"CREC","alternateName":"CREC","url":"https:\/\/www.crec.cat\/","logo":{"@type":"ImageObject","inLanguage":"es","@id":"https:\/\/www.crec.cat\/#\/schema\/logo\/image\/","url":"https:\/\/www.crec.cat\/wp-content\/uploads\/2021\/04\/Favicon-CREC.png","contentUrl":"https:\/\/www.crec.cat\/wp-content\/uploads\/2021\/04\/Favicon-CREC.png","width":2134,"height":2134,"caption":"CREC"},"image":{"@id":"https:\/\/www.crec.cat\/#\/schema\/logo\/image\/"},"sameAs":["https:\/\/x.com\/clusterresidus","https:\/\/www.linkedin.com\/company\/cluster-de-residus-de-catalunya\/"]}]}},"_links":{"self":[{"href":"https:\/\/www.crec.cat\/es\/wp-json\/wp\/v2\/tribe_events\/5261","targetHints":{"allow":["GET"]}}],"collection":[{"href":"https:\/\/www.crec.cat\/es\/wp-json\/wp\/v2\/tribe_events"}],"about":[{"href":"https:\/\/www.crec.cat\/es\/wp-json\/wp\/v2\/types\/tribe_events"}],"author":[{"embeddable":true,"href":"https:\/\/www.crec.cat\/es\/wp-json\/wp\/v2\/users\/2"}],"version-history":[{"count":0,"href":"https:\/\/www.crec.cat\/es\/wp-json\/wp\/v2\/tribe_events\/5261\/revisions"}],"wp:featuredmedia":[{"embeddable":true,"href":"https:\/\/www.crec.cat\/es\/wp-json\/wp\/v2\/media\/4602"}],"wp:attachment":[{"href":"https:\/\/www.crec.cat\/es\/wp-json\/wp\/v2\/media?parent=5261"}],"wp:term":[{"taxonomy":"post_tag","embeddable":true,"href":"https:\/\/www.crec.cat\/es\/wp-json\/wp\/v2\/tags?post=5261"},{"taxonomy":"tribe_events_cat","embeddable":true,"href":"https:\/\/www.crec.cat\/es\/wp-json\/wp\/v2\/tribe_events_cat?post=5261"}],"curies":[{"name":"wp","href":"https:\/\/api.w.org\/{rel}","templated":true}]}}

<p>El <strong>próximo 6 de mayo</strong> impulsamos una nueva sesión del <strong>Grupo de Trabajo de Trazabilidad.</strong></p>
<p>A continuación, te dejamos la <strong>agenda detallada</strong> de la jornada.</p>
<p><strong>AGENDA</strong></p>
<p><strong>10:00 &#8211; 10:15 | Bienvenida e introducciones</strong></p>
<p>Presentación general y objetivos de la sesión.<br />
Breve repaso del proceso de entrevistas individuales realizadas con sus miembros.</p>
<p><strong>10:15 – 10:45 | Insights clave de los miembros</strong></p>
<p>Presentación de las necesidades e ideas recogidas en los encuentros individuales.<br />
Temáticas recurrentes y retos compartidos.</p>
<p><strong>10:45 – 11:15 | Propuesta de estrategia 2025</strong></p>
<p>Presentación de ejes estratégicos y líneas de trabajo prioritarias.<br />
Marco inicial para la colaboración.</p>
<p><strong>11:15 – 11:45 | Discusión colectiva y aportaciones</strong></p>
<p>Contraste de ideas.<br />
Ajustes y ampliaciones de la propuesta estratégica.</p>
<p><strong>11:45 – 12:15 | Próximas convocatorias y oportunidades concretas</strong></p>
<p>Repaso de convocatorias públicas relevantes.<br />
Propuestas de proyectos y formatos de colaboración.</p>
<p><strong>12:15 – 12:30 | Coffee &amp; Talk informal</strong></p>
<p>Espacio de conversación distendida para reforzar vínculos e ideas de futuro.</p>
<p>Se trata de una sesión presencial que tendrá lugar en las <strong>oficinas del CREC</strong>, ubicadas en el <strong>Barcelona Circular (BAC)</strong>, en la C. Ciudad de Asunción, 16 (08030-Barcelona).</p>

<p>El próximo 6 de mayo tendrá lugar una nueva sesión del grupo de trabajo de trazabilidad. Aquí puedes ver la agenda detallada de la jornada.</p>

<!-- This site is optimized with the Yoast SEO plugin v27.2 - https://yoast.com/product/yoast-seo-wordpress/ -->
<title>Grupo de Trabajo de Trazabilidad | CREC</title>
<meta name="robots" content="index, follow, max-snippet:-1, max-image-preview:large, max-video-preview:-1" />
<link rel="canonical" href="https://www.crec.cat/esdeveniment/grupo-de-trabajo-de-trazabilidad/" />
<meta property="og:locale" content="es_ES" />
<meta property="og:type" content="article" />
<meta property="og:title" content="Grupo de Trabajo de Trazabilidad | CREC" />
<meta property="og:description" content="El próximo 6 de mayo tendrá lugar una nueva sesión del grupo de trabajo de trazabilidad. Aquí puedes ver la agenda detallada de la jornada." />
<meta property="og:url" content="https://www.crec.cat/esdeveniment/grupo-de-trabajo-de-trazabilidad/" />
<meta property="og:site_name" content="CREC" />
<meta property="og:image" content="https://www.crec.cat/wp-content/uploads/2024/11/CREC.jpg" />
	<meta property="og:image:width" content="1280" />
	<meta property="og:image:height" content="720" />
	<meta property="og:image:type" content="image/jpeg" />
<meta name="twitter:card" content="summary_large_image" />
<meta name="twitter:site" content="@clusterresidus" />
<meta name="twitter:label1" content="Tiempo de lectura" />
	<meta name="twitter:data1" content="1 minuto" />
<script type="application/ld+json" class="yoast-schema-graph">{"@context":"https://schema.org","@graph":[{"@type":"WebPage","@id":"https://www.crec.cat/esdeveniment/grupo-de-trabajo-de-trazabilidad/","url":"https://www.crec.cat/esdeveniment/grupo-de-trabajo-de-trazabilidad/","name":"Grupo de Trabajo de Trazabilidad | CREC","isPartOf":{"@id":"https://www.crec.cat/#website"},"primaryImageOfPage":{"@id":"https://www.crec.cat/esdeveniment/grupo-de-trabajo-de-trazabilidad/#primaryimage"},"image":{"@id":"https://www.crec.cat/esdeveniment/grupo-de-trabajo-de-trazabilidad/#primaryimage"},"thumbnailUrl":"https://www.crec.cat/wp-content/uploads/2025/04/GT-TRACABILITAT-3.png","datePublished":"2025-04-23T11:06:49+00:00","breadcrumb":{"@id":"https://www.crec.cat/esdeveniment/grupo-de-trabajo-de-trazabilidad/#breadcrumb"},"inLanguage":"es","potentialAction":[{"@type":"ReadAction","target":["https://www.crec.cat/esdeveniment/grupo-de-trabajo-de-trazabilidad/"]}]},{"@type":"ImageObject","inLanguage":"es","@id":"https://www.crec.cat/esdeveniment/grupo-de-trabajo-de-trazabilidad/#primaryimage","url":"https://www.crec.cat/wp-content/uploads/2025/04/GT-TRACABILITAT-3.png","contentUrl":"https://www.crec.cat/wp-content/uploads/2025/04/GT-TRACABILITAT-3.png","width":736,"height":416},{"@type":"BreadcrumbList","@id":"https://www.crec.cat/esdeveniment/grupo-de-trabajo-de-trazabilidad/#breadcrumb","itemListElement":[{"@type":"ListItem","position":1,"name":"Inici","item":"https://www.crec.cat/es/"},{"@type":"ListItem","position":2,"name":"Events","item":"https://www.crec.cat/en/esdeveniments/"},{"@type":"ListItem","position":3,"name":"Grupo de Trabajo de Trazabilidad"}]},{"@type":"WebSite","@id":"https://www.crec.cat/#website","url":"https://www.crec.cat/","name":"CREC","description":"Impulsem la competitivitat del sector de residus i l&#039;economia circular de Catalunya","publisher":{"@id":"https://www.crec.cat/#organization"},"alternateName":"Clúster de Residus de Catalunya","potentialAction":[{"@type":"SearchAction","target":{"@type":"EntryPoint","urlTemplate":"https://www.crec.cat/?s={search_term_string}"},"query-input":{"@type":"PropertyValueSpecification","valueRequired":true,"valueName":"search_term_string"}}],"inLanguage":"es"},{"@type":"Organization","@id":"https://www.crec.cat/#organization","name":"CREC","alternateName":"CREC","url":"https://www.crec.cat/","logo":{"@type":"ImageObject","inLanguage":"es","@id":"https://www.crec.cat/#/schema/logo/image/","url":"https://www.crec.cat/wp-content/uploads/2021/04/Favicon-CREC.png","contentUrl":"https://www.crec.cat/wp-content/uploads/2021/04/Favicon-CREC.png","width":2134,"height":2134,"caption":"CREC"},"image":{"@id":"https://www.crec.cat/#/schema/logo/image/"},"sameAs":["https://x.com/clusterresidus","https://www.linkedin.com/company/cluster-de-residus-de-catalunya/"]}]}</script>
<!-- / Yoast SEO plugin. -->

El próximo 6 de mayo tendrá lugar una nueva sesión del grupo de trabajo de trazabilidad. Aquí puedes ver la agenda detallada de la jornada.

Clúster de Residus de Catalunya
