{"id":3447,"date":"2024-10-10T10:24:00","date_gmt":"2024-10-10T08:24:00","guid":{"rendered":"https:\/\/www.crec.cat\/esdeveniment\/2nd-anniversary-of-the-waste-cluster\/"},"modified":"2025-04-16T10:59:33","modified_gmt":"2025-04-16T08:59:33","slug":"2nd-anniversary-of-the-waste-cluster","status":"publish","type":"tribe_events","link":"https:\/\/www.crec.cat\/en\/esdeveniment\/2nd-anniversary-of-the-waste-cluster\/","title":{"rendered":"2nd Anniversary of the CREC &#8211; Catalan Waste Cluster"},"content":{"rendered":"<p><strong>\ud83c\udf89 Estem d\u2019aniversari, arriba el segon any de vida del CREC i volem celebrar-ho amb tots\/es vosaltres!<\/strong><\/p>\n<p><span style=\"font-weight: 400;\">Ens complau convidar-vos a la celebraci\u00f3 del <\/span><b>segon aniversari del Cl\u00faster de Residus de Catalunya el proper 28 de gener al The Social Hub Barcelona Poblenou<\/b><span style=\"font-weight: 400;\">. Aquest cam\u00ed no hauria estat possible sense la vostra implicaci\u00f3, dedicaci\u00f3 i esfor\u00e7 i \u00e9s per aix\u00f2 que organitzem aquesta trobada especial per compartir amb tots els socis.<\/span><\/p>\n<p><span style=\"font-weight: 400;\">Ser\u00e0 un esdeveniment l\u00fadic de <strong>16h a 19h<\/strong> ideal per celebrar els \u00e8xits aconseguits, reflexionar sobre els reptes del futur i fer molt de networking.<\/span><\/p>\n<p><span style=\"font-weight: 400;\">Tant si ja sou membres del Cl\u00faster com si esteu interessats en formar-ne part, ser\u00e0 una oportunitat ideal per con\u00e8ixer millor el treball que duem a terme i descobrir com, junts, podem seguir impulsant el sector cap a un futur m\u00e9s circular.<\/span><\/p>\n<p><strong>Reserva la data i no et perdis aquesta ocasi\u00f3 per celebrar plegats, t\u2019hi esperem!<\/strong><\/p>\n<p>*Acte exclusiu per a socis del CREC.<\/p>\n","protected":false},"excerpt":{"rendered":"<p>We are celebrating the 2nd Anniversary of the Waste Cluster!<\/p>\n","protected":false},"author":1,"featured_media":3380,"template":"","meta":{"_acf_changed":false,"neve_meta_sidebar":"","neve_meta_container":"","neve_meta_enable_content_width":"","neve_meta_content_width":0,"neve_meta_title_alignment":"","neve_meta_author_avatar":"","neve_post_elements_order":"","neve_meta_disable_header":"","neve_meta_disable_footer":"","neve_meta_disable_title":"","_tribe_events_status":"","_tribe_events_status_reason":"","footnotes":""},"tags":[],"tribe_events_cat":[42,28],"class_list":["post-3447","tribe_events","type-tribe_events","status-publish","has-post-thumbnail","hentry","tribe_events_cat-completed","tribe_events_cat-finalitzat","cat_completed","cat_finalitzat"],"acf":[],"yoast_head":"<!-- This site is optimized with the Yoast SEO plugin v27.2 - https:\/\/yoast.com\/product\/yoast-seo-wordpress\/ -->\n<title>2nd Anniversary of the CREC - Catalan Waste Cluster | CREC<\/title>\n<meta name=\"robots\" content=\"index, follow, max-snippet:-1, max-image-preview:large, max-video-preview:-1\" \/>\n<link rel=\"canonical\" href=\"https:\/\/www.crec.cat\/en\/esdeveniment\/2nd-anniversary-of-the-waste-cluster\/\" \/>\n<meta property=\"og:locale\" content=\"en_US\" \/>\n<meta property=\"og:type\" content=\"article\" \/>\n<meta property=\"og:title\" content=\"2nd Anniversary of the CREC - Catalan Waste Cluster | CREC\" \/>\n<meta property=\"og:description\" content=\"We are celebrating the 2nd Anniversary of the Waste Cluster!\" \/>\n<meta property=\"og:url\" content=\"https:\/\/www.crec.cat\/en\/esdeveniment\/2nd-anniversary-of-the-waste-cluster\/\" \/>\n<meta property=\"og:site_name\" content=\"CREC\" \/>\n<meta property=\"article:modified_time\" content=\"2025-04-16T08:59:33+00:00\" \/>\n<meta property=\"og:image\" content=\"https:\/\/www.crec.cat\/wp-content\/uploads\/2024\/10\/2n-aniversari.crec_.jpg\" \/>\n\t<meta property=\"og:image:width\" content=\"1500\" \/>\n\t<meta property=\"og:image:height\" content=\"1064\" \/>\n\t<meta property=\"og:image:type\" content=\"image\/jpeg\" \/>\n<meta name=\"twitter:card\" content=\"summary_large_image\" \/>\n<meta name=\"twitter:site\" content=\"@clusterresidus\" \/>\n<meta name=\"twitter:label1\" content=\"Est. reading time\" \/>\n\t<meta name=\"twitter:data1\" content=\"1 minute\" \/>\n<script type=\"application\/ld+json\" class=\"yoast-schema-graph\">{\"@context\":\"https:\/\/schema.org\",\"@graph\":[{\"@type\":\"WebPage\",\"@id\":\"https:\/\/www.crec.cat\/en\/esdeveniment\/2nd-anniversary-of-the-waste-cluster\/\",\"url\":\"https:\/\/www.crec.cat\/en\/esdeveniment\/2nd-anniversary-of-the-waste-cluster\/\",\"name\":\"2nd Anniversary of the CREC - Catalan Waste Cluster | CREC\",\"isPartOf\":{\"@id\":\"https:\/\/www.crec.cat\/#website\"},\"primaryImageOfPage\":{\"@id\":\"https:\/\/www.crec.cat\/en\/esdeveniment\/2nd-anniversary-of-the-waste-cluster\/#primaryimage\"},\"image\":{\"@id\":\"https:\/\/www.crec.cat\/en\/esdeveniment\/2nd-anniversary-of-the-waste-cluster\/#primaryimage\"},\"thumbnailUrl\":\"https:\/\/www.crec.cat\/wp-content\/uploads\/2024\/10\/2n-aniversari.crec_.jpg\",\"datePublished\":\"2024-10-10T08:24:00+00:00\",\"dateModified\":\"2025-04-16T08:59:33+00:00\",\"breadcrumb\":{\"@id\":\"https:\/\/www.crec.cat\/en\/esdeveniment\/2nd-anniversary-of-the-waste-cluster\/#breadcrumb\"},\"inLanguage\":\"en-US\",\"potentialAction\":[{\"@type\":\"ReadAction\",\"target\":[\"https:\/\/www.crec.cat\/en\/esdeveniment\/2nd-anniversary-of-the-waste-cluster\/\"]}]},{\"@type\":\"ImageObject\",\"inLanguage\":\"en-US\",\"@id\":\"https:\/\/www.crec.cat\/en\/esdeveniment\/2nd-anniversary-of-the-waste-cluster\/#primaryimage\",\"url\":\"https:\/\/www.crec.cat\/wp-content\/uploads\/2024\/10\/2n-aniversari.crec_.jpg\",\"contentUrl\":\"https:\/\/www.crec.cat\/wp-content\/uploads\/2024\/10\/2n-aniversari.crec_.jpg\",\"width\":1500,\"height\":1064},{\"@type\":\"BreadcrumbList\",\"@id\":\"https:\/\/www.crec.cat\/en\/esdeveniment\/2nd-anniversary-of-the-waste-cluster\/#breadcrumb\",\"itemListElement\":[{\"@type\":\"ListItem\",\"position\":1,\"name\":\"Inici\",\"item\":\"https:\/\/www.crec.cat\/\"},{\"@type\":\"ListItem\",\"position\":2,\"name\":\"Events\",\"item\":\"https:\/\/www.crec.cat\/en\/esdeveniments\/\"},{\"@type\":\"ListItem\",\"position\":3,\"name\":\"2nd Anniversary of the CREC &#8211; Catalan Waste Cluster\"}]},{\"@type\":\"WebSite\",\"@id\":\"https:\/\/www.crec.cat\/#website\",\"url\":\"https:\/\/www.crec.cat\/\",\"name\":\"CREC\",\"description\":\"Impulsem la competitivitat del sector de residus i l&#039;economia circular de Catalunya\",\"publisher\":{\"@id\":\"https:\/\/www.crec.cat\/#organization\"},\"alternateName\":\"Cl\u00faster de Residus de Catalunya\",\"potentialAction\":[{\"@type\":\"SearchAction\",\"target\":{\"@type\":\"EntryPoint\",\"urlTemplate\":\"https:\/\/www.crec.cat\/?s={search_term_string}\"},\"query-input\":{\"@type\":\"PropertyValueSpecification\",\"valueRequired\":true,\"valueName\":\"search_term_string\"}}],\"inLanguage\":\"en-US\"},{\"@type\":\"Organization\",\"@id\":\"https:\/\/www.crec.cat\/#organization\",\"name\":\"CREC\",\"alternateName\":\"CREC\",\"url\":\"https:\/\/www.crec.cat\/\",\"logo\":{\"@type\":\"ImageObject\",\"inLanguage\":\"en-US\",\"@id\":\"https:\/\/www.crec.cat\/#\/schema\/logo\/image\/\",\"url\":\"https:\/\/www.crec.cat\/wp-content\/uploads\/2021\/04\/Favicon-CREC.png\",\"contentUrl\":\"https:\/\/www.crec.cat\/wp-content\/uploads\/2021\/04\/Favicon-CREC.png\",\"width\":2134,\"height\":2134,\"caption\":\"CREC\"},\"image\":{\"@id\":\"https:\/\/www.crec.cat\/#\/schema\/logo\/image\/\"},\"sameAs\":[\"https:\/\/x.com\/clusterresidus\",\"https:\/\/www.linkedin.com\/company\/cluster-de-residus-de-catalunya\/\"]}]}<\/script>\n<!-- \/ Yoast SEO plugin. -->","yoast_head_json":{"title":"2nd Anniversary of the CREC - Catalan Waste Cluster | CREC","robots":{"index":"index","follow":"follow","max-snippet":"max-snippet:-1","max-image-preview":"max-image-preview:large","max-video-preview":"max-video-preview:-1"},"canonical":"https:\/\/www.crec.cat\/en\/esdeveniment\/2nd-anniversary-of-the-waste-cluster\/","og_locale":"en_US","og_type":"article","og_title":"2nd Anniversary of the CREC - Catalan Waste Cluster | CREC","og_description":"We are celebrating the 2nd Anniversary of the Waste Cluster!","og_url":"https:\/\/www.crec.cat\/en\/esdeveniment\/2nd-anniversary-of-the-waste-cluster\/","og_site_name":"CREC","article_modified_time":"2025-04-16T08:59:33+00:00","og_image":[{"width":1500,"height":1064,"url":"https:\/\/www.crec.cat\/wp-content\/uploads\/2024\/10\/2n-aniversari.crec_.jpg","type":"image\/jpeg"}],"twitter_card":"summary_large_image","twitter_site":"@clusterresidus","twitter_misc":{"Est. reading time":"1 minute"},"schema":{"@context":"https:\/\/schema.org","@graph":[{"@type":"WebPage","@id":"https:\/\/www.crec.cat\/en\/esdeveniment\/2nd-anniversary-of-the-waste-cluster\/","url":"https:\/\/www.crec.cat\/en\/esdeveniment\/2nd-anniversary-of-the-waste-cluster\/","name":"2nd Anniversary of the CREC - Catalan Waste Cluster | CREC","isPartOf":{"@id":"https:\/\/www.crec.cat\/#website"},"primaryImageOfPage":{"@id":"https:\/\/www.crec.cat\/en\/esdeveniment\/2nd-anniversary-of-the-waste-cluster\/#primaryimage"},"image":{"@id":"https:\/\/www.crec.cat\/en\/esdeveniment\/2nd-anniversary-of-the-waste-cluster\/#primaryimage"},"thumbnailUrl":"https:\/\/www.crec.cat\/wp-content\/uploads\/2024\/10\/2n-aniversari.crec_.jpg","datePublished":"2024-10-10T08:24:00+00:00","dateModified":"2025-04-16T08:59:33+00:00","breadcrumb":{"@id":"https:\/\/www.crec.cat\/en\/esdeveniment\/2nd-anniversary-of-the-waste-cluster\/#breadcrumb"},"inLanguage":"en-US","potentialAction":[{"@type":"ReadAction","target":["https:\/\/www.crec.cat\/en\/esdeveniment\/2nd-anniversary-of-the-waste-cluster\/"]}]},{"@type":"ImageObject","inLanguage":"en-US","@id":"https:\/\/www.crec.cat\/en\/esdeveniment\/2nd-anniversary-of-the-waste-cluster\/#primaryimage","url":"https:\/\/www.crec.cat\/wp-content\/uploads\/2024\/10\/2n-aniversari.crec_.jpg","contentUrl":"https:\/\/www.crec.cat\/wp-content\/uploads\/2024\/10\/2n-aniversari.crec_.jpg","width":1500,"height":1064},{"@type":"BreadcrumbList","@id":"https:\/\/www.crec.cat\/en\/esdeveniment\/2nd-anniversary-of-the-waste-cluster\/#breadcrumb","itemListElement":[{"@type":"ListItem","position":1,"name":"Inici","item":"https:\/\/www.crec.cat\/"},{"@type":"ListItem","position":2,"name":"Events","item":"https:\/\/www.crec.cat\/en\/esdeveniments\/"},{"@type":"ListItem","position":3,"name":"2nd Anniversary of the CREC &#8211; Catalan Waste Cluster"}]},{"@type":"WebSite","@id":"https:\/\/www.crec.cat\/#website","url":"https:\/\/www.crec.cat\/","name":"CREC","description":"Impulsem la competitivitat del sector de residus i l&#039;economia circular de Catalunya","publisher":{"@id":"https:\/\/www.crec.cat\/#organization"},"alternateName":"Cl\u00faster de Residus de Catalunya","potentialAction":[{"@type":"SearchAction","target":{"@type":"EntryPoint","urlTemplate":"https:\/\/www.crec.cat\/?s={search_term_string}"},"query-input":{"@type":"PropertyValueSpecification","valueRequired":true,"valueName":"search_term_string"}}],"inLanguage":"en-US"},{"@type":"Organization","@id":"https:\/\/www.crec.cat\/#organization","name":"CREC","alternateName":"CREC","url":"https:\/\/www.crec.cat\/","logo":{"@type":"ImageObject","inLanguage":"en-US","@id":"https:\/\/www.crec.cat\/#\/schema\/logo\/image\/","url":"https:\/\/www.crec.cat\/wp-content\/uploads\/2021\/04\/Favicon-CREC.png","contentUrl":"https:\/\/www.crec.cat\/wp-content\/uploads\/2021\/04\/Favicon-CREC.png","width":2134,"height":2134,"caption":"CREC"},"image":{"@id":"https:\/\/www.crec.cat\/#\/schema\/logo\/image\/"},"sameAs":["https:\/\/x.com\/clusterresidus","https:\/\/www.linkedin.com\/company\/cluster-de-residus-de-catalunya\/"]}]}},"_links":{"self":[{"href":"https:\/\/www.crec.cat\/en\/wp-json\/wp\/v2\/tribe_events\/3447","targetHints":{"allow":["GET"]}}],"collection":[{"href":"https:\/\/www.crec.cat\/en\/wp-json\/wp\/v2\/tribe_events"}],"about":[{"href":"https:\/\/www.crec.cat\/en\/wp-json\/wp\/v2\/types\/tribe_events"}],"author":[{"embeddable":true,"href":"https:\/\/www.crec.cat\/en\/wp-json\/wp\/v2\/users\/1"}],"version-history":[{"count":3,"href":"https:\/\/www.crec.cat\/en\/wp-json\/wp\/v2\/tribe_events\/3447\/revisions"}],"predecessor-version":[{"id":4558,"href":"https:\/\/www.crec.cat\/en\/wp-json\/wp\/v2\/tribe_events\/3447\/revisions\/4558"}],"wp:featuredmedia":[{"embeddable":true,"href":"https:\/\/www.crec.cat\/en\/wp-json\/wp\/v2\/media\/3380"}],"wp:attachment":[{"href":"https:\/\/www.crec.cat\/en\/wp-json\/wp\/v2\/media?parent=3447"}],"wp:term":[{"taxonomy":"post_tag","embeddable":true,"href":"https:\/\/www.crec.cat\/en\/wp-json\/wp\/v2\/tags?post=3447"},{"taxonomy":"tribe_events_cat","embeddable":true,"href":"https:\/\/www.crec.cat\/en\/wp-json\/wp\/v2\/tribe_events_cat?post=3447"}],"curies":[{"name":"wp","href":"https:\/\/api.w.org\/{rel}","templated":true}]}}

<p><strong>🎉 Estem d’aniversari, arriba el segon any de vida del CREC i volem celebrar-ho amb tots/es vosaltres!</strong></p>
<p><span style="font-weight: 400;">Ens complau convidar-vos a la celebració del </span><b>segon aniversari del Clúster de Residus de Catalunya el proper 28 de gener al The Social Hub Barcelona Poblenou</b><span style="font-weight: 400;">. Aquest camí no hauria estat possible sense la vostra implicació, dedicació i esforç i és per això que organitzem aquesta trobada especial per compartir amb tots els socis.</span></p>
<p><span style="font-weight: 400;">Serà un esdeveniment lúdic de <strong>16h a 19h</strong> ideal per celebrar els èxits aconseguits, reflexionar sobre els reptes del futur i fer molt de networking.</span></p>
<p><span style="font-weight: 400;">Tant si ja sou membres del Clúster com si esteu interessats en formar-ne part, serà una oportunitat ideal per conèixer millor el treball que duem a terme i descobrir com, junts, podem seguir impulsant el sector cap a un futur més circular.</span></p>
<p><strong>Reserva la data i no et perdis aquesta ocasió per celebrar plegats, t’hi esperem!</strong></p>
<p>*Acte exclusiu per a socis del CREC.</p>

<!-- This site is optimized with the Yoast SEO plugin v27.2 - https://yoast.com/product/yoast-seo-wordpress/ -->
<title>2nd Anniversary of the CREC - Catalan Waste Cluster | CREC</title>
<meta name="robots" content="index, follow, max-snippet:-1, max-image-preview:large, max-video-preview:-1" />
<link rel="canonical" href="https://www.crec.cat/en/esdeveniment/2nd-anniversary-of-the-waste-cluster/" />
<meta property="og:locale" content="en_US" />
<meta property="og:type" content="article" />
<meta property="og:title" content="2nd Anniversary of the CREC - Catalan Waste Cluster | CREC" />
<meta property="og:description" content="We are celebrating the 2nd Anniversary of the Waste Cluster!" />
<meta property="og:url" content="https://www.crec.cat/en/esdeveniment/2nd-anniversary-of-the-waste-cluster/" />
<meta property="og:site_name" content="CREC" />
<meta property="article:modified_time" content="2025-04-16T08:59:33+00:00" />
<meta property="og:image" content="https://www.crec.cat/wp-content/uploads/2024/10/2n-aniversari.crec_.jpg" />
	<meta property="og:image:width" content="1500" />
	<meta property="og:image:height" content="1064" />
	<meta property="og:image:type" content="image/jpeg" />
<meta name="twitter:card" content="summary_large_image" />
<meta name="twitter:site" content="@clusterresidus" />
<meta name="twitter:label1" content="Est. reading time" />
	<meta name="twitter:data1" content="1 minute" />
<script type="application/ld+json" class="yoast-schema-graph">{"@context":"https://schema.org","@graph":[{"@type":"WebPage","@id":"https://www.crec.cat/en/esdeveniment/2nd-anniversary-of-the-waste-cluster/","url":"https://www.crec.cat/en/esdeveniment/2nd-anniversary-of-the-waste-cluster/","name":"2nd Anniversary of the CREC - Catalan Waste Cluster | CREC","isPartOf":{"@id":"https://www.crec.cat/#website"},"primaryImageOfPage":{"@id":"https://www.crec.cat/en/esdeveniment/2nd-anniversary-of-the-waste-cluster/#primaryimage"},"image":{"@id":"https://www.crec.cat/en/esdeveniment/2nd-anniversary-of-the-waste-cluster/#primaryimage"},"thumbnailUrl":"https://www.crec.cat/wp-content/uploads/2024/10/2n-aniversari.crec_.jpg","datePublished":"2024-10-10T08:24:00+00:00","dateModified":"2025-04-16T08:59:33+00:00","breadcrumb":{"@id":"https://www.crec.cat/en/esdeveniment/2nd-anniversary-of-the-waste-cluster/#breadcrumb"},"inLanguage":"en-US","potentialAction":[{"@type":"ReadAction","target":["https://www.crec.cat/en/esdeveniment/2nd-anniversary-of-the-waste-cluster/"]}]},{"@type":"ImageObject","inLanguage":"en-US","@id":"https://www.crec.cat/en/esdeveniment/2nd-anniversary-of-the-waste-cluster/#primaryimage","url":"https://www.crec.cat/wp-content/uploads/2024/10/2n-aniversari.crec_.jpg","contentUrl":"https://www.crec.cat/wp-content/uploads/2024/10/2n-aniversari.crec_.jpg","width":1500,"height":1064},{"@type":"BreadcrumbList","@id":"https://www.crec.cat/en/esdeveniment/2nd-anniversary-of-the-waste-cluster/#breadcrumb","itemListElement":[{"@type":"ListItem","position":1,"name":"Inici","item":"https://www.crec.cat/"},{"@type":"ListItem","position":2,"name":"Events","item":"https://www.crec.cat/en/esdeveniments/"},{"@type":"ListItem","position":3,"name":"2nd Anniversary of the CREC &#8211; Catalan Waste Cluster"}]},{"@type":"WebSite","@id":"https://www.crec.cat/#website","url":"https://www.crec.cat/","name":"CREC","description":"Impulsem la competitivitat del sector de residus i l&#039;economia circular de Catalunya","publisher":{"@id":"https://www.crec.cat/#organization"},"alternateName":"Clúster de Residus de Catalunya","potentialAction":[{"@type":"SearchAction","target":{"@type":"EntryPoint","urlTemplate":"https://www.crec.cat/?s={search_term_string}"},"query-input":{"@type":"PropertyValueSpecification","valueRequired":true,"valueName":"search_term_string"}}],"inLanguage":"en-US"},{"@type":"Organization","@id":"https://www.crec.cat/#organization","name":"CREC","alternateName":"CREC","url":"https://www.crec.cat/","logo":{"@type":"ImageObject","inLanguage":"en-US","@id":"https://www.crec.cat/#/schema/logo/image/","url":"https://www.crec.cat/wp-content/uploads/2021/04/Favicon-CREC.png","contentUrl":"https://www.crec.cat/wp-content/uploads/2021/04/Favicon-CREC.png","width":2134,"height":2134,"caption":"CREC"},"image":{"@id":"https://www.crec.cat/#/schema/logo/image/"},"sameAs":["https://x.com/clusterresidus","https://www.linkedin.com/company/cluster-de-residus-de-catalunya/"]}]}</script>
<!-- / Yoast SEO plugin. -->

Clúster de Residus de Catalunya
